{"id":764986,"date":"2025-08-28T11:27:55","date_gmt":"2025-08-28T08:27:55","guid":{"rendered":"https:\/\/roveyayinevi.com.tr\/index.php\/urun\/goosebumps-4-bodrumdan-uzak-dur\/"},"modified":"2026-04-15T03:30:51","modified_gmt":"2026-04-15T00:30:51","slug":"goosebumps-4-bodrumdan-uzak-dur","status":"publish","type":"product","link":"https:\/\/roveyayinevi.com.tr\/index.php\/urun\/goosebumps-4-bodrumdan-uzak-dur\/","title":{"rendered":"Goosebumps 4 &#8211; Bodrumdan Uzak Dur"},"content":{"rendered":"<p>CANLI B\u0130TK\u0130LER&#8230; \u00d6L\u00dc \u0130NSANLAR MI? Dr. Brewer bodrumunda bitkilerle deneyler yap\u0131yor. Endi\u015felenecek bir \u015fey yok. Ger\u00e7ekten zarars\u0131z. Ama Margaret ve Casey Brewer, babalar\u0131 i\u00e7in endi\u015feleniyorlar. \u00d6zellikle de orada yeti\u015fen bitkilerden baz\u0131lar\u0131yla kar\u015f\u0131la\u015ft\u0131ktan sonra. \u00dcstelik babalar\u0131n\u0131n bitki benzeri e\u011filimler geli\u015ftirdi\u011fini fark ediyorlar. Babalar\u0131 resmen ota tohuma b\u00fcr\u00fcn\u00fcyor! Bu sadece babalar\u0131n\u0131n \u201czarars\u0131z\u201d deneyinin bir par\u00e7as\u0131 m\u0131? Yoksa bodrumlar\u0131 deh\u015fet \u00f6tesi bir yere mi d\u00f6n\u00fc\u015ft\u00fc?  \u201cSahanl\u0131\u011fa ad\u0131m atar atmaz s\u0131cak ve buharl\u0131 havan\u0131n i\u00e7inde kald\u0131lar. Elektronik makinelerin v\u0131z\u0131lt\u0131s\u0131n\u0131 ve u\u011fultusunu duyabiliyorlard\u0131. Ve sa\u011f tarafta, Dr. Brewer\u2019\u0131n \u00e7al\u0131\u015fma odas\u0131ndan gelen parlak beyaz \u0131\u015f\u0131klar\u0131 g\u00f6rebiliyorlard\u0131. \u00dc\u00e7\u00fc mu\u015famba kapl\u0131 merdivenden inerken Margaret, e\u011flenceli say\u0131l\u0131r asl\u0131nda, diye d\u00fc\u015f\u00fcnd\u00fc. Bu bir macera. Bir g\u00f6z atmaktan zarar gelmez. Peki kalbi neden deli gibi \u00e7arp\u0131yordu? Neden aniden korkuya kap\u0131lm\u0131\u015ft\u0131?\u201d <\/p>\n","protected":false},"excerpt":{"rendered":"<p>CANLI B\u0130TK\u0130LER&#8230; \u00d6L\u00dc \u0130NSANLAR MI? Dr. Brewer bodrumunda bitkilerle deneyler yap\u0131yor. Endi\u015felenecek bir \u015fey yok. Ger\u00e7ekten zarars\u0131z. Ama Margaret ve Casey Brewer, babalar\u0131 i\u00e7in endi\u015feleniyorlar. \u00d6zellikle<span class=\"excerpt-hellip\"> [\u2026]<\/span><\/p>\n","protected":false},"featured_media":0,"template":"","meta":{"_monsterinsights_skip_tracking":false,"_monsterinsights_sitenote_active":false,"_monsterinsights_sitenote_note":"","_monsterinsights_sitenote_category":0},"product_brand":[],"product_cat":[12291,12711],"product_tag":[],"class_list":{"0":"post-764986","1":"product","2":"type-product","3":"status-publish","5":"product_cat-edebiyat","6":"product_cat-roman-oyku","7":"pa_cilt-ciltsiz","8":"pa_tur-kitap","9":"pa_yayinevi-x-libris","10":"pa_yazar-r-l-stine","12":"first","13":"instock","14":"sale","15":"shipping-taxable","16":"purchasable","17":"product-type-simple"},"_links":{"self":[{"href":"https:\/\/roveyayinevi.com.tr\/index.php\/wp-json\/wp\/v2\/product\/764986","targetHints":{"allow":["GET"]}}],"collection":[{"href":"https:\/\/roveyayinevi.com.tr\/index.php\/wp-json\/wp\/v2\/product"}],"about":[{"href":"https:\/\/roveyayinevi.com.tr\/index.php\/wp-json\/wp\/v2\/types\/product"}],"wp:attachment":[{"href":"https:\/\/roveyayinevi.com.tr\/index.php\/wp-json\/wp\/v2\/media?parent=764986"}],"wp:term":[{"taxonomy":"product_brand","embeddable":true,"href":"https:\/\/roveyayinevi.com.tr\/index.php\/wp-json\/wp\/v2\/product_brand?post=764986"},{"taxonomy":"product_cat","embeddable":true,"href":"https:\/\/roveyayinevi.com.tr\/index.php\/wp-json\/wp\/v2\/product_cat?post=764986"},{"taxonomy":"product_tag","embeddable":true,"href":"https:\/\/roveyayinevi.com.tr\/index.php\/wp-json\/wp\/v2\/product_tag?post=764986"}],"curies":[{"name":"wp","href":"https:\/\/api.w.org\/{rel}","templated":true}]}}