{"id":764985,"date":"2025-08-28T11:27:54","date_gmt":"2025-08-28T08:27:54","guid":{"rendered":"https:\/\/roveyayinevi.com.tr\/index.php\/urun\/sanat-ajandasi\/"},"modified":"2026-04-15T03:30:51","modified_gmt":"2026-04-15T00:30:51","slug":"sanat-ajandasi","status":"publish","type":"product","link":"https:\/\/roveyayinevi.com.tr\/index.php\/urun\/sanat-ajandasi\/","title":{"rendered":"Sanat Ajandas\u0131"},"content":{"rendered":"<p>Me\u015fhur sosyal medya i\u00e7erik \u00fcreticisi Sena P\u0131nar Civan\u2019\u0131n haz\u0131rlad\u0131\u011f\u0131 Sanat Ajandas\u0131\u2019nda 52 hafta boyunca Leonaro da Vinci, Michelangelo, Gentile Bellini, Raffaello, Vincent van Gogh, Levn\u00ee, Matrak\u00e7\u0131 Nasuh, \u015eeker Ahmed Pa\u015fa ve Osman Hamdi Bey gibi T\u00fcrk ve d\u00fcnya tarihinin en \u00f6nemli sanat\u00e7\u0131lar\u0131n\u0131n biyografileri ve ba\u015fyap\u0131tlar\u0131 sizlere e\u015flik edecek. Sanat Ajandas\u0131, y\u0131l\u0131n hangi zaman\u0131 olursa olsun program\u0131n\u0131za uyacak \u015fekilde s\u00fcresiz olarak tasarland\u0131. Y\u0131llarca saklayabilece\u011finiz bu ajandada; izledi\u011finiz filmleri, okudu\u011funuz kitaplar\u0131, gezdi\u011finiz yerleri ve hedeflerinizi yazabilece\u011finiz alanlar bulunuyor. Ayr\u0131ca ajandada sanata merakl\u0131 herkesin severek izleyece\u011fi film, dizi ve belgesel \u00f6nerileri listesi de yer al\u0131yor.Sanat Ajandas\u0131, bir ajandadan \u00e7ok daha fazlas\u0131; ya\u015fam\u0131n\u0131z\u0131 sanatla g\u00fczelle\u015ftirmeniz ve her g\u00fcn\u00fcn\u00fcze ilham katman\u0131z i\u00e7in bir yol arkada\u015f\u0131&#8230;<\/p>\n","protected":false},"excerpt":{"rendered":"<p>Me\u015fhur sosyal medya i\u00e7erik \u00fcreticisi Sena P\u0131nar Civan\u2019\u0131n haz\u0131rlad\u0131\u011f\u0131 Sanat Ajandas\u0131\u2019nda 52 hafta boyunca Leonaro da Vinci, Michelangelo, Gentile Bellini, Raffaello, Vincent van Gogh, Levn\u00ee, Matrak\u00e7\u0131<span class=\"excerpt-hellip\"> [\u2026]<\/span><\/p>\n","protected":false},"featured_media":0,"template":"","meta":{"_monsterinsights_skip_tracking":false,"_monsterinsights_sitenote_active":false,"_monsterinsights_sitenote_note":"","_monsterinsights_sitenote_category":0},"product_brand":[],"product_cat":[44608,12408],"product_tag":[],"class_list":{"0":"post-764985","1":"product","2":"type-product","3":"status-publish","5":"product_cat-diger-sanat","6":"product_cat-sanat","7":"pa_cilt-ciltsiz","8":"pa_tur-kitap","9":"pa_yayinevi-timas-yayinlari","10":"pa_yazar-sena-pinar-civan","12":"first","13":"instock","14":"sale","15":"shipping-taxable","16":"purchasable","17":"product-type-simple"},"_links":{"self":[{"href":"https:\/\/roveyayinevi.com.tr\/index.php\/wp-json\/wp\/v2\/product\/764985","targetHints":{"allow":["GET"]}}],"collection":[{"href":"https:\/\/roveyayinevi.com.tr\/index.php\/wp-json\/wp\/v2\/product"}],"about":[{"href":"https:\/\/roveyayinevi.com.tr\/index.php\/wp-json\/wp\/v2\/types\/product"}],"wp:attachment":[{"href":"https:\/\/roveyayinevi.com.tr\/index.php\/wp-json\/wp\/v2\/media?parent=764985"}],"wp:term":[{"taxonomy":"product_brand","embeddable":true,"href":"https:\/\/roveyayinevi.com.tr\/index.php\/wp-json\/wp\/v2\/product_brand?post=764985"},{"taxonomy":"product_cat","embeddable":true,"href":"https:\/\/roveyayinevi.com.tr\/index.php\/wp-json\/wp\/v2\/product_cat?post=764985"},{"taxonomy":"product_tag","embeddable":true,"href":"https:\/\/roveyayinevi.com.tr\/index.php\/wp-json\/wp\/v2\/product_tag?post=764985"}],"curies":[{"name":"wp","href":"https:\/\/api.w.org\/{rel}","templated":true}]}}