{"id":764982,"date":"2025-08-28T11:27:49","date_gmt":"2025-08-28T08:27:49","guid":{"rendered":"https:\/\/roveyayinevi.com.tr\/index.php\/urun\/kitabelerin-renkli-dunyasi\/"},"modified":"2026-04-15T03:30:51","modified_gmt":"2026-04-15T00:30:51","slug":"kitabelerin-renkli-dunyasi","status":"publish","type":"product","link":"https:\/\/roveyayinevi.com.tr\/index.php\/urun\/kitabelerin-renkli-dunyasi\/","title":{"rendered":"Kitabelerin Renkli D\u00fcnyas\u0131"},"content":{"rendered":"<p>\u201c\u015eu duvarlar\u0131n dili olsa da konu\u015fsa&#8230;\u201d S\u0131k s\u0131k duydu\u011fumuz bir serzeni\u015ftir bu. Duvarlar\u0131n aksine ger\u00e7ekten konu\u015fan ta\u015flar var: Kitabeler! Tek yapman\u0131z gereken onlar\u0131n dilini \u00f6\u011frenmek. Bu da biraz dikkat ve \u00e7aba gerektiriyor. Profesyonel turist rehberi \u00d6mer Kaptan kitabeleri anlamak i\u00e7in \u00e7\u0131kt\u0131\u011f\u0131n\u0131z bu yolda ihtiya\u00e7 duyaca\u011f\u0131n\u0131z b\u00fct\u00fcn bilgileri size alt\u0131n bir tepside kitap formunda sunuyor.\u00b7       Kitabelerde en \u00e7ok hangi kal\u0131plar kullan\u0131l\u0131rd\u0131?\u00b7       Hangi mitolojik \u00f6yk\u00fclere, efsanelere g\u00f6nderme yap\u0131l\u0131rd\u0131?\u00b7       Peygamberlerin ada\u015f\u0131 olan Osmanl\u0131 pa\u015falar\u0131 kitabelerde bununla nas\u0131l \u00f6v\u00fcn\u00fcrlerdi?\u00b7       Kur\u2019an-\u0131 Kerim\u2019deki hangi ayetler kitabelerde s\u0131kl\u0131kla yer al\u0131rd\u0131?\u00b7       End\u00fcl\u00fcs&#8217;ten Semerkand&#8217;a d\u00fcnyan\u0131n farkl\u0131 yerlerinde yer alan kitabeler nas\u0131l benzerlikler ta\u015f\u0131yor?\u00b7       Kud\u00fcs&#8217;te denk geldi\u011fimiz T\u00fcrk\u00e7e kitabelerde neler yaz\u0131yor?Bu ve benzeri pek \u00e7ok sorunun cevab\u0131 Kitabelerin Renkli D\u00fcnyas\u0131\u2019nda sizi bekliyor! E\u011fer kitabelere kulak verirseniz size anlatacak pek \u00e7ok hik\u00e2yeleri oldu\u011funu g\u00f6receksiniz.<\/p>\n","protected":false},"excerpt":{"rendered":"<p>\u201c\u015eu duvarlar\u0131n dili olsa da konu\u015fsa&#8230;\u201d S\u0131k s\u0131k duydu\u011fumuz bir serzeni\u015ftir bu. Duvarlar\u0131n aksine ger\u00e7ekten konu\u015fan ta\u015flar var: Kitabeler! Tek yapman\u0131z gereken onlar\u0131n dilini \u00f6\u011frenmek. Bu<span class=\"excerpt-hellip\"> [\u2026]<\/span><\/p>\n","protected":false},"featured_media":0,"template":"","meta":{"_monsterinsights_skip_tracking":false,"_monsterinsights_sitenote_active":false,"_monsterinsights_sitenote_note":"","_monsterinsights_sitenote_category":0},"product_brand":[],"product_cat":[12312,12304],"product_tag":[],"class_list":{"0":"post-764982","1":"product","2":"type-product","3":"status-publish","5":"product_cat-diger","6":"product_cat-tarih","7":"pa_cilt-ciltsiz","8":"pa_tur-kitap","9":"pa_yayinevi-timas-yayinlari","10":"pa_yazar-omer-kaptan","12":"first","13":"instock","14":"sale","15":"shipping-taxable","16":"purchasable","17":"product-type-simple"},"_links":{"self":[{"href":"https:\/\/roveyayinevi.com.tr\/index.php\/wp-json\/wp\/v2\/product\/764982","targetHints":{"allow":["GET"]}}],"collection":[{"href":"https:\/\/roveyayinevi.com.tr\/index.php\/wp-json\/wp\/v2\/product"}],"about":[{"href":"https:\/\/roveyayinevi.com.tr\/index.php\/wp-json\/wp\/v2\/types\/product"}],"wp:attachment":[{"href":"https:\/\/roveyayinevi.com.tr\/index.php\/wp-json\/wp\/v2\/media?parent=764982"}],"wp:term":[{"taxonomy":"product_brand","embeddable":true,"href":"https:\/\/roveyayinevi.com.tr\/index.php\/wp-json\/wp\/v2\/product_brand?post=764982"},{"taxonomy":"product_cat","embeddable":true,"href":"https:\/\/roveyayinevi.com.tr\/index.php\/wp-json\/wp\/v2\/product_cat?post=764982"},{"taxonomy":"product_tag","embeddable":true,"href":"https:\/\/roveyayinevi.com.tr\/index.php\/wp-json\/wp\/v2\/product_tag?post=764982"}],"curies":[{"name":"wp","href":"https:\/\/api.w.org\/{rel}","templated":true}]}}