{"id":764980,"date":"2025-08-28T11:27:46","date_gmt":"2025-08-28T08:27:46","guid":{"rendered":"https:\/\/roveyayinevi.com.tr\/index.php\/urun\/kutuphanemdeki-isyan\/"},"modified":"2026-04-15T03:30:50","modified_gmt":"2026-04-15T00:30:50","slug":"kutuphanemdeki-isyan","status":"publish","type":"product","link":"https:\/\/roveyayinevi.com.tr\/index.php\/urun\/kutuphanemdeki-isyan\/","title":{"rendered":"K\u00fct\u00fcphanemdeki \u0130syan"},"content":{"rendered":"<p>Serdar Turgut, K\u00fct\u00fcphanemdeki Sesler adl\u0131 kitab\u0131yla ba\u015flad\u0131\u011f\u0131 do\u011fa\u00e7lama sanat yolculu\u011funa K\u00fct\u00fcphanemdeki \u0130syan ile devam ediyor. \u00c7a\u011fda\u015f sanat\u0131n izlerini takip ederek g\u00fcn\u00fcm\u00fczde sanat\u0131n geldi\u011fi yeri ve postmodern sanat\u0131 anlat\u0131rken; sessiz bestelerden bo\u015f tuvallere, \u00fcnl\u00fc pisuvardan hayret verici konserve kutular\u0131na, Manet\u2019den Pollock\u2019a, sanat\u0131n nabz\u0131n\u0131 tutan dergilerden New York\u2019un me\u015fhur galerilerine, sanata yap\u0131lan felsefi m\u00fcdahalelerden kulislerde konu\u015fulanlara ve avangarddan caza uzanan entelekt\u00fcel bir ser\u00fcvenin kap\u0131lar\u0131n\u0131 aral\u0131yor. Serdar Turgut, sanat tarihindeki geli\u015fmeleri anla\u015f\u0131l\u0131r ve keyifli k\u0131lan \u00fcslubuyla okuru yine bilgilendirirken \u015fa\u015f\u0131rt\u0131yor&#8230;<\/p>\n","protected":false},"excerpt":{"rendered":"<p>Serdar Turgut, K\u00fct\u00fcphanemdeki Sesler adl\u0131 kitab\u0131yla ba\u015flad\u0131\u011f\u0131 do\u011fa\u00e7lama sanat yolculu\u011funa K\u00fct\u00fcphanemdeki \u0130syan ile devam ediyor. \u00c7a\u011fda\u015f sanat\u0131n izlerini takip ederek g\u00fcn\u00fcm\u00fczde sanat\u0131n geldi\u011fi yeri ve postmodern<span class=\"excerpt-hellip\"> [\u2026]<\/span><\/p>\n","protected":false},"featured_media":0,"template":"","meta":{"_monsterinsights_skip_tracking":false,"_monsterinsights_sitenote_active":false,"_monsterinsights_sitenote_note":"","_monsterinsights_sitenote_category":0},"product_brand":[],"product_cat":[12777,12291],"product_tag":[],"class_list":{"0":"post-764980","1":"product","2":"type-product","3":"status-publish","5":"product_cat-deneme","6":"product_cat-edebiyat","7":"pa_cilt-ciltsiz","8":"pa_tur-kitap","9":"pa_yayinevi-nora-kitap","10":"pa_yazar-serdar-turgut","12":"first","13":"instock","14":"sale","15":"shipping-taxable","16":"purchasable","17":"product-type-simple"},"_links":{"self":[{"href":"https:\/\/roveyayinevi.com.tr\/index.php\/wp-json\/wp\/v2\/product\/764980","targetHints":{"allow":["GET"]}}],"collection":[{"href":"https:\/\/roveyayinevi.com.tr\/index.php\/wp-json\/wp\/v2\/product"}],"about":[{"href":"https:\/\/roveyayinevi.com.tr\/index.php\/wp-json\/wp\/v2\/types\/product"}],"wp:attachment":[{"href":"https:\/\/roveyayinevi.com.tr\/index.php\/wp-json\/wp\/v2\/media?parent=764980"}],"wp:term":[{"taxonomy":"product_brand","embeddable":true,"href":"https:\/\/roveyayinevi.com.tr\/index.php\/wp-json\/wp\/v2\/product_brand?post=764980"},{"taxonomy":"product_cat","embeddable":true,"href":"https:\/\/roveyayinevi.com.tr\/index.php\/wp-json\/wp\/v2\/product_cat?post=764980"},{"taxonomy":"product_tag","embeddable":true,"href":"https:\/\/roveyayinevi.com.tr\/index.php\/wp-json\/wp\/v2\/product_tag?post=764980"}],"curies":[{"name":"wp","href":"https:\/\/api.w.org\/{rel}","templated":true}]}}