{"id":764967,"date":"2025-08-28T11:27:16","date_gmt":"2025-08-28T08:27:16","guid":{"rendered":"https:\/\/roveyayinevi.com.tr\/index.php\/urun\/isimsiz-kafe\/"},"modified":"2026-04-15T03:30:50","modified_gmt":"2026-04-15T00:30:50","slug":"isimsiz-kafe","status":"publish","type":"product","link":"https:\/\/roveyayinevi.com.tr\/index.php\/urun\/isimsiz-kafe\/","title":{"rendered":"\u0130simsiz Kafe"},"content":{"rendered":"<p>1966, Viyana. \u0130kinci D\u00fcnya Sava\u015f\u0131\u2019ndan yirmi y\u0131l sonra \u015fehir k\u00fcllerinden do\u011farken sezonluk i\u015f\u00e7i Robert Simon da bu heyecana kap\u0131l\u0131r ve bir d\u00fckk\u00e2n kiralay\u0131p kendi kafesini a\u00e7ar. Ne var ki pek de s\u0131radan bir i\u015fletme olmayacakt\u0131r buras\u0131; mek\u00e2n\u0131 g\u00fcndelik hayatlar\u0131n\u0131n bir par\u00e7as\u0131 haline getiren mahalleli ve beraberinde getirdikleri hik\u00e2yeleri, d\u00f6nemin Viyana\u2019s\u0131na ve de\u011fi\u015fen Avrupa\u2019ya dair derin izler sunar. \u0130nsanlar gelir ve yanlar\u0131nda \u00f6zlemlerini, kay\u0131plar\u0131n\u0131, a\u015fklar\u0131n\u0131, yoksulluklar\u0131n\u0131, beklenmedik mutluluklar\u0131n\u0131 getirir. Bazen keder dolu g\u00f6zya\u015flar\u0131, bazen de \u00fcmit dolu kahkahalar\u0131n yank\u0131s\u0131nda \u015fehir yeniden hayat bulur.\u0130simsiz Kafe, yola \u00e7\u0131kma d\u00fcrt\u00fcs\u00fcne dair bir roman. Robert Seethaler, g\u00fcndelik hayat\u0131n detaylar\u0131n\u0131 izi belle\u011fimizde uzun s\u00fcre yer edecek karakterlerin g\u00f6z\u00fcnden i\u015fleyerek sonu \u015fimdiden belli \u201cyeni d\u00fcnya\u201dn\u0131n hik\u00e2yesini anlat\u0131yor. Regaip Minareci\u2019nin \u00e7evirisiyle&#8230; \u201c[Seethaler] karakterlerinin bir resmini \u00e7iziyor, ama \u00e7ok\u00e7a empatiyle. Bu, onun ustala\u015ft\u0131\u011f\u0131 bir sanat: k\u00fc\u00e7\u00fck insanlar hakk\u0131nda b\u00fcy\u00fck hik\u00e2yeler anlatmak.\u201d \u2013dpa\u201cRobert Seethaler, Almanca edebiyat\u0131n b\u00fcy\u00fck zanaatk\u00e2r\u0131.\u201d \u2013The World\u201cRobert Seethaler yeni roman\u0131nda, hayat hik\u00e2yelerini saf varolu\u015fa indirgeyerek anlatma konusundaki \u00f6zel yetene\u011fini sergiliyor: Hayatta kalmaya dair bir roman bu; a\u015fka, g\u00fcce ve \u00f6l\u00fcme dair bir roman.\u201d \u2013NDR Kultur<\/p>\n","protected":false},"excerpt":{"rendered":"<p>1966, Viyana. \u0130kinci D\u00fcnya Sava\u015f\u0131\u2019ndan yirmi y\u0131l sonra \u015fehir k\u00fcllerinden do\u011farken sezonluk i\u015f\u00e7i Robert Simon da bu heyecana kap\u0131l\u0131r ve bir d\u00fckk\u00e2n kiralay\u0131p kendi kafesini a\u00e7ar.<span class=\"excerpt-hellip\"> [\u2026]<\/span><\/p>\n","protected":false},"featured_media":0,"template":"","meta":{"_monsterinsights_skip_tracking":false,"_monsterinsights_sitenote_active":false,"_monsterinsights_sitenote_note":"","_monsterinsights_sitenote_category":0},"product_brand":[],"product_cat":[12291,12711],"product_tag":[],"class_list":{"0":"post-764967","1":"product","2":"type-product","3":"status-publish","5":"product_cat-edebiyat","6":"product_cat-roman-oyku","7":"pa_cilt-ciltsiz","8":"pa_tur-kitap","9":"pa_yayinevi-timas-yayinlari","10":"pa_yazar-robert-seethaler","12":"first","13":"instock","14":"sale","15":"shipping-taxable","16":"purchasable","17":"product-type-simple"},"_links":{"self":[{"href":"https:\/\/roveyayinevi.com.tr\/index.php\/wp-json\/wp\/v2\/product\/764967","targetHints":{"allow":["GET"]}}],"collection":[{"href":"https:\/\/roveyayinevi.com.tr\/index.php\/wp-json\/wp\/v2\/product"}],"about":[{"href":"https:\/\/roveyayinevi.com.tr\/index.php\/wp-json\/wp\/v2\/types\/product"}],"wp:attachment":[{"href":"https:\/\/roveyayinevi.com.tr\/index.php\/wp-json\/wp\/v2\/media?parent=764967"}],"wp:term":[{"taxonomy":"product_brand","embeddable":true,"href":"https:\/\/roveyayinevi.com.tr\/index.php\/wp-json\/wp\/v2\/product_brand?post=764967"},{"taxonomy":"product_cat","embeddable":true,"href":"https:\/\/roveyayinevi.com.tr\/index.php\/wp-json\/wp\/v2\/product_cat?post=764967"},{"taxonomy":"product_tag","embeddable":true,"href":"https:\/\/roveyayinevi.com.tr\/index.php\/wp-json\/wp\/v2\/product_tag?post=764967"}],"curies":[{"name":"wp","href":"https:\/\/api.w.org\/{rel}","templated":true}]}}