{"id":764928,"date":"2025-08-28T11:26:08","date_gmt":"2025-08-28T08:26:08","guid":{"rendered":"https:\/\/roveyayinevi.com.tr\/index.php\/urun\/eyvah-zor-bir-cocugum-var\/"},"modified":"2026-04-15T03:30:49","modified_gmt":"2026-04-15T00:30:49","slug":"eyvah-zor-bir-cocugum-var","status":"publish","type":"product","link":"https:\/\/roveyayinevi.com.tr\/index.php\/urun\/eyvah-zor-bir-cocugum-var\/","title":{"rendered":"Eyvah Zor Bir \u00c7ocu\u011fum Var"},"content":{"rendered":"<p>Huysuz, Hareketli , Da\u011f\u0131n\u0131k, \u00d6fkeli, Mutssuz ve \u0130nat\u00e7\u0131 \u00c7ocuklar\u0131 sa\u011fl\u0131kl\u0131 b\u00fcy\u00fctmr rehberi \u00c7ocuk, zor duygular, zorlay\u0131c\u0131 ya\u015fant\u0131lar ve ya\u015fam\u0131n zorunluluklar\u0131 aras\u0131nda kald\u0131\u011f\u0131nda geli\u015fimini ger\u00e7ekle\u015ftirebilmesi i\u00e7in yeti\u015fkinler neler yapabilir? Bu ve benzeri sorular\u0131n yan\u0131tlar\u0131n\u0131 arayan anne &#8211; babalar, hekimler ve ruh sa\u011fl\u0131\u011f\u0131 alan\u0131nda \u00e7al\u0131\u015fanlar Prof. Dr. Neslihan \u0130nal&#8217;\u0131n payla\u015ft\u0131\u011f\u0131 deneyim ve bilgilerden yararlanabilir.<\/p>\n","protected":false},"excerpt":{"rendered":"<p>Huysuz, Hareketli , Da\u011f\u0131n\u0131k, \u00d6fkeli, Mutssuz ve \u0130nat\u00e7\u0131 \u00c7ocuklar\u0131 sa\u011fl\u0131kl\u0131 b\u00fcy\u00fctmr rehberi \u00c7ocuk, zor duygular, zorlay\u0131c\u0131 ya\u015fant\u0131lar ve ya\u015fam\u0131n zorunluluklar\u0131 aras\u0131nda kald\u0131\u011f\u0131nda geli\u015fimini ger\u00e7ekle\u015ftirebilmesi i\u00e7in yeti\u015fkinler<span class=\"excerpt-hellip\"> [\u2026]<\/span><\/p>\n","protected":false},"featured_media":0,"template":"","meta":{"_monsterinsights_skip_tracking":false,"_monsterinsights_sitenote_active":false,"_monsterinsights_sitenote_note":"","_monsterinsights_sitenote_category":0},"product_brand":[],"product_cat":[12831,12324],"product_tag":[],"class_list":{"0":"post-764928","1":"product","2":"type-product","3":"status-publish","5":"product_cat-aile-ve-cocuk","6":"product_cat-sosyoloji","7":"pa_cilt-ciltsiz","8":"pa_tur-kitap","9":"pa_yayinevi-dikkat-atolyesi-yayinlari","10":"pa_yazar-neslihan-inal","12":"first","13":"instock","14":"sale","15":"shipping-taxable","16":"purchasable","17":"product-type-simple"},"_links":{"self":[{"href":"https:\/\/roveyayinevi.com.tr\/index.php\/wp-json\/wp\/v2\/product\/764928","targetHints":{"allow":["GET"]}}],"collection":[{"href":"https:\/\/roveyayinevi.com.tr\/index.php\/wp-json\/wp\/v2\/product"}],"about":[{"href":"https:\/\/roveyayinevi.com.tr\/index.php\/wp-json\/wp\/v2\/types\/product"}],"wp:attachment":[{"href":"https:\/\/roveyayinevi.com.tr\/index.php\/wp-json\/wp\/v2\/media?parent=764928"}],"wp:term":[{"taxonomy":"product_brand","embeddable":true,"href":"https:\/\/roveyayinevi.com.tr\/index.php\/wp-json\/wp\/v2\/product_brand?post=764928"},{"taxonomy":"product_cat","embeddable":true,"href":"https:\/\/roveyayinevi.com.tr\/index.php\/wp-json\/wp\/v2\/product_cat?post=764928"},{"taxonomy":"product_tag","embeddable":true,"href":"https:\/\/roveyayinevi.com.tr\/index.php\/wp-json\/wp\/v2\/product_tag?post=764928"}],"curies":[{"name":"wp","href":"https:\/\/api.w.org\/{rel}","templated":true}]}}