{"id":764899,"date":"2025-08-28T11:25:13","date_gmt":"2025-08-28T08:25:13","guid":{"rendered":"https:\/\/roveyayinevi.com.tr\/index.php\/urun\/tekrarlayan-bir-olgu-olarak-kuresellesmenin-uluslararasi-ekonomi-politigi\/"},"modified":"2025-10-11T10:41:33","modified_gmt":"2025-10-11T07:41:33","slug":"tekrarlayan-bir-olgu-olarak-kuresellesmenin-uluslararasi-ekonomi-politigi","status":"publish","type":"product","link":"https:\/\/roveyayinevi.com.tr\/index.php\/urun\/tekrarlayan-bir-olgu-olarak-kuresellesmenin-uluslararasi-ekonomi-politigi\/","title":{"rendered":"Tekrarlayan Bir Olgu Olarak K\u00fcreselle\u015fmenin Uluslararas\u0131 Ekonomi Politi\u011fi"},"content":{"rendered":"<p>\u0130\u00e7indekiler :     1. B\u00d6L\u00dcM: BA\u015eLARKEN   2. B\u00d6L\u00dcM: D\u00dcNYA (MAL) T\u0130CARET\u0130   3. B\u00d6L\u00dcM: K\u00dcRESELLE\u015eME: KAVRAMSAL \u00c7ER\u00c7EVE   4. B\u00d6L\u00dcM: SERBEST T\u0130CARET M\u0130 KORUMACILIK MI? ULUSLARARASI T\u0130CARET TEOR\u0130LER\u0130 BAKI\u015e A\u00c7ISI   5. B\u00d6L\u00dcM: ULUSLARARASI EKONOM\u0130 POL\u0130T\u0130K BAKI\u015e A\u00c7ISI VE TEMEL TEOR\u0130LER\u0130   6. B\u00d6L\u00dcM: MODERN D\u00dcNYA S\u0130STEM\u0130 TEOR\u0130S\u0130 BA\u011eLAMINDA TEKNOLOJ\u0130 \u00c7EVR\u0130MLER\u0130, HEGEMON\u0130K \u00c7EVR\u0130MLER VE ULUSLARARASI T\u0130CARET \u0130L\u0130\u015eK\u0130S\u0130     7. B\u00d6L\u00dcM: 2. D\u00dcNYA SAVA\u015eI SONRASINDA YEN\u0130DEN SERBESTLE\u015eME \u00c7ABALARI VE ULUSLARARASI EKONOM\u0130K D\u00dcZEN   8. B\u00d6L\u00dcM: NEOL\u0130BERAL\u0130ZM, YEN\u0130 D\u00dcNYA D\u00dcZEN\u0130 VE YEN\u0130 KURUMLAR   9. B\u00d6L\u00dcM: NEOL\u0130BERAL K\u00dcRESELLE\u015eME D\u00d6NEM\u0130   <\/p>\n","protected":false},"excerpt":{"rendered":"<p>\u0130\u00e7indekiler : 1. B\u00d6L\u00dcM: BA\u015eLARKEN 2. B\u00d6L\u00dcM: D\u00dcNYA (MAL) T\u0130CARET\u0130 3. B\u00d6L\u00dcM: K\u00dcRESELLE\u015eME: KAVRAMSAL \u00c7ER\u00c7EVE 4. B\u00d6L\u00dcM: SERBEST T\u0130CARET M\u0130 KORUMACILIK MI? ULUSLARARASI T\u0130CARET TEOR\u0130LER\u0130 BAKI\u015e<span class=\"excerpt-hellip\"> [\u2026]<\/span><\/p>\n","protected":false},"featured_media":0,"template":"","meta":{"_monsterinsights_skip_tracking":false,"_monsterinsights_sitenote_active":false,"_monsterinsights_sitenote_note":"","_monsterinsights_sitenote_category":0},"product_brand":[],"product_cat":[13043],"product_tag":[],"class_list":{"0":"post-764899","1":"product","2":"type-product","3":"status-publish","5":"product_cat-ekonomi","6":"pa_cilt-ciltsiz","7":"pa_tur-kitap","8":"pa_yayinevi-gazi-kitabevi","9":"pa_yazar-sibel-caskurlu","11":"first","12":"instock","13":"sale","14":"shipping-taxable","15":"purchasable","16":"product-type-simple"},"_links":{"self":[{"href":"https:\/\/roveyayinevi.com.tr\/index.php\/wp-json\/wp\/v2\/product\/764899","targetHints":{"allow":["GET"]}}],"collection":[{"href":"https:\/\/roveyayinevi.com.tr\/index.php\/wp-json\/wp\/v2\/product"}],"about":[{"href":"https:\/\/roveyayinevi.com.tr\/index.php\/wp-json\/wp\/v2\/types\/product"}],"wp:attachment":[{"href":"https:\/\/roveyayinevi.com.tr\/index.php\/wp-json\/wp\/v2\/media?parent=764899"}],"wp:term":[{"taxonomy":"product_brand","embeddable":true,"href":"https:\/\/roveyayinevi.com.tr\/index.php\/wp-json\/wp\/v2\/product_brand?post=764899"},{"taxonomy":"product_cat","embeddable":true,"href":"https:\/\/roveyayinevi.com.tr\/index.php\/wp-json\/wp\/v2\/product_cat?post=764899"},{"taxonomy":"product_tag","embeddable":true,"href":"https:\/\/roveyayinevi.com.tr\/index.php\/wp-json\/wp\/v2\/product_tag?post=764899"}],"curies":[{"name":"wp","href":"https:\/\/api.w.org\/{rel}","templated":true}]}}