{"id":764882,"date":"2025-08-28T11:24:45","date_gmt":"2025-08-28T08:24:45","guid":{"rendered":"https:\/\/roveyayinevi.com.tr\/index.php\/urun\/bir-delikanlinin-buyume-rehberi\/"},"modified":"2026-01-28T03:53:36","modified_gmt":"2026-01-28T00:53:36","slug":"bir-delikanlinin-buyume-rehberi","status":"publish","type":"product","link":"https:\/\/roveyayinevi.com.tr\/index.php\/urun\/bir-delikanlinin-buyume-rehberi\/","title":{"rendered":"Bir Delikanl\u0131n\u0131n B\u00fcy\u00fcme Rehberi"},"content":{"rendered":"<p>Zurnan\u0131n \u201cz\u0131rt\u201d, yeti\u015fkinlerin \u201cergen\u201d, t\u0131p kitaplar\u0131n\u0131n \u201cb\u00fclu\u011f\u201d, arkada\u015flar\u0131n\u0131n sana \u201cgen\u00e7\u201d dedi\u011fi d\u00f6nem art\u0131k geldi: Delikanl\u0131 oldun! Peki, \u015fimdi ne olacak? Bedenin nas\u0131l b\u00fcy\u00fcyecek? Duygular\u0131n nas\u0131l de\u011fi\u015fecek? Sakal, b\u0131y\u0131k, kas, v\u00fccut derken t\u00fcm bu de\u011fi\u015fimler sana kendini nas\u0131l hissettirecek? Uzman Psikolog Hatice K\u00fcbra Tongar, delikanl\u0131lar\u0131n beyninden bedenine, cildinden cinsel geli\u015fimine, duygular\u0131ndan hormonal de\u011fi\u015fimlerine de\u011fin b\u00fclu\u011f \u00e7a\u011f\u0131n\u0131n getirdi\u011fi her bir s\u00fcreci tane tane anlat\u0131yor\u2026 Delikanl\u0131lar\u0131n v\u0131rak v\u0131rak \u00e7\u0131kan \u00e7atall\u0131 sesleri, zamanla nas\u0131l da yak\u0131\u015f\u0131kl\u0131 bir prensin sesine d\u00f6n\u00fc\u015f\u00fcyor! <\/p>\n","protected":false},"excerpt":{"rendered":"<p>Zurnan\u0131n \u201cz\u0131rt\u201d, yeti\u015fkinlerin \u201cergen\u201d, t\u0131p kitaplar\u0131n\u0131n \u201cb\u00fclu\u011f\u201d, arkada\u015flar\u0131n\u0131n sana \u201cgen\u00e7\u201d dedi\u011fi d\u00f6nem art\u0131k geldi: Delikanl\u0131 oldun! Peki, \u015fimdi ne olacak? Bedenin nas\u0131l b\u00fcy\u00fcyecek? Duygular\u0131n nas\u0131l de\u011fi\u015fecek?<span class=\"excerpt-hellip\"> [\u2026]<\/span><\/p>\n","protected":false},"featured_media":0,"template":"","meta":{"_monsterinsights_skip_tracking":false,"_monsterinsights_sitenote_active":false,"_monsterinsights_sitenote_note":"","_monsterinsights_sitenote_category":0},"product_brand":[],"product_cat":[12357],"product_tag":[],"class_list":{"0":"post-764882","1":"product","2":"type-product","3":"status-publish","5":"product_cat-psikoloji","6":"pa_cilt-ciltsiz","7":"pa_tur-kitap","8":"pa_yayinevi-aile-yayinlari","9":"pa_yazar-hatice-kubra-tongar","11":"first","12":"instock","13":"sale","14":"shipping-taxable","15":"purchasable","16":"product-type-simple"},"_links":{"self":[{"href":"https:\/\/roveyayinevi.com.tr\/index.php\/wp-json\/wp\/v2\/product\/764882","targetHints":{"allow":["GET"]}}],"collection":[{"href":"https:\/\/roveyayinevi.com.tr\/index.php\/wp-json\/wp\/v2\/product"}],"about":[{"href":"https:\/\/roveyayinevi.com.tr\/index.php\/wp-json\/wp\/v2\/types\/product"}],"wp:attachment":[{"href":"https:\/\/roveyayinevi.com.tr\/index.php\/wp-json\/wp\/v2\/media?parent=764882"}],"wp:term":[{"taxonomy":"product_brand","embeddable":true,"href":"https:\/\/roveyayinevi.com.tr\/index.php\/wp-json\/wp\/v2\/product_brand?post=764882"},{"taxonomy":"product_cat","embeddable":true,"href":"https:\/\/roveyayinevi.com.tr\/index.php\/wp-json\/wp\/v2\/product_cat?post=764882"},{"taxonomy":"product_tag","embeddable":true,"href":"https:\/\/roveyayinevi.com.tr\/index.php\/wp-json\/wp\/v2\/product_tag?post=764882"}],"curies":[{"name":"wp","href":"https:\/\/api.w.org\/{rel}","templated":true}]}}