{"id":764872,"date":"2025-08-28T11:24:25","date_gmt":"2025-08-28T08:24:25","guid":{"rendered":"https:\/\/roveyayinevi.com.tr\/index.php\/urun\/hadi-canim-haziran-2\/"},"modified":"2026-04-15T03:30:48","modified_gmt":"2026-04-15T00:30:48","slug":"hadi-canim-haziran-2","status":"publish","type":"product","link":"https:\/\/roveyayinevi.com.tr\/index.php\/urun\/hadi-canim-haziran-2\/","title":{"rendered":"Hadi Can\u0131m Haziran"},"content":{"rendered":"<p>Ali Y\u0131lmaz\u2019\u0131n kaleme ald\u0131\u011f\u0131 bir a\u015fk\u0131n hazin roman\u0131.   \u201cUzun zamand\u0131r y\u00fcz y\u00fcze g\u00f6r\u00fc\u015fememenin heyecan\u0131yla \u015eule g\u00f6zlerini Kerem\u2019in g\u00f6zlerinden ay\u0131ramaz. Masan\u0131n alt\u0131ndan Kerem\u2019in elini s\u0131k\u0131 s\u0131k\u0131ya tutar. \u015eimdilik elini tutmas\u0131 bile \u015eule\u2019yi \u00e7ok mutlu eder. Sonbahar\u0131n kendini hissettirdi\u011fi bu anlarda a\u00e7\u0131k havada bulutlar yo\u011funla\u015f\u0131p g\u00fcne\u015fin s\u0131cakl\u0131\u011f\u0131 d\u00fc\u015f\u00fcnce bir anda \u015eule \u00fc\u015f\u00fcmeye ba\u015flar. Acaba Kerem ile a\u015fk ili\u015fkileri de G\u00fcne\u015f\u2019in, bulutlar\u0131n arkas\u0131na girmesi gibi azalm\u0131\u015f m\u0131d\u0131r? \u015eule sanki Kerem\u2019in kendisine biraz mesafeli gibi durdu\u011funu hisseder. Ama \u015fimdilik bunlar\u0131 d\u00fc\u015f\u00fcnmek i\u00e7in \u00e7ok erkendir, Kerem yol yorgunlu\u011fu y\u00fcz\u00fcnden biraz sars\u0131lm\u0131\u015ft\u0131r belki. Dinlenince her \u015fey yoluna girecektir diye kendine moral verir.\u201d <\/p>\n","protected":false},"excerpt":{"rendered":"<p>Ali Y\u0131lmaz\u2019\u0131n kaleme ald\u0131\u011f\u0131 bir a\u015fk\u0131n hazin roman\u0131. \u201cUzun zamand\u0131r y\u00fcz y\u00fcze g\u00f6r\u00fc\u015fememenin heyecan\u0131yla \u015eule g\u00f6zlerini Kerem\u2019in g\u00f6zlerinden ay\u0131ramaz. Masan\u0131n alt\u0131ndan Kerem\u2019in elini s\u0131k\u0131 s\u0131k\u0131ya tutar.<span class=\"excerpt-hellip\"> [\u2026]<\/span><\/p>\n","protected":false},"featured_media":0,"template":"","meta":{"_monsterinsights_skip_tracking":false,"_monsterinsights_sitenote_active":false,"_monsterinsights_sitenote_note":"","_monsterinsights_sitenote_category":0},"product_brand":[],"product_cat":[12291,12711],"product_tag":[],"class_list":{"0":"post-764872","1":"product","2":"type-product","3":"status-publish","5":"product_cat-edebiyat","6":"product_cat-roman-oyku","7":"pa_cilt-ciltsiz","8":"pa_tur-kitap","9":"pa_yayinevi-nitelik-kitap","10":"pa_yazar-ali-yilmaz","12":"first","13":"instock","14":"sale","15":"shipping-taxable","16":"purchasable","17":"product-type-simple"},"_links":{"self":[{"href":"https:\/\/roveyayinevi.com.tr\/index.php\/wp-json\/wp\/v2\/product\/764872","targetHints":{"allow":["GET"]}}],"collection":[{"href":"https:\/\/roveyayinevi.com.tr\/index.php\/wp-json\/wp\/v2\/product"}],"about":[{"href":"https:\/\/roveyayinevi.com.tr\/index.php\/wp-json\/wp\/v2\/types\/product"}],"wp:attachment":[{"href":"https:\/\/roveyayinevi.com.tr\/index.php\/wp-json\/wp\/v2\/media?parent=764872"}],"wp:term":[{"taxonomy":"product_brand","embeddable":true,"href":"https:\/\/roveyayinevi.com.tr\/index.php\/wp-json\/wp\/v2\/product_brand?post=764872"},{"taxonomy":"product_cat","embeddable":true,"href":"https:\/\/roveyayinevi.com.tr\/index.php\/wp-json\/wp\/v2\/product_cat?post=764872"},{"taxonomy":"product_tag","embeddable":true,"href":"https:\/\/roveyayinevi.com.tr\/index.php\/wp-json\/wp\/v2\/product_tag?post=764872"}],"curies":[{"name":"wp","href":"https:\/\/api.w.org\/{rel}","templated":true}]}}