{"id":764866,"date":"2025-08-28T11:24:15","date_gmt":"2025-08-28T08:24:15","guid":{"rendered":"https:\/\/roveyayinevi.com.tr\/index.php\/urun\/mira-uzayda-bale\/"},"modified":"2026-01-30T03:59:43","modified_gmt":"2026-01-30T00:59:43","slug":"mira-uzayda-bale","status":"publish","type":"product","link":"https:\/\/roveyayinevi.com.tr\/index.php\/urun\/mira-uzayda-bale\/","title":{"rendered":"Mira Uzayda Bale"},"content":{"rendered":"<p>B\u00fcy\u00fck hayaller, karanl\u0131kta parlayan y\u0131ld\u0131zlar gibidir; onlara odakland\u0131\u011f\u0131nda, y\u00f6n\u00fcn\u00fc bulursun.   Mira, S\u00f6zlerine Sokrates&#8217;in \u00fcnl\u00fc s\u00f6z\u00fcyle devam etti : &#8220;Hayat\u0131 \u00f6yle bir ya\u015fay\u0131n ki, kapan\u0131\u015fta kendinizi alk\u0131\u015flay\u0131n,&#8221; Hayat, hayalleriniz i\u00e7in bazen engellerle dolu bir yolculuk olabilir. Ancak bu yolculukta \u00f6nemli olan, hayallerinizin pe\u015finden gitmekten asla vazge\u00e7memektir. Zorluklar ile kar\u015f\u0131la\u015ft\u0131\u011f\u0131n\u0131zda pes etmek kolayd\u0131r, ama as\u0131l cesaret, o zorluklarla m\u00fccadele etmektir. Hayallerinizin b\u00fcy\u00fckl\u00fc\u011f\u00fc ne olursa olsun, onlara ula\u015fmak i\u00e7in gereken azmi ve kararl\u0131l\u0131\u011f\u0131 g\u00f6sterdi\u011finizde, sonunda kendinizi alk\u0131\u015flayaca\u011f\u0131n\u0131z bir ya\u015fam s\u00fcrd\u00fcrm\u00fc\u015f olursunuz. <\/p>\n","protected":false},"excerpt":{"rendered":"<p>B\u00fcy\u00fck hayaller, karanl\u0131kta parlayan y\u0131ld\u0131zlar gibidir; onlara odakland\u0131\u011f\u0131nda, y\u00f6n\u00fcn\u00fc bulursun. Mira, S\u00f6zlerine Sokrates&#8217;in \u00fcnl\u00fc s\u00f6z\u00fcyle devam etti : &#8220;Hayat\u0131 \u00f6yle bir ya\u015fay\u0131n ki, kapan\u0131\u015fta kendinizi alk\u0131\u015flay\u0131n,&#8221;<span class=\"excerpt-hellip\"> [\u2026]<\/span><\/p>\n","protected":false},"featured_media":0,"template":"","meta":{"_monsterinsights_skip_tracking":false,"_monsterinsights_sitenote_active":false,"_monsterinsights_sitenote_note":"","_monsterinsights_sitenote_category":0},"product_brand":[],"product_cat":[12291,12711],"product_tag":[],"class_list":{"0":"post-764866","1":"product","2":"type-product","3":"status-publish","5":"product_cat-edebiyat","6":"product_cat-roman-oyku","7":"pa_cilt-ciltsiz","8":"pa_tur-kitap","9":"pa_yayinevi-vova-yayinlari","10":"pa_yazar-murat-celik","12":"first","13":"instock","14":"sale","15":"shipping-taxable","16":"purchasable","17":"product-type-simple"},"_links":{"self":[{"href":"https:\/\/roveyayinevi.com.tr\/index.php\/wp-json\/wp\/v2\/product\/764866","targetHints":{"allow":["GET"]}}],"collection":[{"href":"https:\/\/roveyayinevi.com.tr\/index.php\/wp-json\/wp\/v2\/product"}],"about":[{"href":"https:\/\/roveyayinevi.com.tr\/index.php\/wp-json\/wp\/v2\/types\/product"}],"wp:attachment":[{"href":"https:\/\/roveyayinevi.com.tr\/index.php\/wp-json\/wp\/v2\/media?parent=764866"}],"wp:term":[{"taxonomy":"product_brand","embeddable":true,"href":"https:\/\/roveyayinevi.com.tr\/index.php\/wp-json\/wp\/v2\/product_brand?post=764866"},{"taxonomy":"product_cat","embeddable":true,"href":"https:\/\/roveyayinevi.com.tr\/index.php\/wp-json\/wp\/v2\/product_cat?post=764866"},{"taxonomy":"product_tag","embeddable":true,"href":"https:\/\/roveyayinevi.com.tr\/index.php\/wp-json\/wp\/v2\/product_tag?post=764866"}],"curies":[{"name":"wp","href":"https:\/\/api.w.org\/{rel}","templated":true}]}}