{"id":764865,"date":"2025-08-28T11:24:14","date_gmt":"2025-08-28T08:24:14","guid":{"rendered":"https:\/\/roveyayinevi.com.tr\/index.php\/urun\/psikoterapi-kulturel-bir-yaklasim\/"},"modified":"2026-01-30T03:59:43","modified_gmt":"2026-01-30T00:59:43","slug":"psikoterapi-kulturel-bir-yaklasim","status":"publish","type":"product","link":"https:\/\/roveyayinevi.com.tr\/index.php\/urun\/psikoterapi-kulturel-bir-yaklasim\/","title":{"rendered":"Psikoterapi K\u00fclt\u00fcrel Bir Yakla\u015f\u0131m"},"content":{"rendered":"<p>Bu kitap, T\u00fcrk k\u00fclt\u00fcr\u00fcn\u00fc anlama ve bu anlay\u0131\u015f\u0131 terapi s\u00fcre\u00e7lerine entegre etme \u00e7abas\u0131nda olan psikologlar, terapistler ve psikoloji \u00f6\u011frencileri i\u00e7in de\u011ferli bir kaynak olma amac\u0131 ta\u015f\u0131maktad\u0131r. K\u00fclt\u00fcrel ba\u011flam\u0131n, terapi s\u00fcre\u00e7leri \u00fczerindeki etkisini derinlemesine incelemek ve bu s\u00fcre\u00e7leri k\u00fclt\u00fcrel duyarl\u0131l\u0131kla \u015fekillendirmek i\u00e7in bir rehber niteli\u011findedir.             Sonu\u00e7 olarak, bu kitap, k\u00fclt\u00fcrel duyarl\u0131 bir yakla\u015f\u0131mla zenginle\u015ftirilmi\u015f psikoterapi uygulamalar\u0131n\u0131n, bireylerin ya\u015fam kalitesini nas\u0131l art\u0131rabilece\u011fini ve T\u00fcrk toplumunda psikolojik hizmetlere olan eri\u015fimi nas\u0131l geni\u015fletebilece\u011fini g\u00f6stermeyi hedeflemektedir. T\u00fcrk k\u00fclt\u00fcr\u00fcnde psikoterapinin gelece\u011fi, bu t\u00fcr bilin\u00e7li ve duyarl\u0131 yakla\u015f\u0131mlarla \u015fekillendirilecektir. Bu \u00e7al\u0131\u015fma hem akademisyenlere hem de uygulay\u0131c\u0131lara, T\u00fcrk k\u00fclt\u00fcr\u00fc i\u00e7inde psikoterapi prati\u011fini daha iyi anlamalar\u0131 ve uygulamalar\u0131 i\u00e7in kapsaml\u0131 bir rehber sunmaktad\u0131r. <\/p>\n","protected":false},"excerpt":{"rendered":"<p>Bu kitap, T\u00fcrk k\u00fclt\u00fcr\u00fcn\u00fc anlama ve bu anlay\u0131\u015f\u0131 terapi s\u00fcre\u00e7lerine entegre etme \u00e7abas\u0131nda olan psikologlar, terapistler ve psikoloji \u00f6\u011frencileri i\u00e7in de\u011ferli bir kaynak olma amac\u0131 ta\u015f\u0131maktad\u0131r.<span class=\"excerpt-hellip\"> [\u2026]<\/span><\/p>\n","protected":false},"featured_media":0,"template":"","meta":{"_monsterinsights_skip_tracking":false,"_monsterinsights_sitenote_active":false,"_monsterinsights_sitenote_note":"","_monsterinsights_sitenote_category":0},"product_brand":[],"product_cat":[12357],"product_tag":[],"class_list":{"0":"post-764865","1":"product","2":"type-product","3":"status-publish","5":"product_cat-psikoloji","6":"pa_cilt-ciltsiz","7":"pa_tur-kitap","8":"pa_yayinevi-vova-yayinlari","9":"pa_yazar-yener-ozen","11":"first","12":"instock","13":"sale","14":"shipping-taxable","15":"purchasable","16":"product-type-simple"},"_links":{"self":[{"href":"https:\/\/roveyayinevi.com.tr\/index.php\/wp-json\/wp\/v2\/product\/764865","targetHints":{"allow":["GET"]}}],"collection":[{"href":"https:\/\/roveyayinevi.com.tr\/index.php\/wp-json\/wp\/v2\/product"}],"about":[{"href":"https:\/\/roveyayinevi.com.tr\/index.php\/wp-json\/wp\/v2\/types\/product"}],"wp:attachment":[{"href":"https:\/\/roveyayinevi.com.tr\/index.php\/wp-json\/wp\/v2\/media?parent=764865"}],"wp:term":[{"taxonomy":"product_brand","embeddable":true,"href":"https:\/\/roveyayinevi.com.tr\/index.php\/wp-json\/wp\/v2\/product_brand?post=764865"},{"taxonomy":"product_cat","embeddable":true,"href":"https:\/\/roveyayinevi.com.tr\/index.php\/wp-json\/wp\/v2\/product_cat?post=764865"},{"taxonomy":"product_tag","embeddable":true,"href":"https:\/\/roveyayinevi.com.tr\/index.php\/wp-json\/wp\/v2\/product_tag?post=764865"}],"curies":[{"name":"wp","href":"https:\/\/api.w.org\/{rel}","templated":true}]}}