{"id":764864,"date":"2025-08-28T11:24:13","date_gmt":"2025-08-28T08:24:13","guid":{"rendered":"https:\/\/roveyayinevi.com.tr\/index.php\/urun\/psikoterapi-ve-cagdas-psikoterapi-kuramlari\/"},"modified":"2026-01-30T03:59:43","modified_gmt":"2026-01-30T00:59:43","slug":"psikoterapi-ve-cagdas-psikoterapi-kuramlari","status":"publish","type":"product","link":"https:\/\/roveyayinevi.com.tr\/index.php\/urun\/psikoterapi-ve-cagdas-psikoterapi-kuramlari\/","title":{"rendered":"Psikoterapi ve \u00c7a\u011fda\u015f Psikoterapi Kuramlar\u0131"},"content":{"rendered":"<p>Bu kitab\u0131n her bir b\u00f6l\u00fcm\u00fc, psikoterapinin \u00e7e\u015fitli y\u00f6nlerini ayd\u0131nlatmay\u0131 ama\u00e7lamaktad\u0131r. Kuramlar aras\u0131ndaki farkl\u0131l\u0131klar\u0131 ve ortak noktalar\u0131 ke\u015ffederken, ayn\u0131 zamanda bu teorilerin pratikte nas\u0131l uyguland\u0131\u011f\u0131na dair \u00f6rnek olay incelemeleri de sunulmaktad\u0131r. Bu ba\u011flamda, ger\u00e7ek hayattan al\u0131nm\u0131\u015f vaka \u00e7al\u0131\u015fmalar\u0131, teorik bilgilerin nas\u0131l somut sonu\u00e7lara d\u00f6n\u00fc\u015ft\u00fcr\u00fclebilece\u011fini g\u00f6zler \u00f6n\u00fcne serer. Kitap, teorik derinli\u011fi olan bir \u00e7al\u0131\u015fman\u0131n yan\u0131 s\u0131ra, pratik uygulamalar i\u00e7in de bir rehber niteli\u011findedir.             Bu eser, psikoterapi alan\u0131ndaki en g\u00fcncel ara\u015ft\u0131rmalar\u0131 ve bilimsel geli\u015fmeleri de i\u00e7ermektedir. Yeni teknolojilerin ve yakla\u015f\u0131mlar\u0131n terapi pratiklerine nas\u0131l entegre edildi\u011fi, kitab\u0131n \u00f6nemli bir par\u00e7as\u0131n\u0131 olu\u015fturur. \u00d6zellikle, dijital terapi platformlar\u0131 ve sanal ger\u00e7eklik gibi yenilik\u00e7i uygulamalar \u00fczerine odaklanarak, psikoterapinin gelece\u011fine dair \u00f6nemli ipu\u00e7lar\u0131 verir.             Kitab\u0131n yaz\u0131m\u0131 s\u0131ras\u0131nda, farkl\u0131 k\u00fclt\u00fcrel arka planlardan gelen terapistlerin ve dan\u0131\u015fanlar\u0131n deneyimlerine de yer verilmi\u015ftir. Bu, psikoterapi uygulamalar\u0131n\u0131n k\u00fclt\u00fcrel \u00e7e\u015fitlilik a\u00e7\u0131s\u0131ndan nas\u0131l \u015fekillendirildi\u011fini ve farkl\u0131 toplumlar\u0131n ihtiya\u00e7lar\u0131na nas\u0131l uyum sa\u011flad\u0131\u011f\u0131n\u0131 g\u00f6stermektedir. K\u00fclt\u00fcrleraras\u0131 psikoterapi, bu kitab\u0131n k\u00fcresel bir perspektif sunma \u00e7abas\u0131n\u0131n bir yans\u0131mas\u0131d\u0131r.<\/p>\n","protected":false},"excerpt":{"rendered":"<p>Bu kitab\u0131n her bir b\u00f6l\u00fcm\u00fc, psikoterapinin \u00e7e\u015fitli y\u00f6nlerini ayd\u0131nlatmay\u0131 ama\u00e7lamaktad\u0131r. Kuramlar aras\u0131ndaki farkl\u0131l\u0131klar\u0131 ve ortak noktalar\u0131 ke\u015ffederken, ayn\u0131 zamanda bu teorilerin pratikte nas\u0131l uyguland\u0131\u011f\u0131na dair \u00f6rnek<span class=\"excerpt-hellip\"> [\u2026]<\/span><\/p>\n","protected":false},"featured_media":0,"template":"","meta":{"_monsterinsights_skip_tracking":false,"_monsterinsights_sitenote_active":false,"_monsterinsights_sitenote_note":"","_monsterinsights_sitenote_category":0},"product_brand":[],"product_cat":[12357],"product_tag":[],"class_list":{"0":"post-764864","1":"product","2":"type-product","3":"status-publish","5":"product_cat-psikoloji","6":"pa_cilt-ciltsiz","7":"pa_tur-kitap","8":"pa_yayinevi-vova-yayinlari","9":"pa_yazar-yener-ozen","11":"first","12":"instock","13":"sale","14":"shipping-taxable","15":"purchasable","16":"product-type-simple"},"_links":{"self":[{"href":"https:\/\/roveyayinevi.com.tr\/index.php\/wp-json\/wp\/v2\/product\/764864","targetHints":{"allow":["GET"]}}],"collection":[{"href":"https:\/\/roveyayinevi.com.tr\/index.php\/wp-json\/wp\/v2\/product"}],"about":[{"href":"https:\/\/roveyayinevi.com.tr\/index.php\/wp-json\/wp\/v2\/types\/product"}],"wp:attachment":[{"href":"https:\/\/roveyayinevi.com.tr\/index.php\/wp-json\/wp\/v2\/media?parent=764864"}],"wp:term":[{"taxonomy":"product_brand","embeddable":true,"href":"https:\/\/roveyayinevi.com.tr\/index.php\/wp-json\/wp\/v2\/product_brand?post=764864"},{"taxonomy":"product_cat","embeddable":true,"href":"https:\/\/roveyayinevi.com.tr\/index.php\/wp-json\/wp\/v2\/product_cat?post=764864"},{"taxonomy":"product_tag","embeddable":true,"href":"https:\/\/roveyayinevi.com.tr\/index.php\/wp-json\/wp\/v2\/product_tag?post=764864"}],"curies":[{"name":"wp","href":"https:\/\/api.w.org\/{rel}","templated":true}]}}