{"id":764819,"date":"2025-08-28T11:22:26","date_gmt":"2025-08-28T08:22:26","guid":{"rendered":"https:\/\/roveyayinevi.com.tr\/index.php\/urun\/deadendia-2-kirik-kale\/"},"modified":"2026-04-15T03:30:46","modified_gmt":"2026-04-15T00:30:46","slug":"deadendia-2-kirik-kale","status":"publish","type":"product","link":"https:\/\/roveyayinevi.com.tr\/index.php\/urun\/deadendia-2-kirik-kale\/","title":{"rendered":"Deadendia 2 &#8211; K\u0131r\u0131k Kale"},"content":{"rendered":"<p>\u201cDeadEndia, renkli sanat\u0131, benzersiz ortam\u0131 ve komik \u015fakalar\u0131yla hemen cezp ediyor ama \u00f6zellikle karakterlerin karma\u015f\u0131k duygusal k\u0131vr\u0131mlar\u0131n\u0131 ve her \u015feyin alt\u0131nda yatan tuhaf, \u00fcrk\u00fct\u00fcc\u00fc b\u00fcy\u00fcy\u00fc sevdim!\u201d -Molly Knox Ostertah, The With Boy\u2019un yarat\u0131c\u0131s\u0131   \u201cKalp yar\u0131c\u0131, y\u00fcrek par\u00e7alay\u0131c\u0131, y\u00fcrek \u00e7arp\u0131t\u0131c\u0131 ve y\u00fcrekten!\u201d -Marika McCoola, New York Times\u2019\u0131n en \u00e7ok satan Baba Yaga\u2019n\u0131n Asistan\u0131 kitab\u0131n\u0131n yazar\u0131 <\/p>\n","protected":false},"excerpt":{"rendered":"<p>\u201cDeadEndia, renkli sanat\u0131, benzersiz ortam\u0131 ve komik \u015fakalar\u0131yla hemen cezp ediyor ama \u00f6zellikle karakterlerin karma\u015f\u0131k duygusal k\u0131vr\u0131mlar\u0131n\u0131 ve her \u015feyin alt\u0131nda yatan tuhaf, \u00fcrk\u00fct\u00fcc\u00fc b\u00fcy\u00fcy\u00fc sevdim!\u201d<span class=\"excerpt-hellip\"> [\u2026]<\/span><\/p>\n","protected":false},"featured_media":0,"template":"","meta":{"_monsterinsights_skip_tracking":false,"_monsterinsights_sitenote_active":false,"_monsterinsights_sitenote_note":"","_monsterinsights_sitenote_category":0},"product_brand":[],"product_cat":[12416,12291],"product_tag":[],"class_list":{"0":"post-764819","1":"product","2":"type-product","3":"status-publish","5":"product_cat-cizgi-roman","6":"product_cat-edebiyat","7":"pa_cilt-ciltsiz","8":"pa_tur-kitap","9":"pa_yayinevi-kara-karga-yayinlari","10":"pa_yazar-hamish-steele","12":"first","13":"instock","14":"sale","15":"shipping-taxable","16":"purchasable","17":"product-type-simple"},"_links":{"self":[{"href":"https:\/\/roveyayinevi.com.tr\/index.php\/wp-json\/wp\/v2\/product\/764819","targetHints":{"allow":["GET"]}}],"collection":[{"href":"https:\/\/roveyayinevi.com.tr\/index.php\/wp-json\/wp\/v2\/product"}],"about":[{"href":"https:\/\/roveyayinevi.com.tr\/index.php\/wp-json\/wp\/v2\/types\/product"}],"wp:attachment":[{"href":"https:\/\/roveyayinevi.com.tr\/index.php\/wp-json\/wp\/v2\/media?parent=764819"}],"wp:term":[{"taxonomy":"product_brand","embeddable":true,"href":"https:\/\/roveyayinevi.com.tr\/index.php\/wp-json\/wp\/v2\/product_brand?post=764819"},{"taxonomy":"product_cat","embeddable":true,"href":"https:\/\/roveyayinevi.com.tr\/index.php\/wp-json\/wp\/v2\/product_cat?post=764819"},{"taxonomy":"product_tag","embeddable":true,"href":"https:\/\/roveyayinevi.com.tr\/index.php\/wp-json\/wp\/v2\/product_tag?post=764819"}],"curies":[{"name":"wp","href":"https:\/\/api.w.org\/{rel}","templated":true}]}}