{"id":764815,"date":"2025-08-28T11:22:19","date_gmt":"2025-08-28T08:22:19","guid":{"rendered":"https:\/\/roveyayinevi.com.tr\/index.php\/urun\/donus-7\/"},"modified":"2026-04-11T14:33:12","modified_gmt":"2026-04-11T11:33:12","slug":"donus-7","status":"publish","type":"product","link":"https:\/\/roveyayinevi.com.tr\/index.php\/urun\/donus-7\/","title":{"rendered":"D\u00f6n\u00fc\u015f"},"content":{"rendered":"<p>Kendi yolunda ilerleyebilirler ve kendini yeniden var edebilenler i\u00e7in&#8230; Do\u011fan\u0131n kendini tekrar etti\u011fini g\u00f6remezsiniz. Mevsimlerde ya\u015fad\u0131klar\u0131m\u0131z tekrar de\u011fildir. \u00c7\u00fcnk\u00fc do\u011fa, kendini yenilemeyi esas al\u0131r. \u015eimdiki mevsim, bir \u00f6nceki mevsimin yenilenerek gelebilmesi i\u00e7in b\u00fcy\u00fck m\u00fccadeleler verir. Onun yeniden var olabilmesini sa\u011flay\u0131p ona o muhte\u015fem g\u00fczellikleri veren bir \u00f6nceki mevsimdir. Kad\u0131n da do\u011fa ana gibidir. Onun bug\u00fcn\u00fcn\u00fc g\u00fczelle\u015ftirecek olan i\u00e7in m\u00fccadele eder ve sever&#8230; Yaz\u0131k! Hep, bir sonraki mevsim i\u00e7in heyecanlan\u0131p kendini tekrar edenlere \u00e7ok yaz\u0131k! Benliklerinin derinliklerindeki sevme arzular\u0131n\u0131n yerini alan kibir, \u00fcst\u00fcnl\u00fck, \u00f6tekile\u015ftirme ve sevgisizlik y\u00fcz\u00fcnden, cinsel yaln\u0131zl\u0131klar\u0131n kuyusuna d\u00fc\u015fenlerin \u00e7\u0131rp\u0131n\u0131\u015flar\u0131n\u0131 anlatan D\u00f6n\u00fc\u015f, T\u00fcrk edebiyat\u0131n\u0131n yal\u0131n dilinin \u00f6nemli \u00f6rneklerinden biri. <\/p>\n","protected":false},"excerpt":{"rendered":"<p>Kendi yolunda ilerleyebilirler ve kendini yeniden var edebilenler i\u00e7in&#8230; Do\u011fan\u0131n kendini tekrar etti\u011fini g\u00f6remezsiniz. Mevsimlerde ya\u015fad\u0131klar\u0131m\u0131z tekrar de\u011fildir. \u00c7\u00fcnk\u00fc do\u011fa, kendini yenilemeyi esas al\u0131r. \u015eimdiki mevsim,<span class=\"excerpt-hellip\"> [\u2026]<\/span><\/p>\n","protected":false},"featured_media":0,"template":"","meta":{"_monsterinsights_skip_tracking":false,"_monsterinsights_sitenote_active":false,"_monsterinsights_sitenote_note":"","_monsterinsights_sitenote_category":0},"product_brand":[],"product_cat":[12291,12711],"product_tag":[],"class_list":{"0":"post-764815","1":"product","2":"type-product","3":"status-publish","5":"product_cat-edebiyat","6":"product_cat-roman-oyku","7":"pa_cilt-ciltsiz","8":"pa_tur-kitap","9":"pa_yayinevi-destek-yayinlari","10":"pa_yazar-ulas-sever","12":"first","13":"instock","14":"sale","15":"shipping-taxable","16":"purchasable","17":"product-type-simple"},"_links":{"self":[{"href":"https:\/\/roveyayinevi.com.tr\/index.php\/wp-json\/wp\/v2\/product\/764815","targetHints":{"allow":["GET"]}}],"collection":[{"href":"https:\/\/roveyayinevi.com.tr\/index.php\/wp-json\/wp\/v2\/product"}],"about":[{"href":"https:\/\/roveyayinevi.com.tr\/index.php\/wp-json\/wp\/v2\/types\/product"}],"wp:attachment":[{"href":"https:\/\/roveyayinevi.com.tr\/index.php\/wp-json\/wp\/v2\/media?parent=764815"}],"wp:term":[{"taxonomy":"product_brand","embeddable":true,"href":"https:\/\/roveyayinevi.com.tr\/index.php\/wp-json\/wp\/v2\/product_brand?post=764815"},{"taxonomy":"product_cat","embeddable":true,"href":"https:\/\/roveyayinevi.com.tr\/index.php\/wp-json\/wp\/v2\/product_cat?post=764815"},{"taxonomy":"product_tag","embeddable":true,"href":"https:\/\/roveyayinevi.com.tr\/index.php\/wp-json\/wp\/v2\/product_tag?post=764815"}],"curies":[{"name":"wp","href":"https:\/\/api.w.org\/{rel}","templated":true}]}}