{"id":764796,"date":"2025-08-28T11:21:47","date_gmt":"2025-08-28T08:21:47","guid":{"rendered":"https:\/\/roveyayinevi.com.tr\/index.php\/urun\/golgeler-ormani\/"},"modified":"2026-04-15T03:30:29","modified_gmt":"2026-04-15T00:30:29","slug":"golgeler-ormani","status":"publish","type":"product","link":"https:\/\/roveyayinevi.com.tr\/index.php\/urun\/golgeler-ormani\/","title":{"rendered":"G\u00f6lgeler Orman\u0131"},"content":{"rendered":"<p>Ailenizde kimse duygulardan bahsetmiyorsa siz nas\u0131l yas tutacaks\u0131n\u0131z? G\u00f6lgeler Orman\u0131\u2019n\u0131n isimsiz ana karakteri, babas\u0131n\u0131n \u00f6l\u00fcm\u00fcn\u00fcn ard\u0131ndan kafas\u0131nda bu soruyu d\u00f6nd\u00fcr\u00fcp durur. 1997 y\u0131l\u0131nda Hong Kong \u00fczerindeki egemenli\u011fin Birle\u015fik Krall\u0131k\u2019tan \u00c7in\u2019e ge\u00e7mesiyle birlikte d\u00f6rt ki\u015filik bir aile Kanada\u2019ya ta\u015f\u0131n\u0131r ama Hong Kong\u2019lu pek \u00e7ok \u201castronot\u201d baba gibi, bu ailenin babas\u0131 da \u00e7al\u0131\u015fmak i\u00e7in Hong Kong\u2019ta kal\u0131r, ailenin en yo\u011fun ya\u015fad\u0131\u011f\u0131 duygu da haliyle hem babaya hem de \u00fclkelerine duyduklar\u0131 \u00f6zlemdir. Y\u0131llar i\u00e7inde babas\u0131yla ge\u00e7irdi\u011fi dakikalar\u0131 ve her bir hat\u0131ras\u0131n\u0131 tekrar tekrar ziyaret eden karakterimiz hen\u00fcz cevaplanmam\u0131\u015f pek \u00e7ok soruyla ve yanl\u0131\u015f anla\u015f\u0131lmalarla ba\u015f etmeye \u00e7al\u0131\u015f\u0131r. Cevaplar i\u00e7in annesinin ve anneannesinin kap\u0131s\u0131n\u0131 \u00e7alsa da kendi hayat\u0131n\u0131n, onlar\u0131n hayat\u0131n\u0131n merkezinde att\u0131\u011f\u0131n\u0131 fark eder. Yazar Pik-Shuen Fung\u2019un hacim olarak ince g\u00f6r\u00fcnen bu roman\u0131, i\u00e7erik ve yo\u011funluk a\u00e7\u0131s\u0131ndan okuru, ac\u0131 ve mutlulu\u011fun derinliklerine g\u00f6t\u00fcr\u00fcyor. \u015eiirsel ve ak\u0131ldan \u00e7\u0131kmayan sesiyle, \u00c7in as\u0131ll\u0131 Kanadal\u0131 bir astronot ailenin hareketli portresini \u00e7izerken her katmanda ba\u015fka bir ayr\u0131nt\u0131y\u0131, soyutlamay\u0131, nak\u015fetti\u011fi an\u0131lar\u0131 ve s\u00f6zl\u00fc tarihi kullan\u0131yor.<\/p>\n","protected":false},"excerpt":{"rendered":"<p>Ailenizde kimse duygulardan bahsetmiyorsa siz nas\u0131l yas tutacaks\u0131n\u0131z? G\u00f6lgeler Orman\u0131\u2019n\u0131n isimsiz ana karakteri, babas\u0131n\u0131n \u00f6l\u00fcm\u00fcn\u00fcn ard\u0131ndan kafas\u0131nda bu soruyu d\u00f6nd\u00fcr\u00fcp durur. 1997 y\u0131l\u0131nda Hong Kong \u00fczerindeki<span class=\"excerpt-hellip\"> [\u2026]<\/span><\/p>\n","protected":false},"featured_media":0,"template":"","meta":{"_monsterinsights_skip_tracking":false,"_monsterinsights_sitenote_active":false,"_monsterinsights_sitenote_note":"","_monsterinsights_sitenote_category":0},"product_brand":[],"product_cat":[12291,12711],"product_tag":[],"class_list":{"0":"post-764796","1":"product","2":"type-product","3":"status-publish","5":"product_cat-edebiyat","6":"product_cat-roman-oyku","7":"pa_cilt-ciltsiz","8":"pa_tur-kitap","9":"pa_yayinevi-dusbaz-kitaplar","10":"pa_yazar-pik-shuen-fung","12":"first","13":"instock","14":"sale","15":"shipping-taxable","16":"purchasable","17":"product-type-simple"},"_links":{"self":[{"href":"https:\/\/roveyayinevi.com.tr\/index.php\/wp-json\/wp\/v2\/product\/764796","targetHints":{"allow":["GET"]}}],"collection":[{"href":"https:\/\/roveyayinevi.com.tr\/index.php\/wp-json\/wp\/v2\/product"}],"about":[{"href":"https:\/\/roveyayinevi.com.tr\/index.php\/wp-json\/wp\/v2\/types\/product"}],"wp:attachment":[{"href":"https:\/\/roveyayinevi.com.tr\/index.php\/wp-json\/wp\/v2\/media?parent=764796"}],"wp:term":[{"taxonomy":"product_brand","embeddable":true,"href":"https:\/\/roveyayinevi.com.tr\/index.php\/wp-json\/wp\/v2\/product_brand?post=764796"},{"taxonomy":"product_cat","embeddable":true,"href":"https:\/\/roveyayinevi.com.tr\/index.php\/wp-json\/wp\/v2\/product_cat?post=764796"},{"taxonomy":"product_tag","embeddable":true,"href":"https:\/\/roveyayinevi.com.tr\/index.php\/wp-json\/wp\/v2\/product_tag?post=764796"}],"curies":[{"name":"wp","href":"https:\/\/api.w.org\/{rel}","templated":true}]}}