{"id":764786,"date":"2025-08-28T11:21:34","date_gmt":"2025-08-28T08:21:34","guid":{"rendered":"https:\/\/roveyayinevi.com.tr\/index.php\/urun\/felsefenin-sefaleti-2\/"},"modified":"2026-04-15T03:30:28","modified_gmt":"2026-04-15T00:30:28","slug":"felsefenin-sefaleti-2","status":"publish","type":"product","link":"https:\/\/roveyayinevi.com.tr\/index.php\/urun\/felsefenin-sefaleti-2\/","title":{"rendered":"Felsefenin Sefaleti"},"content":{"rendered":"<p>\u201cBay Proudhon, Avrupa\u2019da tuhaf bir \u015fekilde yanl\u0131\u015f anla\u015f\u0131lma \u015fanss\u0131zl\u0131\u011f\u0131n\u0131 ya\u015f\u0131yor. Fransa\u2019da, yetenekli bir Alman filozof say\u0131ld\u0131\u011f\u0131ndan, k\u00f6t\u00fc bir iktisat\u00e7\u0131 olma hakk\u0131na sahip; buna kar\u015f\u0131l\u0131k Almanya\u2019da, en g\u00fc\u00e7l\u00fc Frans\u0131z iktisat\u00e7\u0131lardan biri say\u0131ld\u0131\u011f\u0131ndan, k\u00f6t\u00fc bir filozof olmas\u0131na izin veriliyor. Alman ve iktisat\u00e7\u0131 olma \u00e7ifte s\u0131fat\u0131m\u0131zla, kendimizi, bu \u00e7ifte yan\u0131lg\u0131y\u0131 protesto etmek zorunda hissediyoruz.\u201d Anar\u015fizmin kurucular\u0131ndan Pierre-Joseph Proudhon\u2019un Sefaletin Felsefesi adl\u0131 eserine yan\u0131t olarak 1846-1847 k\u0131\u015f\u0131nda kaleme al\u0131nan Felsefenin Sefaleti, Karl Marx\u2019\u0131n iktisat alan\u0131ndaki ilk sistemli \u00e7al\u0131\u015fmalar\u0131ndan biri. Kapital\u2019in 1867 y\u0131l\u0131nda bas\u0131lan birinci cildinde \u00e7ok say\u0131da g\u00f6nderme yap\u0131lan bu kitap, Alman felsefesine y\u00f6nelik ele\u015ftiriler de i\u00e7eriyor. Birinci bask\u0131s\u0131 Frans\u0131zca olarak 1847 y\u0131l\u0131nda \u00e7\u0131kan Felsefenin Sefaleti\u2019nin ilk Almanca \u00e7evirisi, yazar\u0131n\u0131n \u00f6l\u00fcm\u00fcnden sonra, 1885 y\u0131l\u0131nda yay\u0131mland\u0131. Bu bask\u0131n\u0131n edit\u00f6rl\u00fc\u011f\u00fcn\u00fc \u00fcstlenen Friedrich Engels, \u00e7eviriyi g\u00f6zden ge\u00e7irdi, Marx\u2019tan kalan notlardan hareketle d\u00fczeltmeler yapt\u0131, dipnotlar ekledi, bir \u00f6ns\u00f6z yazd\u0131 ve kitab\u0131 baz\u0131 ek metinlerle zenginle\u015ftirdi. Engels, 1891 y\u0131l\u0131nda, kitab\u0131n \u0130spanyolca \u00e7evirisinin bas\u0131lmas\u0131 i\u00e7in izin istendi\u011finde \u015fu cevab\u0131 verdi: \u201cHi\u00e7 ku\u015fkusuz, bu giri\u015fimi sevin\u00e7le onayl\u0131yoruz. Sosyalizmin \u0130spanya\u2019daki geli\u015fimi \u00fczerinde \u00e7ok olumlu bir etkide bulunaca\u011f\u0131 kesin.\u201d <\/p>\n","protected":false},"excerpt":{"rendered":"<p>\u201cBay Proudhon, Avrupa\u2019da tuhaf bir \u015fekilde yanl\u0131\u015f anla\u015f\u0131lma \u015fanss\u0131zl\u0131\u011f\u0131n\u0131 ya\u015f\u0131yor. Fransa\u2019da, yetenekli bir Alman filozof say\u0131ld\u0131\u011f\u0131ndan, k\u00f6t\u00fc bir iktisat\u00e7\u0131 olma hakk\u0131na sahip; buna kar\u015f\u0131l\u0131k Almanya\u2019da, en<span class=\"excerpt-hellip\"> [\u2026]<\/span><\/p>\n","protected":false},"featured_media":0,"template":"","meta":{"_monsterinsights_skip_tracking":false,"_monsterinsights_sitenote_active":false,"_monsterinsights_sitenote_note":"","_monsterinsights_sitenote_category":0},"product_brand":[],"product_cat":[12388,15536],"product_tag":[],"class_list":{"0":"post-764786","1":"product","2":"type-product","3":"status-publish","5":"product_cat-felsefe","6":"product_cat-siyaset-felsefesi","7":"pa_cilt-ciltsiz","8":"pa_tur-kitap","9":"pa_yayinevi-yordam-kitap","10":"pa_yazar-karl-marx","12":"first","13":"instock","14":"sale","15":"shipping-taxable","16":"purchasable","17":"product-type-simple"},"_links":{"self":[{"href":"https:\/\/roveyayinevi.com.tr\/index.php\/wp-json\/wp\/v2\/product\/764786","targetHints":{"allow":["GET"]}}],"collection":[{"href":"https:\/\/roveyayinevi.com.tr\/index.php\/wp-json\/wp\/v2\/product"}],"about":[{"href":"https:\/\/roveyayinevi.com.tr\/index.php\/wp-json\/wp\/v2\/types\/product"}],"wp:attachment":[{"href":"https:\/\/roveyayinevi.com.tr\/index.php\/wp-json\/wp\/v2\/media?parent=764786"}],"wp:term":[{"taxonomy":"product_brand","embeddable":true,"href":"https:\/\/roveyayinevi.com.tr\/index.php\/wp-json\/wp\/v2\/product_brand?post=764786"},{"taxonomy":"product_cat","embeddable":true,"href":"https:\/\/roveyayinevi.com.tr\/index.php\/wp-json\/wp\/v2\/product_cat?post=764786"},{"taxonomy":"product_tag","embeddable":true,"href":"https:\/\/roveyayinevi.com.tr\/index.php\/wp-json\/wp\/v2\/product_tag?post=764786"}],"curies":[{"name":"wp","href":"https:\/\/api.w.org\/{rel}","templated":true}]}}