{"id":764784,"date":"2025-08-28T11:21:32","date_gmt":"2025-08-28T08:21:32","guid":{"rendered":"https:\/\/roveyayinevi.com.tr\/index.php\/urun\/gecmisi-yaratmak-tarihi-yazmak-ve-yeniden-dusunmek\/"},"modified":"2025-11-21T10:55:47","modified_gmt":"2025-11-21T07:55:47","slug":"gecmisi-yaratmak-tarihi-yazmak-ve-yeniden-dusunmek","status":"publish","type":"product","link":"https:\/\/roveyayinevi.com.tr\/index.php\/urun\/gecmisi-yaratmak-tarihi-yazmak-ve-yeniden-dusunmek\/","title":{"rendered":"Ge\u00e7mi\u015fi Yaratmak: Tarihi Yazmak ve Yeniden D\u00fc\u015f\u00fcnmek"},"content":{"rendered":"<p>Alun Munslow\u2019un edit\u00f6rl\u00fc\u011f\u00fcn\u00fc yapt\u0131\u011f\u0131, \u00f6zl\u00fc ve hazm\u0131 kolay denemelerin yer ald\u0131\u011f\u0131 bu derleme, \u00e7a\u011fda\u015f ilgi ve d\u00fc\u015f\u00fcncelerin geni\u015f bir yelpazesini i\u00e7ermekte ve ge\u00e7ip gitmi\u015f zamanla ilintili k\u00fclt\u00fcrel u\u011fra\u015f\u0131m\u0131z \u00fczerine makul alternatif d\u00fc\u015f\u00fcncelerden zengin bir dizi sunmaktad\u0131r. Tarih d\u00fc\u015f\u00fcnce ve prati\u011finin olduk\u00e7a verimli bir d\u00f6neminden ne\u015fet eden Ge\u00e7mi\u015fi Yaratmak, bu d\u00f6nem boyunca bi\u00e7imlenen disipline (tarih disiplinine) ili\u015fkin \u00e7e\u015fitli yakla\u015f\u0131mlar\u0131 incelemekte ve ge\u00e7mi\u015fle etkile\u015fimde bulunman\u0131n ve ge\u00e7mi\u015f \u00fczerine d\u00fc\u015f\u00fcnmenin gelece\u011fe y\u00f6nelik muhtemel yollar\u0131n\u0131 ortaya koymaktad\u0131r. Bu eser, kendine \u00f6zg\u00fc bir \u015fekilde tarihin amac\u0131 ve do\u011fas\u0131 \u00fczerine y\u00fcr\u00fct\u00fclen yak\u0131n d\u00f6nemli tart\u0131\u015fmalar\u0131n i\u00e7 y\u00fcz\u00fcn\u00fc anlamakta ve \u00e7e\u015fitli metafiziksel ve estetik se\u00e7imler yap\u0131ld\u0131\u011f\u0131nda, ge\u00e7mi\u015fin temsilinin do\u011fas\u0131n\u0131n me\u015fru bir tart\u0131\u015fma konusu h\u00e2line geldi\u011fini g\u00f6stermektedir. \u00d6\u011frenciler, bilim insanlar\u0131 ve tarihi prati\u011fe d\u00f6ken kimseler, bu eseri ufuk a\u00e7\u0131c\u0131 ve paha bi\u00e7ilmez bir kaynak olarak g\u00f6receklerdir. <\/p>\n","protected":false},"excerpt":{"rendered":"<p>Alun Munslow\u2019un edit\u00f6rl\u00fc\u011f\u00fcn\u00fc yapt\u0131\u011f\u0131, \u00f6zl\u00fc ve hazm\u0131 kolay denemelerin yer ald\u0131\u011f\u0131 bu derleme, \u00e7a\u011fda\u015f ilgi ve d\u00fc\u015f\u00fcncelerin geni\u015f bir yelpazesini i\u00e7ermekte ve ge\u00e7ip gitmi\u015f zamanla ilintili<span class=\"excerpt-hellip\"> [\u2026]<\/span><\/p>\n","protected":false},"featured_media":0,"template":"","meta":{"_monsterinsights_skip_tracking":false,"_monsterinsights_sitenote_active":false,"_monsterinsights_sitenote_note":"","_monsterinsights_sitenote_category":0},"product_brand":[],"product_cat":[12304],"product_tag":[],"class_list":{"0":"post-764784","1":"product","2":"type-product","3":"status-publish","5":"product_cat-tarih","6":"pa_cilt-ciltsiz","7":"pa_tur-kitap","8":"pa_yayinevi-yeni-insan-yayinlari","9":"pa_yazar-kolektif","11":"first","12":"instock","13":"sale","14":"shipping-taxable","15":"purchasable","16":"product-type-simple"},"_links":{"self":[{"href":"https:\/\/roveyayinevi.com.tr\/index.php\/wp-json\/wp\/v2\/product\/764784","targetHints":{"allow":["GET"]}}],"collection":[{"href":"https:\/\/roveyayinevi.com.tr\/index.php\/wp-json\/wp\/v2\/product"}],"about":[{"href":"https:\/\/roveyayinevi.com.tr\/index.php\/wp-json\/wp\/v2\/types\/product"}],"wp:attachment":[{"href":"https:\/\/roveyayinevi.com.tr\/index.php\/wp-json\/wp\/v2\/media?parent=764784"}],"wp:term":[{"taxonomy":"product_brand","embeddable":true,"href":"https:\/\/roveyayinevi.com.tr\/index.php\/wp-json\/wp\/v2\/product_brand?post=764784"},{"taxonomy":"product_cat","embeddable":true,"href":"https:\/\/roveyayinevi.com.tr\/index.php\/wp-json\/wp\/v2\/product_cat?post=764784"},{"taxonomy":"product_tag","embeddable":true,"href":"https:\/\/roveyayinevi.com.tr\/index.php\/wp-json\/wp\/v2\/product_tag?post=764784"}],"curies":[{"name":"wp","href":"https:\/\/api.w.org\/{rel}","templated":true}]}}