{"id":764780,"date":"2025-08-28T11:21:26","date_gmt":"2025-08-28T08:21:26","guid":{"rendered":"https:\/\/roveyayinevi.com.tr\/index.php\/urun\/degismeyen-tek-sey-degisimdir\/"},"modified":"2026-04-15T03:30:28","modified_gmt":"2026-04-15T00:30:28","slug":"degismeyen-tek-sey-degisimdir","status":"publish","type":"product","link":"https:\/\/roveyayinevi.com.tr\/index.php\/urun\/degismeyen-tek-sey-degisimdir\/","title":{"rendered":"De\u011fi\u015fmeyen Tek \u015eey De\u011fi\u015fimdir"},"content":{"rendered":"<p>Ben Orlin\u2019in mizah\u0131 ve k\u00f6t\u00fc \u00e7izimleri e\u015fli\u011finde, kalk\u00fcl\u00fcs ile g\u00fcnl\u00fck ya\u015fam aras\u0131ndaki kesi\u015fime dair e\u011flenceli bir inceleme.   Orlin, 28 matematik hik\u00e2yesini bir araya getirerek kalk\u00fcl\u00fcs\u00fcn, insanlar\u0131n her g\u00fcn u\u011fra\u015ft\u0131\u011f\u0131 \u015feyleri ifade etmek i\u00e7in kullan\u0131lan bir ba\u015fka dil oldu\u011funu g\u00f6steriyor: A\u015fk, risk, zaman ve en \u00f6nemlisi de\u011fi\u015fim. \u201cAnlar\u201d ve \u201cSonsuzluklar\u201d olmak \u00fczere iki b\u00f6l\u00fcme ayr\u0131lan ve Sherlock Holmes\u2019tan Mark Twain\u2019e kadar pek \u00e7ok ismi konu alan De\u011fi\u015fmeyen Tek \u015eey De\u011fi\u015fimdir, kalk\u00fcl\u00fcs, sanat, edebiyat ve Elvis ad\u0131ndaki sevimli bir k\u00f6pek aras\u0131ndaki ba\u011flant\u0131lar\u0131 ortaya \u00e7\u0131kar\u0131yor. Burada anlat\u0131lan sadece matematik i\u00e7in matematik de\u011fil; daha bilge ve daha d\u00fc\u015f\u00fcnceli bir insan olmak i\u00e7in matematik.<\/p>\n","protected":false},"excerpt":{"rendered":"<p>Ben Orlin\u2019in mizah\u0131 ve k\u00f6t\u00fc \u00e7izimleri e\u015fli\u011finde, kalk\u00fcl\u00fcs ile g\u00fcnl\u00fck ya\u015fam aras\u0131ndaki kesi\u015fime dair e\u011flenceli bir inceleme. Orlin, 28 matematik hik\u00e2yesini bir araya getirerek kalk\u00fcl\u00fcs\u00fcn, insanlar\u0131n<span class=\"excerpt-hellip\"> [\u2026]<\/span><\/p>\n","protected":false},"featured_media":0,"template":"","meta":{"_monsterinsights_skip_tracking":false,"_monsterinsights_sitenote_active":false,"_monsterinsights_sitenote_note":"","_monsterinsights_sitenote_category":0},"product_brand":[],"product_cat":[13005,16724],"product_tag":[],"class_list":{"0":"post-764780","1":"product","2":"type-product","3":"status-publish","5":"product_cat-bilim-muhendislik","6":"product_cat-matematik","7":"pa_cilt-ciltsiz","8":"pa_tur-kitap","9":"pa_yayinevi-panama-yayincilik","10":"pa_yazar-ben-orlin","12":"first","13":"instock","14":"sale","15":"shipping-taxable","16":"purchasable","17":"product-type-simple"},"_links":{"self":[{"href":"https:\/\/roveyayinevi.com.tr\/index.php\/wp-json\/wp\/v2\/product\/764780","targetHints":{"allow":["GET"]}}],"collection":[{"href":"https:\/\/roveyayinevi.com.tr\/index.php\/wp-json\/wp\/v2\/product"}],"about":[{"href":"https:\/\/roveyayinevi.com.tr\/index.php\/wp-json\/wp\/v2\/types\/product"}],"wp:attachment":[{"href":"https:\/\/roveyayinevi.com.tr\/index.php\/wp-json\/wp\/v2\/media?parent=764780"}],"wp:term":[{"taxonomy":"product_brand","embeddable":true,"href":"https:\/\/roveyayinevi.com.tr\/index.php\/wp-json\/wp\/v2\/product_brand?post=764780"},{"taxonomy":"product_cat","embeddable":true,"href":"https:\/\/roveyayinevi.com.tr\/index.php\/wp-json\/wp\/v2\/product_cat?post=764780"},{"taxonomy":"product_tag","embeddable":true,"href":"https:\/\/roveyayinevi.com.tr\/index.php\/wp-json\/wp\/v2\/product_tag?post=764780"}],"curies":[{"name":"wp","href":"https:\/\/api.w.org\/{rel}","templated":true}]}}