{"id":764779,"date":"2025-08-28T11:21:25","date_gmt":"2025-08-28T08:21:25","guid":{"rendered":"https:\/\/roveyayinevi.com.tr\/index.php\/urun\/kotu-cizimlerle-matematik\/"},"modified":"2025-09-21T19:45:32","modified_gmt":"2025-09-21T16:45:32","slug":"kotu-cizimlerle-matematik","status":"publish","type":"product","link":"https:\/\/roveyayinevi.com.tr\/index.php\/urun\/kotu-cizimlerle-matematik\/","title":{"rendered":"K\u00f6t\u00fc \u00c7izimlerle Matematik"},"content":{"rendered":"<p>Hik\u00e2yeler, mizah ve \u00e7\u00f6p adam fig\u00fcrleriyle, matemati\u011fe e\u011flenceli bir yeniden giri\u015f.   K\u00f6t\u00fc \u00c7izimlerle Matematik\u2019te Ben Orlin, matemati\u011fin \u00fc\u00e7 b\u00fcy\u00fck sorusunu yan\u0131tl\u0131yor: Bunu neden \u00f6\u011frenmem gerekiyor? Bunu ne zaman kullanaca\u011f\u0131m? Neden bu kadar zor? Yan\u0131tlamak i\u00e7in kulland\u0131\u011f\u0131 ara\u00e7lar ise al\u0131\u015f\u0131lm\u0131\u015f\u0131n epey d\u0131\u015f\u0131nda: \u015fakalar, karikat\u00fcrler, tuhaf ama ger\u00e7ek hik\u00e2yeler ve hepsinin \u00f6tesinde, matemati\u011fin herkese ait olmas\u0131 gerekti\u011fine inanan deneyimli bir \u00f6\u011fretmenin empatisi. Ben Orlin olas\u0131l\u0131k, tasar\u0131m, istatiksel analiz, say\u0131lar teorisi, mant\u0131k gibi konular\u0131 ele al\u0131rken kuru anlat\u0131mlar sunmak yerine matemati\u011fi m\u00fcmk\u00fcn oldu\u011funca ger\u00e7ek d\u00fcnyaya ba\u011fl\u0131yor ve \u00f6rne\u011fin bir \u00e7ift zar atarak ekonomik krizi nas\u0131l anlayaca\u011f\u0131m\u0131z\u0131 ve neden asla ikinci bir piyango bileti almamam\u0131z gerekti\u011fini \u00f6\u011freterek bize bir matematik\u00e7i gibi d\u00fc\u015f\u00fcnmeyi g\u00f6steriyor. K\u00f6t\u00fc \u00c7izimlerle Matematik, matemati\u011fi ders kitaplar\u0131nda anlat\u0131lanlardan \u00e7ok daha fazlas\u0131yla \u00f6\u011frenmek isteyen herkes i\u00e7in.<\/p>\n","protected":false},"excerpt":{"rendered":"<p>Hik\u00e2yeler, mizah ve \u00e7\u00f6p adam fig\u00fcrleriyle, matemati\u011fe e\u011flenceli bir yeniden giri\u015f. K\u00f6t\u00fc \u00c7izimlerle Matematik\u2019te Ben Orlin, matemati\u011fin \u00fc\u00e7 b\u00fcy\u00fck sorusunu yan\u0131tl\u0131yor: Bunu neden \u00f6\u011frenmem gerekiyor? Bunu<span class=\"excerpt-hellip\"> [\u2026]<\/span><\/p>\n","protected":false},"featured_media":0,"template":"","meta":{"_monsterinsights_skip_tracking":false,"_monsterinsights_sitenote_active":false,"_monsterinsights_sitenote_note":"","_monsterinsights_sitenote_category":0},"product_brand":[],"product_cat":[13005,16724],"product_tag":[],"class_list":{"0":"post-764779","1":"product","2":"type-product","3":"status-publish","5":"product_cat-bilim-muhendislik","6":"product_cat-matematik","7":"pa_cilt-ciltsiz","8":"pa_tur-kitap","9":"pa_yayinevi-panama-yayincilik","10":"pa_yazar-ben-orlin","12":"first","13":"instock","14":"sale","15":"shipping-taxable","16":"purchasable","17":"product-type-simple"},"_links":{"self":[{"href":"https:\/\/roveyayinevi.com.tr\/index.php\/wp-json\/wp\/v2\/product\/764779","targetHints":{"allow":["GET"]}}],"collection":[{"href":"https:\/\/roveyayinevi.com.tr\/index.php\/wp-json\/wp\/v2\/product"}],"about":[{"href":"https:\/\/roveyayinevi.com.tr\/index.php\/wp-json\/wp\/v2\/types\/product"}],"wp:attachment":[{"href":"https:\/\/roveyayinevi.com.tr\/index.php\/wp-json\/wp\/v2\/media?parent=764779"}],"wp:term":[{"taxonomy":"product_brand","embeddable":true,"href":"https:\/\/roveyayinevi.com.tr\/index.php\/wp-json\/wp\/v2\/product_brand?post=764779"},{"taxonomy":"product_cat","embeddable":true,"href":"https:\/\/roveyayinevi.com.tr\/index.php\/wp-json\/wp\/v2\/product_cat?post=764779"},{"taxonomy":"product_tag","embeddable":true,"href":"https:\/\/roveyayinevi.com.tr\/index.php\/wp-json\/wp\/v2\/product_tag?post=764779"}],"curies":[{"name":"wp","href":"https:\/\/api.w.org\/{rel}","templated":true}]}}