{"id":764755,"date":"2025-08-28T11:20:44","date_gmt":"2025-08-28T08:20:44","guid":{"rendered":"https:\/\/roveyayinevi.com.tr\/index.php\/urun\/milyonerlerin-basari-aliskanliklari\/"},"modified":"2026-04-15T03:30:27","modified_gmt":"2026-04-15T00:30:27","slug":"milyonerlerin-basari-aliskanliklari","status":"publish","type":"product","link":"https:\/\/roveyayinevi.com.tr\/index.php\/urun\/milyonerlerin-basari-aliskanliklari\/","title":{"rendered":"Milyonerlerin Ba\u015far\u0131 Al\u0131\u015fkanl\u0131klar\u0131"},"content":{"rendered":"<p>Ataca\u011f\u0131n\u0131z her k\u00fc\u00e7\u00fck ad\u0131m, b\u00fcy\u00fck bir ba\u015far\u0131n\u0131n anahtar\u0131 olacakt\u0131r. Milyonerlerin Ba\u015far\u0131 Al\u0131\u015fkanl\u0131klar\u0131 tek bir ama\u00e7 g\u00f6z \u00f6n\u00fcnde bulundurularak tasarlanm\u0131\u015f bir kitapt\u0131r: Uygulamas\u0131 kolay \u201cba\u015far\u0131 al\u0131\u015fkanl\u0131klar\u0131n\u0131\u201d g\u00fcnl\u00fck rutininize dahil ederek sizi hayatta bulundu\u011funuz yerden, olmak istedi\u011finiz yere g\u00f6t\u00fcrmek. Efsanevi giri\u015fimci ve yat\u0131r\u0131m ko\u00e7u Dean Graziosi, ba\u015far\u0131n\u0131n etraf\u0131ndaki zorluklardan \u00f6r\u00fclm\u00fc\u015f duvarlar\u0131 y\u0131karak arzu etti\u011finiz zenginlik ve bolluk d\u00fczeyine ula\u015fmak i\u00e7in h\u0131zla uygulayabilece\u011finiz basit stratejileri okurlar\u0131na sunuyor. Bu kitab\u0131n amac\u0131 gelecekte size ba\u015far\u0131 kazand\u0131rmaya hizmet etmeyen \u015feyleri, i\u015fe yararl\u0131\u011f\u0131 kan\u0131tlanm\u0131\u015f ba\u015far\u0131 al\u0131\u015fkanl\u0131klar\u0131yla de\u011fi\u015ftirmektir. Bu sayfalarda a\u015fa\u011f\u0131daki ana ba\u015fl\u0131klar yer almaktad\u0131r: \u2022\u201cNeden\u201dinizi, yani sizi bir \u015fey yapmaya g\u00fcd\u00fcleyen ger\u00e7ek amac\u0131 ve ba\u015far\u0131l\u0131 olmak istemenizin ger\u00e7ek sebebini belirlemek. \u2022Sizi geride tutan \u201ci\u00e7inizdeki k\u00f6t\u00fc adam\u0131\u201d ortaya \u00e7\u0131karmak ve onu alt etmek. \u2022\u00dcretken olman\u0131n en b\u00fcy\u00fck s\u0131rr\u0131n\u0131 a\u00e7\u0131\u011fa \u00e7\u0131karmak. \u2022Kendi potansiyelinize inanmak ve bunu a\u00e7\u0131\u011fa \u00e7\u0131karabilmek. \u2022Yeni hayat\u0131n\u0131za do\u011fru bir kap\u0131 aralayacak olan i\u00e7in Dean\u2019in otuz g\u00fcnl\u00fck \u201cDaha \u0130yi Bir Hayat Meydan Okumas\u0131\u201dndan faydalanmak. Milyonerlerin Ba\u015far\u0131 Al\u0131\u015fkanl\u0131klar\u0131 g\u00fcnl\u00fck rutininizi k\u00f6kten yeniden \u015fekillendirmek ve refaha giden yeni kap\u0131lar a\u00e7mak i\u00e7in ihtiyac\u0131n\u0131z olan ara\u00e7lar\u0131 size sunuyor. <\/p>\n","protected":false},"excerpt":{"rendered":"<p>Ataca\u011f\u0131n\u0131z her k\u00fc\u00e7\u00fck ad\u0131m, b\u00fcy\u00fck bir ba\u015far\u0131n\u0131n anahtar\u0131 olacakt\u0131r. Milyonerlerin Ba\u015far\u0131 Al\u0131\u015fkanl\u0131klar\u0131 tek bir ama\u00e7 g\u00f6z \u00f6n\u00fcnde bulundurularak tasarlanm\u0131\u015f bir kitapt\u0131r: Uygulamas\u0131 kolay \u201cba\u015far\u0131 al\u0131\u015fkanl\u0131klar\u0131n\u0131\u201d g\u00fcnl\u00fck<span class=\"excerpt-hellip\"> [\u2026]<\/span><\/p>\n","protected":false},"featured_media":0,"template":"","meta":{"_monsterinsights_skip_tracking":false,"_monsterinsights_sitenote_active":false,"_monsterinsights_sitenote_note":"","_monsterinsights_sitenote_category":0},"product_brand":[],"product_cat":[13043],"product_tag":[],"class_list":{"0":"post-764755","1":"product","2":"type-product","3":"status-publish","5":"product_cat-ekonomi","6":"pa_cilt-ciltsiz","7":"pa_tur-kitap","8":"pa_yayinevi-ucuncu-goz","9":"pa_yazar-dean-graziosi","11":"first","12":"instock","13":"sale","14":"shipping-taxable","15":"purchasable","16":"product-type-simple"},"_links":{"self":[{"href":"https:\/\/roveyayinevi.com.tr\/index.php\/wp-json\/wp\/v2\/product\/764755","targetHints":{"allow":["GET"]}}],"collection":[{"href":"https:\/\/roveyayinevi.com.tr\/index.php\/wp-json\/wp\/v2\/product"}],"about":[{"href":"https:\/\/roveyayinevi.com.tr\/index.php\/wp-json\/wp\/v2\/types\/product"}],"wp:attachment":[{"href":"https:\/\/roveyayinevi.com.tr\/index.php\/wp-json\/wp\/v2\/media?parent=764755"}],"wp:term":[{"taxonomy":"product_brand","embeddable":true,"href":"https:\/\/roveyayinevi.com.tr\/index.php\/wp-json\/wp\/v2\/product_brand?post=764755"},{"taxonomy":"product_cat","embeddable":true,"href":"https:\/\/roveyayinevi.com.tr\/index.php\/wp-json\/wp\/v2\/product_cat?post=764755"},{"taxonomy":"product_tag","embeddable":true,"href":"https:\/\/roveyayinevi.com.tr\/index.php\/wp-json\/wp\/v2\/product_tag?post=764755"}],"curies":[{"name":"wp","href":"https:\/\/api.w.org\/{rel}","templated":true}]}}