{"id":764748,"date":"2025-08-28T11:20:32","date_gmt":"2025-08-28T08:20:32","guid":{"rendered":"https:\/\/roveyayinevi.com.tr\/index.php\/urun\/giz-avi\/"},"modified":"2026-04-15T03:30:27","modified_gmt":"2026-04-15T00:30:27","slug":"giz-avi","status":"publish","type":"product","link":"https:\/\/roveyayinevi.com.tr\/index.php\/urun\/giz-avi\/","title":{"rendered":"Giz Av\u0131"},"content":{"rendered":"<p>Karma\u015f\u0131k Sahafta s\u0131radan bir g\u00fcnd\u00fc. Durun\u2026 Yoksa de\u011fil miydi? Okuldan sonra ko\u015fa ko\u015fa gitti\u011finiz bir yer ya da hi\u00e7 vazge\u00e7medi\u011finiz, pe\u015finden ne\u015feyle ko\u015ftu\u011funuz bir tutkunuz var m\u0131? \u0130\u015fte \u00d6yk\u00fc, her g\u00fcn halas\u0131n\u0131n d\u00fckk\u00e2n\u0131nda al\u0131yor solu\u011fu; Karma\u015f\u0131k Sahafta. Buras\u0131 \u00f6ylesine zengin bir d\u00fcnya ki i\u00e7eriye ad\u0131m att\u0131\u011f\u0131 an b\u00fcy\u00fcleniyor, yepyeni ke\u015fifler i\u00e7in bitmeyen bir heyecan duyuyor. Davetk\u00e2r sayfalar\u0131n aras\u0131nda gezindik\u00e7e tutkusu b\u00fcy\u00fcyor, b\u00fcy\u00fcyor, i\u00e7i i\u00e7ine s\u0131\u011fm\u0131yor. Her yeni g\u00fcn, ge\u00e7mi\u015fte kalan, unutulan, saklanan, belki de kaybolup sayfa sayfa gezen \u015feylerle kar\u015f\u0131la\u015f\u0131yor. Dilini bilmedi\u011fi s\u0131r dolu mektuplar, yepyeni gizemlere i\u015faret eden krokiler, sahibini bekleyen kurutulmu\u015f \u00e7i\u00e7ekler ve daha nicesi\u2026 Hepsi, Kuzey\u2019le birlikte ad\u0131mlanacak \u015fahane yollar, \u00e7\u00f6z\u00fclecek olaylar, tan\u0131\u015f\u0131lacak yepyeni insanlar demek. Asl\u0131n\u0131 isterseniz sahaf\u0131n d\u0131\u015f\u0131ndaki d\u00fcnya da pek farkl\u0131 say\u0131lmaz. Orada da \u00e7\u00f6z\u00fclecek gizemler hi\u00e7 bitmiyor. Bazen kaybolan bir elmas\u0131n bulunmas\u0131 gerekiyor, bazen de unutulan dostluklar\u0131n hat\u0131rlat\u0131lmas\u0131. Kimi zaman \u00f6nyarg\u0131 duvarlar\u0131 a\u015f\u0131lmal\u0131, kimi zamansa birlik olma co\u015fkusunun nereye kayboldu\u011fu \u00f6\u011frenilmeli. Yazar Nehir Yarar yine mahallemizi \u015fenlendiriyor. Bu s\u0131cac\u0131k romanla bulu\u015fup \u00d6yk\u00fc ve Kuzey\u2019in s\u0131rlar\u0131na ortak olmaya haz\u0131r m\u0131s\u0131n\u0131z?  <\/p>\n","protected":false},"excerpt":{"rendered":"<p>Karma\u015f\u0131k Sahafta s\u0131radan bir g\u00fcnd\u00fc. Durun\u2026 Yoksa de\u011fil miydi? Okuldan sonra ko\u015fa ko\u015fa gitti\u011finiz bir yer ya da hi\u00e7 vazge\u00e7medi\u011finiz, pe\u015finden ne\u015feyle ko\u015ftu\u011funuz bir tutkunuz var<span class=\"excerpt-hellip\"> [\u2026]<\/span><\/p>\n","protected":false},"featured_media":0,"template":"","meta":{"_monsterinsights_skip_tracking":false,"_monsterinsights_sitenote_active":false,"_monsterinsights_sitenote_note":"","_monsterinsights_sitenote_category":0},"product_brand":[],"product_cat":[12274],"product_tag":[],"class_list":{"0":"post-764748","1":"product","2":"type-product","3":"status-publish","5":"product_cat-cocuk-ve-genclik-kitaplari","6":"pa_cilt-ciltsiz","7":"pa_tur-kitap","8":"pa_yayinevi-elma-cocuk","9":"pa_yazar-nehir-yarar","11":"first","12":"instock","13":"sale","14":"shipping-taxable","15":"purchasable","16":"product-type-simple"},"_links":{"self":[{"href":"https:\/\/roveyayinevi.com.tr\/index.php\/wp-json\/wp\/v2\/product\/764748","targetHints":{"allow":["GET"]}}],"collection":[{"href":"https:\/\/roveyayinevi.com.tr\/index.php\/wp-json\/wp\/v2\/product"}],"about":[{"href":"https:\/\/roveyayinevi.com.tr\/index.php\/wp-json\/wp\/v2\/types\/product"}],"wp:attachment":[{"href":"https:\/\/roveyayinevi.com.tr\/index.php\/wp-json\/wp\/v2\/media?parent=764748"}],"wp:term":[{"taxonomy":"product_brand","embeddable":true,"href":"https:\/\/roveyayinevi.com.tr\/index.php\/wp-json\/wp\/v2\/product_brand?post=764748"},{"taxonomy":"product_cat","embeddable":true,"href":"https:\/\/roveyayinevi.com.tr\/index.php\/wp-json\/wp\/v2\/product_cat?post=764748"},{"taxonomy":"product_tag","embeddable":true,"href":"https:\/\/roveyayinevi.com.tr\/index.php\/wp-json\/wp\/v2\/product_tag?post=764748"}],"curies":[{"name":"wp","href":"https:\/\/api.w.org\/{rel}","templated":true}]}}