{"id":764744,"date":"2025-08-28T11:20:25","date_gmt":"2025-08-28T08:20:25","guid":{"rendered":"https:\/\/roveyayinevi.com.tr\/index.php\/urun\/mengene-gocmenleri\/"},"modified":"2026-04-15T03:30:27","modified_gmt":"2026-04-15T00:30:27","slug":"mengene-gocmenleri","status":"publish","type":"product","link":"https:\/\/roveyayinevi.com.tr\/index.php\/urun\/mengene-gocmenleri\/","title":{"rendered":"Mengene G\u00f6\u00e7menleri"},"content":{"rendered":"<p>Mahmutpa\u015fan\u0131n, \u00c7iftesaraylar Caddesinde bir g\u00f6\u00e7men mahallesi. Bizansl\u0131lardan kalma surlar\u0131n \u00e7evirdi\u011fi altm\u0131\u015f hanelik k\u00fc\u00e7\u00fck bir d\u00fcnya. Kafkas, K\u0131r\u0131m g\u00f6\u00e7menlerinin d\u00fcnyas\u0131. Mahmutpa\u015fan\u0131n ortas\u0131nda bir k\u00fc\u00e7\u00fck Kafkasya, bir k\u00fc\u00e7\u00fck K\u0131r\u0131m. Ad\u0131 Mengene B\u00f6lgesi. Ve 1892nin Silistre&#8217;sinde par\u00e7alanan bir ailenin bu k\u00fc\u00e7\u00fck d\u00fcnyaya s\u0131\u011f\u0131nan bireyleri.   G\u00f6n\u00fcls\u00fcz g\u00f6\u00e7lerin cefak\u00e2rl\u0131k, fedak\u00e2rl\u0131k ve ard\u0131 kesilmeyen sava\u015flarla yo\u011frulan dram\u0131nda do\u011fan, b\u00fcy\u00fcyen \u00e7ocuklar. \u00c7ocukluklar\u0131n\u0131 bilemeden gen\u00e7li\u011fe, gen\u00e7liklerini tadamadan ihtiyarlar\u0131n yorgunlu\u011funa eri\u015fen nesiller. Yasak, ay\u0131p ve g\u00fcnah kavramlar\u0131n\u0131n g\u00f6lgesinde ya\u015fanan masum a\u015fklar, kalp k\u0131r\u0131kl\u0131klar\u0131, zaman\u0131n k\u0131skan\u00e7l\u0131\u011f\u0131nda kurulan hayaller ve ili\u015fkiler.   Bug\u00fcn yerinde yeller esen Mengeneden geriye fazla bir \u015fey kalmad\u0131 gibi. Ama an\u0131lar hep taze. Aynen, Mengene i\u00e7inde do\u011fan M\u00fcrvetin an\u0131lar\u0131 gibi. Kurt Seyit&#8217;in Murkas\u0131 oldu\u011fu g\u00fcnlerinin an\u0131lar\u0131 kadar taze&#8230; <\/p>\n","protected":false},"excerpt":{"rendered":"<p>Mahmutpa\u015fan\u0131n, \u00c7iftesaraylar Caddesinde bir g\u00f6\u00e7men mahallesi. Bizansl\u0131lardan kalma surlar\u0131n \u00e7evirdi\u011fi altm\u0131\u015f hanelik k\u00fc\u00e7\u00fck bir d\u00fcnya. Kafkas, K\u0131r\u0131m g\u00f6\u00e7menlerinin d\u00fcnyas\u0131. Mahmutpa\u015fan\u0131n ortas\u0131nda bir k\u00fc\u00e7\u00fck Kafkasya, bir k\u00fc\u00e7\u00fck<span class=\"excerpt-hellip\"> [\u2026]<\/span><\/p>\n","protected":false},"featured_media":0,"template":"","meta":{"_monsterinsights_skip_tracking":false,"_monsterinsights_sitenote_active":false,"_monsterinsights_sitenote_note":"","_monsterinsights_sitenote_category":0},"product_brand":[],"product_cat":[12291,12711],"product_tag":[],"class_list":{"0":"post-764744","1":"product","2":"type-product","3":"status-publish","5":"product_cat-edebiyat","6":"product_cat-roman-oyku","7":"pa_cilt-ciltsiz","8":"pa_tur-kitap","9":"pa_yayinevi-dogan-kitap","10":"pa_yazar-nermin-bezmen","12":"first","13":"instock","14":"sale","15":"shipping-taxable","16":"purchasable","17":"product-type-simple"},"_links":{"self":[{"href":"https:\/\/roveyayinevi.com.tr\/index.php\/wp-json\/wp\/v2\/product\/764744","targetHints":{"allow":["GET"]}}],"collection":[{"href":"https:\/\/roveyayinevi.com.tr\/index.php\/wp-json\/wp\/v2\/product"}],"about":[{"href":"https:\/\/roveyayinevi.com.tr\/index.php\/wp-json\/wp\/v2\/types\/product"}],"wp:attachment":[{"href":"https:\/\/roveyayinevi.com.tr\/index.php\/wp-json\/wp\/v2\/media?parent=764744"}],"wp:term":[{"taxonomy":"product_brand","embeddable":true,"href":"https:\/\/roveyayinevi.com.tr\/index.php\/wp-json\/wp\/v2\/product_brand?post=764744"},{"taxonomy":"product_cat","embeddable":true,"href":"https:\/\/roveyayinevi.com.tr\/index.php\/wp-json\/wp\/v2\/product_cat?post=764744"},{"taxonomy":"product_tag","embeddable":true,"href":"https:\/\/roveyayinevi.com.tr\/index.php\/wp-json\/wp\/v2\/product_tag?post=764744"}],"curies":[{"name":"wp","href":"https:\/\/api.w.org\/{rel}","templated":true}]}}