{"id":764733,"date":"2025-08-28T11:20:10","date_gmt":"2025-08-28T08:20:10","guid":{"rendered":"https:\/\/roveyayinevi.com.tr\/index.php\/urun\/wanat-mo-ikinci-binyilda-bati-anadolu-son-gelismeler-ve-gelecege-dair-gorusler\/"},"modified":"2026-04-15T03:30:27","modified_gmt":"2026-04-15T00:30:27","slug":"wanat-mo-ikinci-binyilda-bati-anadolu-son-gelismeler-ve-gelecege-dair-gorusler","status":"publish","type":"product","link":"https:\/\/roveyayinevi.com.tr\/index.php\/urun\/wanat-mo-ikinci-binyilda-bati-anadolu-son-gelismeler-ve-gelecege-dair-gorusler\/","title":{"rendered":"Wanat M\u00d6 \u0130kinci Biny\u0131lda Bat\u0131 Anadolu Son Geli\u015fmeler ve Gelece\u011fe Dair G\u00f6r\u00fc\u015fler"},"content":{"rendered":"<p>Hakemlerce de\u011ferlendirilerek yay\u0131na haz\u0131rlanan bu kitap, Orta ve Ge\u00e7 Tun\u00e7 \u00c7a\u011f\u0131 Bat\u0131 Anadolu arkeolojisine y\u00f6nelik yeni \u00e7al\u0131\u015fmalar y\u00fcr\u00fcten, yeni yakla\u015f\u0131mlar benimseyip yeni yorumlar ortaya koyan \u00e7e\u015fitli uluslararas\u0131 ara\u015ft\u0131rmac\u0131lar\u0131n sonu\u00e7lar\u0131n\u0131 bir araya getiriyor. S\u00f6z konusu alan olduk\u00e7a b\u00fcy\u00fck olmakla birlikte \u00f6nemli \u00f6l\u00e7\u00fcde bir b\u00f6lgesel \u00e7e\u015fitlili\u011fe de sahip. Bat\u0131 Anadolu k\u00fclt\u00fcrlerini kom\u015fular\u0131ndan ay\u0131ran \u015fey ne? Belirli alt b\u00f6lgeleri a\u00e7\u0131k bir \u015fekilde tan\u0131mlamak m\u00fcmk\u00fcn m\u00fc? Bu k\u00fclt\u00fcrler, yerel k\u00fclt\u00fcrel de\u011fi\u015fim ve b\u00f6lgesel etkile\u015fim ba\u011flam\u0131nda hangi yollar\u0131 izlediler? Bu ve bunun gibi daha pek \u00e7ok meseleye \u0131\u015f\u0131k tutmaya \u00e7al\u0131\u015fan ara\u015ft\u0131rmac\u0131lar, Bat\u0131 Anadolu\u2019nun geni\u015f topraklar\u0131na yay\u0131lan maddi ve kronolojik e\u015fzamanl\u0131l\u0131\u011f\u0131 ve\/veya bilgilerimizdeki eksiklikleri ortaya koyarak ara\u015ft\u0131rmalar\u0131n mevcut durumuna ili\u015fkin g\u00fcncel bir de\u011ferlendirme sunarken, b\u00f6lgesel ve alt b\u00f6lgesel farkl\u0131l\u0131klar\u0131n tan\u0131mlanmas\u0131na y\u00f6nelik gelecek ara\u015ft\u0131rmalara da yol g\u00f6steriyor. Bu farkl\u0131l\u0131klar, b\u00f6lgenin yekpare bir k\u00fclt\u00fcrel b\u00fct\u00fcn olarak ele al\u0131nmamas\u0131 gerekti\u011fini ortaya koyuyor. Bunlar, daha \u00e7ok birbiriyle i\u00e7 i\u00e7e ge\u00e7en ileti\u015fim, de\u011fi\u015f toku\u015f ve politik etkile\u015fim alanlar\u0131na dahil olmalar\u0131 nedeniyle m\u00fc\u015fterekle\u015fen, ili\u015fkili ancak farkl\u0131 olan birimlerin g\u00f6stergesidir ve bu nedenle bu \u00e7al\u0131\u015fmaya dahil edildiler.<\/p>\n","protected":false},"excerpt":{"rendered":"<p>Hakemlerce de\u011ferlendirilerek yay\u0131na haz\u0131rlanan bu kitap, Orta ve Ge\u00e7 Tun\u00e7 \u00c7a\u011f\u0131 Bat\u0131 Anadolu arkeolojisine y\u00f6nelik yeni \u00e7al\u0131\u015fmalar y\u00fcr\u00fcten, yeni yakla\u015f\u0131mlar benimseyip yeni yorumlar ortaya koyan \u00e7e\u015fitli<span class=\"excerpt-hellip\"> [\u2026]<\/span><\/p>\n","protected":false},"featured_media":0,"template":"","meta":{"_monsterinsights_skip_tracking":false,"_monsterinsights_sitenote_active":false,"_monsterinsights_sitenote_note":"","_monsterinsights_sitenote_category":0},"product_brand":[],"product_cat":[52477,52478],"product_tag":[],"class_list":{"0":"post-764733","1":"product","2":"type-product","3":"status-publish","5":"product_cat-arastirma","6":"product_cat-arkeoloji","7":"pa_cilt-ciltsiz","8":"pa_tur-kitap","9":"pa_yayinevi-koc-universitesi-yayinlari","10":"pa_yazar-kolektif","12":"first","13":"instock","14":"sale","15":"shipping-taxable","16":"purchasable","17":"product-type-simple"},"_links":{"self":[{"href":"https:\/\/roveyayinevi.com.tr\/index.php\/wp-json\/wp\/v2\/product\/764733","targetHints":{"allow":["GET"]}}],"collection":[{"href":"https:\/\/roveyayinevi.com.tr\/index.php\/wp-json\/wp\/v2\/product"}],"about":[{"href":"https:\/\/roveyayinevi.com.tr\/index.php\/wp-json\/wp\/v2\/types\/product"}],"wp:attachment":[{"href":"https:\/\/roveyayinevi.com.tr\/index.php\/wp-json\/wp\/v2\/media?parent=764733"}],"wp:term":[{"taxonomy":"product_brand","embeddable":true,"href":"https:\/\/roveyayinevi.com.tr\/index.php\/wp-json\/wp\/v2\/product_brand?post=764733"},{"taxonomy":"product_cat","embeddable":true,"href":"https:\/\/roveyayinevi.com.tr\/index.php\/wp-json\/wp\/v2\/product_cat?post=764733"},{"taxonomy":"product_tag","embeddable":true,"href":"https:\/\/roveyayinevi.com.tr\/index.php\/wp-json\/wp\/v2\/product_tag?post=764733"}],"curies":[{"name":"wp","href":"https:\/\/api.w.org\/{rel}","templated":true}]}}