{"id":764729,"date":"2025-08-28T11:20:04","date_gmt":"2025-08-28T08:20:04","guid":{"rendered":"https:\/\/roveyayinevi.com.tr\/index.php\/urun\/dijital-cagda-yatirim\/"},"modified":"2026-04-15T03:30:27","modified_gmt":"2026-04-15T00:30:27","slug":"dijital-cagda-yatirim","status":"publish","type":"product","link":"https:\/\/roveyayinevi.com.tr\/index.php\/urun\/dijital-cagda-yatirim\/","title":{"rendered":"Dijital \u00c7a\u011fda Yat\u0131r\u0131m"},"content":{"rendered":"<p>Dijital Okuryazarl\u0131k ve Bireysel Finans Hakk\u0131nda Her \u015eey&#8230; Bu kitab\u0131n \u00f6n kopyas\u0131n\u0131 inceleyen Dr. Mahfi E\u011filmez \u015f\u00f6yle diyor: \u201cSon d\u00f6nemde okudu\u011fum en etkileyici kitap diyebilirim. Attila K\u00f6ksal\u2019\u0131n bu kitab\u0131 tam bir ba\u015fyap\u0131t olmu\u015f. Mutlaka al\u0131p okuyun, bana te\u015fekk\u00fcr edeceksiniz.\u201d Di\u011fer g\u00f6r\u00fc\u015fler ise a\u015fa\u011f\u0131da: Dijital \u00c7a\u011fda Yat\u0131r\u0131m, Attila K\u00f6ksal\u2019\u0131n finansal bilgeli\u011fini sade ve anla\u015f\u0131l\u0131r bir dille sundu\u011fu bir eser. Kitap, tarihte g\u00f6r\u00fclmemi\u015f zenginlikte ve \u00e7e\u015fitlilikte yat\u0131r\u0131m imk\u00e2nlar\u0131n\u0131n sunuldu\u011fu bu d\u00f6nemde, karma\u015f\u0131k finansal kavramlar\u0131 basit ve etkili bir \u015fekilde a\u00e7\u0131klayarak yat\u0131r\u0131m d\u00fcnyas\u0131n\u0131 herkesin anlayabilece\u011fi h\u00e2le getiriyor. K\u00f6ksal, yat\u0131r\u0131mlar\u0131 y\u00f6netmenin asl\u0131nda riskin y\u00f6netimi oldu\u011funu, bize kazand\u0131rd\u0131\u011f\u0131 k\u0131ymetli kitaplar\u0131yla her f\u0131rsatta hat\u0131rlat\u0131yor. \u2013HAKAN B\u00d6RTE\u00c7ENE G\u00fcncel finansal okuryazarl\u0131k konular\u0131n\u0131n dijital \u00e7a\u011f\u0131n dinamikleriyle ustal\u0131kla harmanland\u0131\u011f\u0131, olduk\u00e7a kapsaml\u0131 ancak bir \u00e7\u0131rp\u0131da okunabilecek bu de\u011ferli eser i\u00e7in Attila K\u00f6ksal\u2019\u0131 kutlar\u0131m. \u2013HAKAN B\u0130NBA\u015eG\u0130L Attila K\u00f6ksal\u2019\u0131n uzun y\u0131llar\u0131n deneyimine, teknik bilgiyle ve davran\u0131\u015fsal ekonominin kavramlar\u0131na dayal\u0131 yat\u0131r\u0131m \u00f6nerileri, e\u011fitici, \u00f6\u011fretici ve motive edici. Dijitalle\u015fen d\u00fcnyada bireylerin \u00e7ok farkl\u0131 yat\u0131r\u0131m ara\u00e7lar\u0131na kendi kendilerine h\u0131zl\u0131, hatas\u0131z ve 24 saat ula\u015fabildi\u011fi \u00e7a\u011f\u0131m\u0131zda disiplin i\u00e7inde birikim yapmak ve yat\u0131r\u0131mlar\u0131 \u00f6nerilen ilkelere g\u00f6re y\u00f6netmek herkes i\u00e7in \u00f6zellikle gen\u00e7ler i\u00e7in \u00e7ok de\u011ferli ve fevkalade yararl\u0131. \u2013\u00d6MER ARAS<\/p>\n","protected":false},"excerpt":{"rendered":"<p>Dijital Okuryazarl\u0131k ve Bireysel Finans Hakk\u0131nda Her \u015eey&#8230; Bu kitab\u0131n \u00f6n kopyas\u0131n\u0131 inceleyen Dr. Mahfi E\u011filmez \u015f\u00f6yle diyor: \u201cSon d\u00f6nemde okudu\u011fum en etkileyici kitap diyebilirim. Attila<span class=\"excerpt-hellip\"> [\u2026]<\/span><\/p>\n","protected":false},"featured_media":0,"template":"","meta":{"_monsterinsights_skip_tracking":false,"_monsterinsights_sitenote_active":false,"_monsterinsights_sitenote_note":"","_monsterinsights_sitenote_category":0},"product_brand":[],"product_cat":[13043],"product_tag":[],"class_list":{"0":"post-764729","1":"product","2":"type-product","3":"status-publish","5":"product_cat-ekonomi","6":"pa_cilt-ciltsiz","7":"pa_tur-kitap","8":"pa_yayinevi-remzi-kitabevi","9":"pa_yazar-attila-koksal","11":"first","12":"instock","13":"sale","14":"shipping-taxable","15":"purchasable","16":"product-type-simple"},"_links":{"self":[{"href":"https:\/\/roveyayinevi.com.tr\/index.php\/wp-json\/wp\/v2\/product\/764729","targetHints":{"allow":["GET"]}}],"collection":[{"href":"https:\/\/roveyayinevi.com.tr\/index.php\/wp-json\/wp\/v2\/product"}],"about":[{"href":"https:\/\/roveyayinevi.com.tr\/index.php\/wp-json\/wp\/v2\/types\/product"}],"wp:attachment":[{"href":"https:\/\/roveyayinevi.com.tr\/index.php\/wp-json\/wp\/v2\/media?parent=764729"}],"wp:term":[{"taxonomy":"product_brand","embeddable":true,"href":"https:\/\/roveyayinevi.com.tr\/index.php\/wp-json\/wp\/v2\/product_brand?post=764729"},{"taxonomy":"product_cat","embeddable":true,"href":"https:\/\/roveyayinevi.com.tr\/index.php\/wp-json\/wp\/v2\/product_cat?post=764729"},{"taxonomy":"product_tag","embeddable":true,"href":"https:\/\/roveyayinevi.com.tr\/index.php\/wp-json\/wp\/v2\/product_tag?post=764729"}],"curies":[{"name":"wp","href":"https:\/\/api.w.org\/{rel}","templated":true}]}}