{"id":764723,"date":"2025-08-28T11:19:54","date_gmt":"2025-08-28T08:19:54","guid":{"rendered":"https:\/\/roveyayinevi.com.tr\/index.php\/urun\/mafya-eroin-devlet-turkiyenin-alacakaranligi\/"},"modified":"2026-04-15T03:30:26","modified_gmt":"2026-04-15T00:30:26","slug":"mafya-eroin-devlet-turkiyenin-alacakaranligi","status":"publish","type":"product","link":"https:\/\/roveyayinevi.com.tr\/index.php\/urun\/mafya-eroin-devlet-turkiyenin-alacakaranligi\/","title":{"rendered":"Mafya, Eroin, Devlet  &#8211; T\u00fcrkiye\u2019nin Alacakaranl\u0131\u011f\u0131"},"content":{"rendered":"<p>Yeralt\u0131 d\u00fcnyas\u0131n\u0131n devletle girift ili\u015fkisi, Osmanl\u0131\u2019n\u0131n son d\u00f6neminden bug\u00fcne modern T\u00fcrkiye\u2019nin tarihini olu\u015fturdu, olu\u015fturmaya da devam ediyor. Son ony\u0131llarda mafya ve organize su\u00e7 \u00e7etelerine dair skandallar sadece g\u00fcndelik siyaseti de\u011fil, T\u00fcrkiye\u2019nin yap\u0131sal ko\u015fullar\u0131n\u0131 da etkiledi. Afyon \u00fcretimi ve uyu\u015fturucu ka\u00e7ak\u00e7\u0131l\u0131\u011f\u0131n\u0131n kirli ticaretindeki karanl\u0131k eller, b\u00fcy\u00fck bir ticari end\u00fcstrinin de sahipleri oldu. \u0130mparatorluktan ulus devlete ge\u00e7i\u015fte uyu\u015fturucu, mafya ile devlet aras\u0131nda karma\u015f\u0131k bir ili\u015fkiler a\u011f\u0131 \u00f6rd\u00fc. Bu ili\u015fkiler, yolsuzlu\u011fu ve \u015fiddeti T\u00fcrkiye\u2019nin tarihinin ana ba\u015fl\u0131klar\u0131 h\u00e2line getirdi. T\u00fcrkiye ve Amerika\u2019daki ar\u015fiv kaynaklar\u0131ndan hareketle mafya, eroin ve devletin ulusal g\u00fcvenlik siyasetini nas\u0131l belirledi\u011fini anlatan bu \u00e7al\u0131\u015fma, Susurluk ve Ergenekon gibi davalarla karabatak gibi kimi zaman su y\u00fcz\u00fcne \u00e7\u0131kan kimi zaman kendini gizleyen \u201cderin devlet\u201din tarihini de g\u00f6zler \u00f6n\u00fcne seriyor.   <\/p>\n","protected":false},"excerpt":{"rendered":"<p>Yeralt\u0131 d\u00fcnyas\u0131n\u0131n devletle girift ili\u015fkisi, Osmanl\u0131\u2019n\u0131n son d\u00f6neminden bug\u00fcne modern T\u00fcrkiye\u2019nin tarihini olu\u015fturdu, olu\u015fturmaya da devam ediyor. Son ony\u0131llarda mafya ve organize su\u00e7 \u00e7etelerine dair skandallar<span class=\"excerpt-hellip\"> [\u2026]<\/span><\/p>\n","protected":false},"featured_media":0,"template":"","meta":{"_monsterinsights_skip_tracking":false,"_monsterinsights_sitenote_active":false,"_monsterinsights_sitenote_note":"","_monsterinsights_sitenote_category":0},"product_brand":[],"product_cat":[12304],"product_tag":[],"class_list":{"0":"post-764723","1":"product","2":"type-product","3":"status-publish","5":"product_cat-tarih","6":"pa_cilt-ciltsiz","7":"pa_tur-kitap","8":"pa_yayinevi-fol-kitap","9":"pa_yazar-ryan-gingeras","11":"first","12":"instock","13":"sale","14":"shipping-taxable","15":"purchasable","16":"product-type-simple"},"_links":{"self":[{"href":"https:\/\/roveyayinevi.com.tr\/index.php\/wp-json\/wp\/v2\/product\/764723","targetHints":{"allow":["GET"]}}],"collection":[{"href":"https:\/\/roveyayinevi.com.tr\/index.php\/wp-json\/wp\/v2\/product"}],"about":[{"href":"https:\/\/roveyayinevi.com.tr\/index.php\/wp-json\/wp\/v2\/types\/product"}],"wp:attachment":[{"href":"https:\/\/roveyayinevi.com.tr\/index.php\/wp-json\/wp\/v2\/media?parent=764723"}],"wp:term":[{"taxonomy":"product_brand","embeddable":true,"href":"https:\/\/roveyayinevi.com.tr\/index.php\/wp-json\/wp\/v2\/product_brand?post=764723"},{"taxonomy":"product_cat","embeddable":true,"href":"https:\/\/roveyayinevi.com.tr\/index.php\/wp-json\/wp\/v2\/product_cat?post=764723"},{"taxonomy":"product_tag","embeddable":true,"href":"https:\/\/roveyayinevi.com.tr\/index.php\/wp-json\/wp\/v2\/product_tag?post=764723"}],"curies":[{"name":"wp","href":"https:\/\/api.w.org\/{rel}","templated":true}]}}