{"id":764720,"date":"2025-08-28T11:19:49","date_gmt":"2025-08-28T08:19:49","guid":{"rendered":"https:\/\/roveyayinevi.com.tr\/index.php\/urun\/tanrinin-evrimi\/"},"modified":"2026-04-15T03:30:26","modified_gmt":"2026-04-15T00:30:26","slug":"tanrinin-evrimi","status":"publish","type":"product","link":"https:\/\/roveyayinevi.com.tr\/index.php\/urun\/tanrinin-evrimi\/","title":{"rendered":"Tanr\u0131\u2019n\u0131n Evrimi"},"content":{"rendered":"<p>&#8220;Tanr\u0131\u2019n\u0131n ve dinin k\u00f6kenine ve gelece\u011fine dair d\u00fc\u015f\u00fcncelerinizi sarsacak.&#8221;   \u201c\u0130kna edici ve afallat\u0131c\u0131\u201d \u2013 Sunday Times \u201cTanr\u0131\u2019n\u0131n \u00f6zg\u00fcn, anla\u015f\u0131l\u0131r ve \u015fa\u015f\u0131rt\u0131c\u0131 bir tarihi.\u201d \u2013 Economist \u201cK\u0131\u015fk\u0131rt\u0131c\u0131 ve tart\u0131\u015fma yaracak bir eser.\u201d \u2013 New York Times   Tarihsel ve arkeolojik kay\u0131tlar tanr\u0131lar\u0131n, insanl\u0131\u011f\u0131n \u015fafa\u011f\u0131ndan bu yana bizimle birlikte oldu\u011funu g\u00f6steriyor. Bazen insanlar\u0131 bir araya getiriyorlar, bazen de ay\u0131r\u0131yorlar, do\u011fay\u0131 y\u00f6netiyorlar, ahlakl\u0131 bir ya\u015fam\u0131n k\u0131lavuzlu\u011funu yap\u0131yorlar, s\u0131n\u0131rlar koyuyorlar, s\u0131n\u0131rlar\u0131 a\u015fanlar\u0131 cezaland\u0131r\u0131p g\u00f6sterdikleri yolda ilerleyenleri \u00f6d\u00fcllendiriyorlar, k\u00e2h huzur verip k\u00e2h korku sal\u0131yorlar. Peki, Tanr\u0131 ger\u00e7ek mi, yoksa k\u00fclt\u00fcrden k\u00fclt\u00fcre farkl\u0131l\u0131k g\u00f6steren bir fikir mi? Ger\u00e7ek de\u011filse neden bu kadar insan bu fikre s\u0131k\u0131 s\u0131k\u0131ya ba\u011fl\u0131? Bu fikrin ard\u0131nda daha derin bir hakikat sakl\u0131 olabilir mi?   Robert Wright bu kitab\u0131nda, insanl\u0131k tarihindeki en b\u00fcy\u00fck g\u00fc\u00e7lerden biri olan Tanr\u0131 ve dinin evrimine dair \u015fa\u015f\u0131rt\u0131c\u0131 ve k\u0131\u015fk\u0131rt\u0131c\u0131 bir \u00e7\u00f6z\u00fcmleme sunuyor. Eski uygarl\u0131klar\u0131n \u00e7oktanr\u0131l\u0131 dinlerinden Yahudilik, H\u0131ristiyanl\u0131k ve \u0130slam gibi tektanr\u0131l\u0131 dinlerin y\u00fckseli\u015fine kadar, dinsel kavramlar\u0131n ve uygulamalar\u0131n tarihsel k\u00f6kenlerini ve d\u00f6n\u00fc\u015f\u00fcmlerini ayk\u0131r\u0131 bir bak\u0131\u015fla ele al\u0131yor. Hem inananlara hem de \u015f\u00fcphecilere meydan okuyarak, Tanr\u0131\u2019n\u0131n ve dinin tarihsel geli\u015fimi ile beklenmedik bir \u015fekilde i\u015fbirli\u011fini ve bar\u0131\u015f\u0131 te\u015fvik eden evrimsel rol\u00fc hakk\u0131nda bize, sosyobiyolojiye ve oyun teorisine ba\u015fvuran taze ve \u00e7arp\u0131c\u0131 bir g\u00f6r\u00fc\u015f sunuyor. Herkesin ve her \u015feyin birbiriyle s\u0131k\u0131 s\u0131k\u0131ya ba\u011flant\u0131l\u0131 oldu\u011fu g\u00fcn\u00fcm\u00fcz\u00fcn d\u00fcnyas\u0131nda dinin ve Tanr\u0131 fikrinin h\u00e2l\u00e2 hayati bir rol oynay\u0131p oynayamayaca\u011f\u0131n\u0131 sorgulamaya da cesaret ediyor: Tanr\u0131\u2019n\u0131n ak\u0131beti ne olacak? \u0130nan\u00e7 daha da evrilebilir mi, yoksa bilim, siyaset ve teknoloji onu tarihe mi g\u00f6mecek?   Tarihsel, arkeolojik ve bilimsel kan\u0131tlar\u0131 ustaca birle\u015ftiren Wright, Tanr\u0131\u2019n\u0131n tarihine bakmakla kalm\u0131yor, onun gelece\u011fini de yeniden hayal ediyor. <\/p>\n","protected":false},"excerpt":{"rendered":"<p>&#8220;Tanr\u0131\u2019n\u0131n ve dinin k\u00f6kenine ve gelece\u011fine dair d\u00fc\u015f\u00fcncelerinizi sarsacak.&#8221; \u201c\u0130kna edici ve afallat\u0131c\u0131\u201d \u2013 Sunday Times \u201cTanr\u0131\u2019n\u0131n \u00f6zg\u00fcn, anla\u015f\u0131l\u0131r ve \u015fa\u015f\u0131rt\u0131c\u0131 bir tarihi.\u201d \u2013 Economist \u201cK\u0131\u015fk\u0131rt\u0131c\u0131<span class=\"excerpt-hellip\"> [\u2026]<\/span><\/p>\n","protected":false},"featured_media":0,"template":"","meta":{"_monsterinsights_skip_tracking":false,"_monsterinsights_sitenote_active":false,"_monsterinsights_sitenote_note":"","_monsterinsights_sitenote_category":0},"product_brand":[],"product_cat":[15499,13488],"product_tag":[],"class_list":{"0":"post-764720","1":"product","2":"type-product","3":"status-publish","5":"product_cat-antropoloji","6":"product_cat-toplum-ve-insan","7":"pa_cilt-ciltsiz","8":"pa_tur-kitap","9":"pa_yayinevi-fol-kitap","10":"pa_yazar-robert-wright","12":"first","13":"instock","14":"sale","15":"shipping-taxable","16":"purchasable","17":"product-type-simple"},"_links":{"self":[{"href":"https:\/\/roveyayinevi.com.tr\/index.php\/wp-json\/wp\/v2\/product\/764720","targetHints":{"allow":["GET"]}}],"collection":[{"href":"https:\/\/roveyayinevi.com.tr\/index.php\/wp-json\/wp\/v2\/product"}],"about":[{"href":"https:\/\/roveyayinevi.com.tr\/index.php\/wp-json\/wp\/v2\/types\/product"}],"wp:attachment":[{"href":"https:\/\/roveyayinevi.com.tr\/index.php\/wp-json\/wp\/v2\/media?parent=764720"}],"wp:term":[{"taxonomy":"product_brand","embeddable":true,"href":"https:\/\/roveyayinevi.com.tr\/index.php\/wp-json\/wp\/v2\/product_brand?post=764720"},{"taxonomy":"product_cat","embeddable":true,"href":"https:\/\/roveyayinevi.com.tr\/index.php\/wp-json\/wp\/v2\/product_cat?post=764720"},{"taxonomy":"product_tag","embeddable":true,"href":"https:\/\/roveyayinevi.com.tr\/index.php\/wp-json\/wp\/v2\/product_tag?post=764720"}],"curies":[{"name":"wp","href":"https:\/\/api.w.org\/{rel}","templated":true}]}}