{"id":764714,"date":"2025-08-28T11:19:39","date_gmt":"2025-08-28T08:19:39","guid":{"rendered":"https:\/\/roveyayinevi.com.tr\/index.php\/urun\/hamburg\/"},"modified":"2026-04-15T03:30:26","modified_gmt":"2026-04-15T00:30:26","slug":"hamburg","status":"publish","type":"product","link":"https:\/\/roveyayinevi.com.tr\/index.php\/urun\/hamburg\/","title":{"rendered":"Hamburg"},"content":{"rendered":"<p>Yang\u0131n mevsimi Hamburg\u2019u sard\u0131\u011f\u0131nda, \u015fehir, yaln\u0131zca fiziksel bir y\u0131k\u0131m\u0131n de\u011fil, derin bir tarih\u00ee ve ki\u015fisel d\u00f6n\u00fc\u015f\u00fcm\u00fcn de e\u015fi\u011findedir. \u0130lk so\u011fuklardan ka\u00e7an insanlar, \u00e7areyi bir kitabevine s\u0131\u011f\u0131nmakta, t\u00fct\u00fcn kokan raflar\u0131n aras\u0131nda kendilerine dair bir \u015feyler aramakta bulurlar. \u00c7ok uzakta olmayan bir yerde, birbirini tan\u0131mayan bir grup insan, her pazartesi ayn\u0131 saatte, se\u00e7tikleri kitaplardan b\u00f6l\u00fcmler okumak i\u00e7in bir araya gelir.   Bir g\u00fcn, okuma rit\u00fcelinin kat\u0131l\u0131mc\u0131lar\u0131ndan biri, izini kaybettiren bir yazar\u0131n birka\u00e7 roman\u0131n\u0131 yan\u0131nda getirir. Kitaplar\u0131n gizemli yazar\u0131, onlar\u0131 1943 Hamburg\u2019unun y\u0131k\u0131nt\u0131lar\u0131n\u0131n, bombard\u0131man u\u00e7aklar\u0131n\u0131n yol a\u00e7t\u0131\u011f\u0131 ate\u015f f\u0131rt\u0131nalar\u0131n\u0131n, yeralt\u0131 s\u0131\u011f\u0131naklar\u0131na mahk\u00fbm, deh\u015fetin her t\u00fcrl\u00fcs\u00fcn\u00fc tatm\u0131\u015f hayatlar\u0131n ortas\u0131na g\u00f6t\u00fcr\u00fcr. Bu hayatlardan birinde v\u00fccut bulan \u00e7ocuk, y\u0131llar sonra kendi hik\u00e2yesinin t\u00fcm par\u00e7alar\u0131n\u0131 toplamaya ve ger\u00e7ekten kim oldu\u011funu anlamaya karar verecektir. Sefalet ve \u00e7aresizli\u011fin ac\u0131 y\u00fcz\u00fc ve aralar\u0131nda Roosevelt, Churchill ve Hitler\u2019in de bulundu\u011fu hayaletler, onun s\u00f6zc\u00fcklerinde yeniden hayat bulur.   Unutman\u0131n co\u011frafyas\u0131, belle\u011fin anatomik bir haritas\u0131 ve bir katliam\u0131n edeb\u00ee kayd\u0131 niteli\u011findeki Hamburg, kurgu ile ger\u00e7eklik, k\u00e2bus ile hayaller aras\u0131nda, a\u00e7l\u0131ktan kesilen seslerin, \u00f6fkeden y\u0131pranm\u0131\u015f bedenlerin ve k\u00fcl olmu\u015f an\u0131lar\u0131n tam ortas\u0131nda heybetli bir an\u0131t gibi y\u00fckseliyor. <\/p>\n","protected":false},"excerpt":{"rendered":"<p>Yang\u0131n mevsimi Hamburg\u2019u sard\u0131\u011f\u0131nda, \u015fehir, yaln\u0131zca fiziksel bir y\u0131k\u0131m\u0131n de\u011fil, derin bir tarih\u00ee ve ki\u015fisel d\u00f6n\u00fc\u015f\u00fcm\u00fcn de e\u015fi\u011findedir. \u0130lk so\u011fuklardan ka\u00e7an insanlar, \u00e7areyi bir kitabevine s\u0131\u011f\u0131nmakta,<span class=\"excerpt-hellip\"> [\u2026]<\/span><\/p>\n","protected":false},"featured_media":0,"template":"","meta":{"_monsterinsights_skip_tracking":false,"_monsterinsights_sitenote_active":false,"_monsterinsights_sitenote_note":"","_monsterinsights_sitenote_category":0},"product_brand":[],"product_cat":[12291,12711],"product_tag":[],"class_list":{"0":"post-764714","1":"product","2":"type-product","3":"status-publish","5":"product_cat-edebiyat","6":"product_cat-roman-oyku","7":"pa_cilt-ciltsiz","8":"pa_tur-kitap","9":"pa_yayinevi-can-yayinlari","10":"pa_yazar-marco-lupo","12":"first","13":"instock","14":"sale","15":"shipping-taxable","16":"purchasable","17":"product-type-simple"},"_links":{"self":[{"href":"https:\/\/roveyayinevi.com.tr\/index.php\/wp-json\/wp\/v2\/product\/764714","targetHints":{"allow":["GET"]}}],"collection":[{"href":"https:\/\/roveyayinevi.com.tr\/index.php\/wp-json\/wp\/v2\/product"}],"about":[{"href":"https:\/\/roveyayinevi.com.tr\/index.php\/wp-json\/wp\/v2\/types\/product"}],"wp:attachment":[{"href":"https:\/\/roveyayinevi.com.tr\/index.php\/wp-json\/wp\/v2\/media?parent=764714"}],"wp:term":[{"taxonomy":"product_brand","embeddable":true,"href":"https:\/\/roveyayinevi.com.tr\/index.php\/wp-json\/wp\/v2\/product_brand?post=764714"},{"taxonomy":"product_cat","embeddable":true,"href":"https:\/\/roveyayinevi.com.tr\/index.php\/wp-json\/wp\/v2\/product_cat?post=764714"},{"taxonomy":"product_tag","embeddable":true,"href":"https:\/\/roveyayinevi.com.tr\/index.php\/wp-json\/wp\/v2\/product_tag?post=764714"}],"curies":[{"name":"wp","href":"https:\/\/api.w.org\/{rel}","templated":true}]}}