{"id":764699,"date":"2025-08-28T11:19:15","date_gmt":"2025-08-28T08:19:15","guid":{"rendered":"https:\/\/roveyayinevi.com.tr\/index.php\/urun\/sosyoloji-tarihi-i\/"},"modified":"2026-04-15T03:30:26","modified_gmt":"2026-04-15T00:30:26","slug":"sosyoloji-tarihi-i","status":"publish","type":"product","link":"https:\/\/roveyayinevi.com.tr\/index.php\/urun\/sosyoloji-tarihi-i\/","title":{"rendered":"Sosyoloji Tarihi &#8211; I"},"content":{"rendered":"<p>\u0130\u00e7indekiler :   1. \u0130bn-i Haldun   2. Sosyolojinin Do\u011fu\u015funa Etki Eden B\u00fcy\u00fck Geli\u015fmeler I: Ayd\u0131nlanma \u00c7a\u011f\u0131   3. Sosyolojinin Do\u011fu\u015funa Etki Eden B\u00fcy\u00fck Geli\u015fmeler II: Sanayi Devrimi ve Frans\u0131z \u0130htilali   4. Thomas Hobbes   5. Ren\u00e9 Descartes   6. John Locke   7. Baron De La Br\u00e8de Et De Montesquieu   8. Fran\u00e7ois Marie Arouet Voltaire   9. Jean Jacques Rousseau       10. Adam Smith   11. Immanuel Kant   12. Claude Henri Saint Simon   13. Georg Wilhelm Friedrich Hegel   14. Auguste Comte   15. Frederic Le Play   16. John Stuart Mill   17. Friedrich Engels   18. Herbert Spencer   19. Friedrich Wilhelm Nietzsche   20. Wilfredo Pareto   21. Ferdinand T\u00f6nnies <\/p>\n","protected":false},"excerpt":{"rendered":"<p>\u0130\u00e7indekiler : 1. \u0130bn-i Haldun 2. Sosyolojinin Do\u011fu\u015funa Etki Eden B\u00fcy\u00fck Geli\u015fmeler I: Ayd\u0131nlanma \u00c7a\u011f\u0131 3. Sosyolojinin Do\u011fu\u015funa Etki Eden B\u00fcy\u00fck Geli\u015fmeler II: Sanayi Devrimi ve<span class=\"excerpt-hellip\"> [\u2026]<\/span><\/p>\n","protected":false},"featured_media":0,"template":"","meta":{"_monsterinsights_skip_tracking":false,"_monsterinsights_sitenote_active":false,"_monsterinsights_sitenote_note":"","_monsterinsights_sitenote_category":0},"product_brand":[],"product_cat":[12325,12324],"product_tag":[],"class_list":{"0":"post-764699","1":"product","2":"type-product","3":"status-publish","5":"product_cat-diger-sosyoloji","6":"product_cat-sosyoloji","7":"pa_cilt-ciltsiz","8":"pa_tur-kitap","9":"pa_yayinevi-gazi-kitabevi","10":"pa_yazar-orhan-bingol","12":"first","13":"instock","14":"sale","15":"shipping-taxable","16":"purchasable","17":"product-type-simple"},"_links":{"self":[{"href":"https:\/\/roveyayinevi.com.tr\/index.php\/wp-json\/wp\/v2\/product\/764699","targetHints":{"allow":["GET"]}}],"collection":[{"href":"https:\/\/roveyayinevi.com.tr\/index.php\/wp-json\/wp\/v2\/product"}],"about":[{"href":"https:\/\/roveyayinevi.com.tr\/index.php\/wp-json\/wp\/v2\/types\/product"}],"wp:attachment":[{"href":"https:\/\/roveyayinevi.com.tr\/index.php\/wp-json\/wp\/v2\/media?parent=764699"}],"wp:term":[{"taxonomy":"product_brand","embeddable":true,"href":"https:\/\/roveyayinevi.com.tr\/index.php\/wp-json\/wp\/v2\/product_brand?post=764699"},{"taxonomy":"product_cat","embeddable":true,"href":"https:\/\/roveyayinevi.com.tr\/index.php\/wp-json\/wp\/v2\/product_cat?post=764699"},{"taxonomy":"product_tag","embeddable":true,"href":"https:\/\/roveyayinevi.com.tr\/index.php\/wp-json\/wp\/v2\/product_tag?post=764699"}],"curies":[{"name":"wp","href":"https:\/\/api.w.org\/{rel}","templated":true}]}}