{"id":764695,"date":"2025-08-28T11:19:09","date_gmt":"2025-08-28T08:19:09","guid":{"rendered":"https:\/\/roveyayinevi.com.tr\/index.php\/urun\/kara-para-aklama-ile-terorizmin-finansmaniyla-mucadele-ve-ilgili-duzenlemeler\/"},"modified":"2026-04-15T03:30:26","modified_gmt":"2026-04-15T00:30:26","slug":"kara-para-aklama-ile-terorizmin-finansmaniyla-mucadele-ve-ilgili-duzenlemeler","status":"publish","type":"product","link":"https:\/\/roveyayinevi.com.tr\/index.php\/urun\/kara-para-aklama-ile-terorizmin-finansmaniyla-mucadele-ve-ilgili-duzenlemeler\/","title":{"rendered":"Kara Para Aklama ile Ter\u00f6rizmin Finansman\u0131yla M\u00fccadele ve \u0130lgili D\u00fczenlemeler"},"content":{"rendered":"<p>Bu kitap, k\u00fcresel kara para aklama ve ter\u00f6rizmin finansman\u0131 ile m\u00fccadele (KPA-TF\u00d6) yap\u0131lanmas\u0131n\u0131n, \u00e7e\u015fitli yarg\u0131 b\u00f6lgelerinin bu \u00e7er\u00e7eveye uyum y\u00f6r\u00fcngesi \u00fczerindeki etkisini analitik olarak incelemektedir.\u00c7al\u0131\u015fma, KPA-TF\u00d6 d\u00fczenlemelerinin k\u00fcresel yap\u0131s\u0131n\u0131 a\u015f\u0131lamak amac\u0131yla uluslararas\u0131 finans sekt\u00f6r\u00fc reformunu ve bu reformun geli\u015fimini inceleyerek ba\u015fl\u0131yor. Afrika \u00fclkelerinin ve geli\u015fen ekonomilerin uyum y\u00f6r\u00fcngesi \u00fczerindeki paradoksal etkisi nedeniyle ortaya \u00e7\u0131kan tek tip bir KPA-TF\u00d6\u2019ye meydan okuyor. Bu, KPA-TF\u00d6 standartlar\u0131n\u0131n \u00fclkeler bloku \u00fczerindeki davran\u0131\u015fsal etkisini ortaya koyan, Afrika \u00fclkeleri ve geli\u015fen ekonomiler i\u00e7in etkili d\u00fczenleme ve uyum etkenlerine y\u00f6nelik \u00f6n ko\u015fullar\u0131n incelenmesi yoluyla ger\u00e7ekle\u015ftiriliyor. Vek\u00e2let teorisinin uygulanmas\u0131 yoluyla, bir yandan Afrika \u00fclkeleri ve geli\u015fen ekonomiler ile di\u011fer yandan da KPA-TF\u00d6 standartlar\u0131na y\u00f6nelik k\u00fcresel \u00e7er\u00e7eveyi form\u00fcle eden, yayan ve bunlara uyumu kolayla\u015ft\u0131ran uluslararas\u0131 finans kurumlar\u0131 aras\u0131ndaki ili\u015fkiyi ara\u015ft\u0131r\u0131yor. Geri kalan b\u00f6l\u00fcmler, uyum bask\u0131lar\u0131n\u0131 ve bunun sonucunda Afrika \u00fclkeleri ve geli\u015fen ekonomilerin KPA-TF\u00d6 standartlar\u0131yla uyum gidi\u015fat\u0131n\u0131 ampirik olarak g\u00f6zden ge\u00e7irmektedir. Kitab\u0131n son b\u00f6l\u00fcm\u00fcnde Afrika \u00fclkeleri ve geli\u015fen ekonomilerin uyum zorluklar\u0131 ve bunu kolayla\u015ft\u0131ran me\u015fruiyet kayg\u0131lar\u0131 hakk\u0131nda ayr\u0131nt\u0131l\u0131 bir a\u00e7\u0131klama sunulmaktad\u0131r.Bu kitap, k\u00fcresel KPA-TF\u00d6 standartlar\u0131n\u0131n Afrika \u00fclkeleri ve geli\u015fen ekonomiler \u00fczerindeki etkisine ili\u015fkin yeni bir y\u00f6n sunmakta ve k\u00fcresel standartlar\u0131n bu \u00fclke bloklar\u0131 i\u00e7erisinde proaktif uyumu kolayla\u015ft\u0131rma ihtimalinin oldu\u011fu ko\u015fullar\u0131n anla\u015f\u0131lmas\u0131na katk\u0131da bulunmaktad\u0131r. Bu y\u00f6n\u00fcyle bu alanda \u00e7al\u0131\u015fan akademisyenler, ara\u015ft\u0131rmac\u0131lar ve politika yap\u0131c\u0131lar i\u00e7in de\u011ferli bir kaynak olacakt\u0131r. <\/p>\n","protected":false},"excerpt":{"rendered":"<p>Bu kitap, k\u00fcresel kara para aklama ve ter\u00f6rizmin finansman\u0131 ile m\u00fccadele (KPA-TF\u00d6) yap\u0131lanmas\u0131n\u0131n, \u00e7e\u015fitli yarg\u0131 b\u00f6lgelerinin bu \u00e7er\u00e7eveye uyum y\u00f6r\u00fcngesi \u00fczerindeki etkisini analitik olarak incelemektedir.\u00c7al\u0131\u015fma, KPA-TF\u00d6<span class=\"excerpt-hellip\"> [\u2026]<\/span><\/p>\n","protected":false},"featured_media":0,"template":"","meta":{"_monsterinsights_skip_tracking":false,"_monsterinsights_sitenote_active":false,"_monsterinsights_sitenote_note":"","_monsterinsights_sitenote_category":0},"product_brand":[],"product_cat":[13043],"product_tag":[],"class_list":{"0":"post-764695","1":"product","2":"type-product","3":"status-publish","5":"product_cat-ekonomi","6":"pa_cilt-ciltsiz","7":"pa_tur-kitap","8":"pa_yayinevi-phoenix-yayinevi","9":"pa_yazar-nkechikwu-valerie-azinge-egbiri","11":"first","12":"instock","13":"sale","14":"shipping-taxable","15":"purchasable","16":"product-type-simple"},"_links":{"self":[{"href":"https:\/\/roveyayinevi.com.tr\/index.php\/wp-json\/wp\/v2\/product\/764695","targetHints":{"allow":["GET"]}}],"collection":[{"href":"https:\/\/roveyayinevi.com.tr\/index.php\/wp-json\/wp\/v2\/product"}],"about":[{"href":"https:\/\/roveyayinevi.com.tr\/index.php\/wp-json\/wp\/v2\/types\/product"}],"wp:attachment":[{"href":"https:\/\/roveyayinevi.com.tr\/index.php\/wp-json\/wp\/v2\/media?parent=764695"}],"wp:term":[{"taxonomy":"product_brand","embeddable":true,"href":"https:\/\/roveyayinevi.com.tr\/index.php\/wp-json\/wp\/v2\/product_brand?post=764695"},{"taxonomy":"product_cat","embeddable":true,"href":"https:\/\/roveyayinevi.com.tr\/index.php\/wp-json\/wp\/v2\/product_cat?post=764695"},{"taxonomy":"product_tag","embeddable":true,"href":"https:\/\/roveyayinevi.com.tr\/index.php\/wp-json\/wp\/v2\/product_tag?post=764695"}],"curies":[{"name":"wp","href":"https:\/\/api.w.org\/{rel}","templated":true}]}}