{"id":764684,"date":"2025-08-28T11:18:48","date_gmt":"2025-08-28T08:18:48","guid":{"rendered":"https:\/\/roveyayinevi.com.tr\/index.php\/urun\/gerceklikler-arasi-seyahat\/"},"modified":"2026-04-05T03:21:24","modified_gmt":"2026-04-05T00:21:24","slug":"gerceklikler-arasi-seyahat","status":"publish","type":"product","link":"https:\/\/roveyayinevi.com.tr\/index.php\/urun\/gerceklikler-arasi-seyahat\/","title":{"rendered":"Ger\u00e7eklikler Aras\u0131 Seyahat"},"content":{"rendered":"<p>\u00c7o\u011fu insan kendisini d\u0131\u015f \u015fartlar\u0131n y\u00f6nlendirdi\u011fini d\u00fc\u015f\u00fcnerek, tezah\u00fcr g\u00fcc\u00fcnden habersiz bir \u015fekilde hayat\u0131n\u0131 ge\u00e7mi\u015fin ko\u015fullanm\u0131\u015fl\u0131klar\u0131 ve al\u0131\u015fkanl\u0131klar\u0131n\u0131n g\u00f6lgesinde s\u00fcrd\u00fcr\u00fcr. \u0130nsan fark\u0131nda olsun ya da olmas\u0131n tezah\u00fcr g\u00fcc\u00fcn\u00fc zaten kullanmaktad\u0131r. S\u0131radan bilin\u00e7sizlik ve derin bilin\u00e7sizlik halleri aras\u0131nda gidip gelenler tezah\u00fcr g\u00fc\u00e7lerini negativite yaratarak kullan\u0131rlar. \u0130nsan devletler y\u00f6netir, dini liderlik eder, lakin fark\u0131nda olmad\u0131\u011f\u0131 i\u00e7in kendi ill\u00fczyonunu hakikat zannederek kitleler i\u00e7in ac\u0131 \u00fcretmeye devam eder. Fark\u0131ndal\u0131\u011f\u0131 art\u0131rmak, sadece insana verilmi\u015f se\u00e7im ve tezah\u00fcr g\u00fcc\u00fcn\u00fc olumlu y\u00f6nde kullanabilmek i\u00e7in gereklidir. Bu \u015fekilde niyetlerimizi ya\u015fayabilece\u011fimiz bir hayat \u00e7izgisine ge\u00e7ebilmenin kap\u0131lar\u0131 aralan\u0131r ve d\u00fcnyay\u0131 cehenneme \u00e7eviren bilin\u00e7sizlik deryas\u0131ndan s\u0131yr\u0131l\u0131r\u0131z. Bu kitapta, se\u00e7imlerinin g\u00fcc\u00fcn\u00fc kullanarak ger\u00e7ekli\u011fini nas\u0131l ba\u015ftan \u015fekillendirece\u011fini, ilahi yasalarla nas\u0131l uyumlanaca\u011f\u0131n\u0131, kendini nas\u0131l daha yak\u0131ndan tan\u0131yaca\u011f\u0131n\u0131, enerjini nas\u0131l kalibre edece\u011fini ve yazg\u0131na giden yolu nas\u0131l takip edece\u011fini anlatmaya \u00e7al\u0131\u015faca\u011f\u0131m. Haz\u0131rsan ba\u015flayal\u0131m&#8230;<\/p>\n","protected":false},"excerpt":{"rendered":"<p>\u00c7o\u011fu insan kendisini d\u0131\u015f \u015fartlar\u0131n y\u00f6nlendirdi\u011fini d\u00fc\u015f\u00fcnerek, tezah\u00fcr g\u00fcc\u00fcnden habersiz bir \u015fekilde hayat\u0131n\u0131 ge\u00e7mi\u015fin ko\u015fullanm\u0131\u015fl\u0131klar\u0131 ve al\u0131\u015fkanl\u0131klar\u0131n\u0131n g\u00f6lgesinde s\u00fcrd\u00fcr\u00fcr. \u0130nsan fark\u0131nda olsun ya da olmas\u0131n tezah\u00fcr<span class=\"excerpt-hellip\"> [\u2026]<\/span><\/p>\n","protected":false},"featured_media":0,"template":"","meta":{"_monsterinsights_skip_tracking":false,"_monsterinsights_sitenote_active":false,"_monsterinsights_sitenote_note":"","_monsterinsights_sitenote_category":0},"product_brand":[],"product_cat":[12364,12376],"product_tag":[],"class_list":{"0":"post-764684","1":"product","2":"type-product","3":"status-publish","5":"product_cat-genel-konular","6":"product_cat-kisisel-gelisim","7":"pa_cilt-ciltsiz","8":"pa_tur-kitap","9":"pa_yayinevi-feniks-yayinlari","10":"pa_yazar-neslihan-tas","12":"first","13":"instock","14":"sale","15":"shipping-taxable","16":"purchasable","17":"product-type-simple"},"_links":{"self":[{"href":"https:\/\/roveyayinevi.com.tr\/index.php\/wp-json\/wp\/v2\/product\/764684","targetHints":{"allow":["GET"]}}],"collection":[{"href":"https:\/\/roveyayinevi.com.tr\/index.php\/wp-json\/wp\/v2\/product"}],"about":[{"href":"https:\/\/roveyayinevi.com.tr\/index.php\/wp-json\/wp\/v2\/types\/product"}],"wp:attachment":[{"href":"https:\/\/roveyayinevi.com.tr\/index.php\/wp-json\/wp\/v2\/media?parent=764684"}],"wp:term":[{"taxonomy":"product_brand","embeddable":true,"href":"https:\/\/roveyayinevi.com.tr\/index.php\/wp-json\/wp\/v2\/product_brand?post=764684"},{"taxonomy":"product_cat","embeddable":true,"href":"https:\/\/roveyayinevi.com.tr\/index.php\/wp-json\/wp\/v2\/product_cat?post=764684"},{"taxonomy":"product_tag","embeddable":true,"href":"https:\/\/roveyayinevi.com.tr\/index.php\/wp-json\/wp\/v2\/product_tag?post=764684"}],"curies":[{"name":"wp","href":"https:\/\/api.w.org\/{rel}","templated":true}]}}