{"id":764682,"date":"2025-08-28T11:18:45","date_gmt":"2025-08-28T08:18:45","guid":{"rendered":"https:\/\/roveyayinevi.com.tr\/index.php\/urun\/altayli-turkler\/"},"modified":"2026-04-15T03:30:25","modified_gmt":"2026-04-15T00:30:25","slug":"altayli-turkler","status":"publish","type":"product","link":"https:\/\/roveyayinevi.com.tr\/index.php\/urun\/altayli-turkler\/","title":{"rendered":"Altayl\u0131 T\u00fcrkler"},"content":{"rendered":"<p>Leonid Pavlovi\u00e7 Potapov\u2019un Altayl\u0131 T\u00fcrk kabileleri hakk\u0131ndaki baz\u0131 makalelerinden olu\u015fan bu kitapla okuyucu zamanda bir yolculu\u011fa \u00e7\u0131karak Altay da\u011flar\u0131na gidecek, T\u00fcrk boylar\u0131na misafir olacak, \u015faman ayinlerine ve Ay\u0131 Bayramlar\u0131na kat\u0131lacak, avc\u0131larla yabani hayvan av\u0131 i\u00e7in taygalara gidecek ve akraba olan T\u00fcrk boylar\u0131n\u0131 yak\u0131ndan tan\u0131ma f\u0131rsat\u0131 bulacakt\u0131r. Okuyucuya \u015fimdiden zamanda iyi yolculuklar\u2026        \u201c\u00d6nde gelen Rus T\u00fcrkologlardan Leonid Pavlovi\u00e7 Potapov\u2019un de\u011ferli \u00e7al\u0131\u015fmalar\u0131ndan baz\u0131 makalelerinin olu\u015fturdu\u011fu bu se\u00e7ki kitap T\u00fcrkoloji ara\u015ft\u0131rmalar\u0131na katk\u0131 yapacak \u00f6nemli bilgiler i\u00e7ermektedir. Altaylarda ya\u015fayan T\u00fcrk boylar\u0131n\u0131n en iyi \u015fekilde tan\u0131nmas\u0131, mutlak surette t\u00fcm T\u00fcrk d\u00fcnyas\u0131na katma de\u011fer sa\u011flayacakt\u0131r. M\u00fcmtaz bilim adamlar\u0131ndan L. P. Potapov\u2019un saha \u00e7al\u0131\u015fmalar\u0131ndan baz\u0131lar\u0131n\u0131 T\u00fcrk\u00e7eye \u00e7evirisini yaparak bilim d\u00fcnyas\u0131na ciddi katk\u0131lar sunan Atilla Ba\u011fc\u0131\u2019y\u0131 tebrik eder, \u00e7al\u0131\u015fmalar\u0131n\u0131n artarak devam etmesini dilerim.\u201d \u2012Prof. Dr. Fikret T\u00fcrkmen       \u201cSovyet d\u00f6neminin \u201cPromete\u201d lakapl\u0131 etnograf\u0131 L. P. Potapov\u2019un makalelerinden olu\u015fan bu kitap T\u00fcrkiye\u2019de T\u00fcrkoloji \u00e7al\u0131\u015fmalar\u0131na b\u00fcy\u00fck fayda sa\u011flayacakt\u0131r. T\u00fcrkoloji\u2019nin k\u00fclt isimlerinden L. P. Potapov\u2019un hayat\u0131 ve bilimsel \u00e7al\u0131\u015fmalar\u0131n\u0131n yan\u0131 s\u0131ra G\u00fcney Sibirya\u2019n\u0131n Altayl\u0131 T\u00fcrk kabilelerine ait olduk\u00e7a zengin bilgileri okuyucuya sunmaktad\u0131r. \u00dclkemizde her alandaki terc\u00fcme faaliyetlerinin eksikli\u011fi dikkate al\u0131nd\u0131\u011f\u0131nda Atilla Ba\u011fc\u0131\u2019n\u0131n ba\u015fta L. P. Potapov\u2019dan ve di\u011fer \u00f6nemli bilim adamlar\u0131ndan yapt\u0131\u011f\u0131 terc\u00fcmelerin \u00f6nemini tekrar vurgulamak isterim.\u201d \u2012Prof. Dr. \u0130brahim Dilek. <\/p>\n","protected":false},"excerpt":{"rendered":"<p>Leonid Pavlovi\u00e7 Potapov\u2019un Altayl\u0131 T\u00fcrk kabileleri hakk\u0131ndaki baz\u0131 makalelerinden olu\u015fan bu kitapla okuyucu zamanda bir yolculu\u011fa \u00e7\u0131karak Altay da\u011flar\u0131na gidecek, T\u00fcrk boylar\u0131na misafir olacak, \u015faman ayinlerine<span class=\"excerpt-hellip\"> [\u2026]<\/span><\/p>\n","protected":false},"featured_media":0,"template":"","meta":{"_monsterinsights_skip_tracking":false,"_monsterinsights_sitenote_active":false,"_monsterinsights_sitenote_note":"","_monsterinsights_sitenote_category":0},"product_brand":[],"product_cat":[12304,13650],"product_tag":[],"class_list":{"0":"post-764682","1":"product","2":"type-product","3":"status-publish","5":"product_cat-tarih","6":"product_cat-turk-tarihi-arastirmalari","7":"pa_cilt-ciltsiz","8":"pa_tur-kitap","9":"pa_yayinevi-bilge-kultur-sanat","10":"pa_yazar-leonid-pavlovic-potapov","12":"first","13":"instock","14":"sale","15":"shipping-taxable","16":"purchasable","17":"product-type-simple"},"_links":{"self":[{"href":"https:\/\/roveyayinevi.com.tr\/index.php\/wp-json\/wp\/v2\/product\/764682","targetHints":{"allow":["GET"]}}],"collection":[{"href":"https:\/\/roveyayinevi.com.tr\/index.php\/wp-json\/wp\/v2\/product"}],"about":[{"href":"https:\/\/roveyayinevi.com.tr\/index.php\/wp-json\/wp\/v2\/types\/product"}],"wp:attachment":[{"href":"https:\/\/roveyayinevi.com.tr\/index.php\/wp-json\/wp\/v2\/media?parent=764682"}],"wp:term":[{"taxonomy":"product_brand","embeddable":true,"href":"https:\/\/roveyayinevi.com.tr\/index.php\/wp-json\/wp\/v2\/product_brand?post=764682"},{"taxonomy":"product_cat","embeddable":true,"href":"https:\/\/roveyayinevi.com.tr\/index.php\/wp-json\/wp\/v2\/product_cat?post=764682"},{"taxonomy":"product_tag","embeddable":true,"href":"https:\/\/roveyayinevi.com.tr\/index.php\/wp-json\/wp\/v2\/product_tag?post=764682"}],"curies":[{"name":"wp","href":"https:\/\/api.w.org\/{rel}","templated":true}]}}