{"id":764674,"date":"2025-08-28T11:18:29","date_gmt":"2025-08-28T08:18:29","guid":{"rendered":"https:\/\/roveyayinevi.com.tr\/index.php\/urun\/insan-nedir-7\/"},"modified":"2026-04-15T03:30:25","modified_gmt":"2026-04-15T00:30:25","slug":"insan-nedir-7","status":"publish","type":"product","link":"https:\/\/roveyayinevi.com.tr\/index.php\/urun\/insan-nedir-7\/","title":{"rendered":"\u0130nsan Nedir?"},"content":{"rendered":"<p>&#8220;\u0130nsan nedir?&#8221; sorusu kadim sorulardan birisidir. \u0130nsanl\u0131k tarihi boyunca bir\u00e7ok filozof ve sosyolog bu soruya cevap vermeye \u00e7al\u0131\u015fm\u0131\u015ft\u0131r. \u0130nsan\u0131n bu d\u00fcnyadaki yeri ve \u00f6nemi, evrenin en derin s\u0131rlar\u0131ndan biridir. Her biri e\u015fsiz bir sanat eseri olan insanlar\u0131n, Allah taraf\u0131ndan en g\u00fczel \u015fekilde yarat\u0131ld\u0131\u011f\u0131 Kur\u2019an-\u0131 Kerim&#8217;de \u201cAhsen-i takvim\u201d olarak ifade edilmi\u015ftir. Ancak g\u00fcn\u00fcm\u00fczde toplum, maddiyat ve sosyal stat\u00fc gibi y\u00fczeysel de\u011ferlerle insan\u0131n ger\u00e7ek k\u0131ymetini g\u00f6lgelemektedir. Bu kitap, kendini de\u011fersiz hisseden bireylere, onlar\u0131n asl\u0131nda Allah\u2019\u0131n kudret mucizesi, evrenin g\u00f6zbebe\u011fi ve yery\u00fcz\u00fcn\u00fcn halifesi oldu\u011funu hat\u0131rlatmay\u0131 ama\u00e7l\u0131yor. \u0130nsanlar\u0131n varolu\u015fsal buhranlar\u0131n\u0131 ve \u00f6z de\u011ferlerini anlamalar\u0131n\u0131 sa\u011flayarak, onlar\u0131n kendi i\u00e7 d\u00fcnyalar\u0131ndaki ger\u00e7ek de\u011feri ke\u015ffetmelerine yard\u0131mc\u0131 olmay\u0131 hedefliyor. Bu kitab\u0131n amac\u0131, insan\u0131n ger\u00e7ek de\u011ferini ve k\u0131ymetini yeniden kavrayarak, kendisini ve \u00e7evresini daha iyi anlamas\u0131n\u0131 sa\u011flamak ve derin bir fark\u0131ndal\u0131k kazand\u0131rmakt\u0131r.<\/p>\n","protected":false},"excerpt":{"rendered":"<p>&#8220;\u0130nsan nedir?&#8221; sorusu kadim sorulardan birisidir. \u0130nsanl\u0131k tarihi boyunca bir\u00e7ok filozof ve sosyolog bu soruya cevap vermeye \u00e7al\u0131\u015fm\u0131\u015ft\u0131r. \u0130nsan\u0131n bu d\u00fcnyadaki yeri ve \u00f6nemi, evrenin en<span class=\"excerpt-hellip\"> [\u2026]<\/span><\/p>\n","protected":false},"featured_media":0,"template":"","meta":{"_monsterinsights_skip_tracking":false,"_monsterinsights_sitenote_active":false,"_monsterinsights_sitenote_note":"","_monsterinsights_sitenote_category":0},"product_brand":[],"product_cat":[12718,12719],"product_tag":[],"class_list":{"0":"post-764674","1":"product","2":"type-product","3":"status-publish","5":"product_cat-din","6":"product_cat-islam","7":"pa_cilt-ciltsiz","8":"pa_tur-kitap","9":"pa_yayinevi-foliant-yayinlari","10":"pa_yazar-osman-solak","12":"first","13":"instock","14":"sale","15":"shipping-taxable","16":"purchasable","17":"product-type-simple"},"_links":{"self":[{"href":"https:\/\/roveyayinevi.com.tr\/index.php\/wp-json\/wp\/v2\/product\/764674","targetHints":{"allow":["GET"]}}],"collection":[{"href":"https:\/\/roveyayinevi.com.tr\/index.php\/wp-json\/wp\/v2\/product"}],"about":[{"href":"https:\/\/roveyayinevi.com.tr\/index.php\/wp-json\/wp\/v2\/types\/product"}],"wp:attachment":[{"href":"https:\/\/roveyayinevi.com.tr\/index.php\/wp-json\/wp\/v2\/media?parent=764674"}],"wp:term":[{"taxonomy":"product_brand","embeddable":true,"href":"https:\/\/roveyayinevi.com.tr\/index.php\/wp-json\/wp\/v2\/product_brand?post=764674"},{"taxonomy":"product_cat","embeddable":true,"href":"https:\/\/roveyayinevi.com.tr\/index.php\/wp-json\/wp\/v2\/product_cat?post=764674"},{"taxonomy":"product_tag","embeddable":true,"href":"https:\/\/roveyayinevi.com.tr\/index.php\/wp-json\/wp\/v2\/product_tag?post=764674"}],"curies":[{"name":"wp","href":"https:\/\/api.w.org\/{rel}","templated":true}]}}