{"id":764673,"date":"2025-08-28T11:18:28","date_gmt":"2025-08-28T08:18:28","guid":{"rendered":"https:\/\/roveyayinevi.com.tr\/index.php\/urun\/cagimiza-verilen-mesaj\/"},"modified":"2026-04-15T03:30:25","modified_gmt":"2026-04-15T00:30:25","slug":"cagimiza-verilen-mesaj","status":"publish","type":"product","link":"https:\/\/roveyayinevi.com.tr\/index.php\/urun\/cagimiza-verilen-mesaj\/","title":{"rendered":"\u00c7a\u011f\u0131m\u0131za Verilen Mesaj"},"content":{"rendered":"<p>\u00dcstad Bediuzzaman&#8217;\u0131n, Kur\u2019an\u2019\u0131n Risale-i Nur\u2019lara olan i\u015faretlerini \u00e7\u0131kard\u0131ktan sonra baz\u0131 \u00f6nde gelen Nur talebelerinin de bu babta \u00e7al\u0131\u015fmalar\u0131 olmu\u015ftu. \u00d6zellikle \u00dcstad\u2019\u0131n da takdirine mazhar olan Ahmed Feyzi Kul A\u011fabeyin \u2018M\u00e2idet\u00fc\u2019l-Kur\u2019an\u2019 isimli \u00e7al\u0131\u015fmas\u0131 \u00f6nemli bir yer tutmaktadir. Daha sonra Ahmed Feyzi Agabey Kur\u2019\u00e2n-\u0131 Kerim\u2019in tamam\u0131n\u0131 tarayarak yeni bir \u00e7al\u0131\u015fma yapmay\u0131 tasarlam\u0131\u015f, fakat \u00f6mr\u00fc buna m\u00fcsaade etmemi\u015ftir. \u0130\u015fte onun tasarlay\u0131p da yapamad\u0131\u011f\u0131 bu \u00e7al\u0131\u015fma \u0130smail Hakk\u0131 Hocam\u0131za nasip olmu\u015ftur. Konuya ilgi duyanlar i\u00e7in bu eser ke\u015ffedilmi\u015f bir hazinedir.<\/p>\n","protected":false},"excerpt":{"rendered":"<p>\u00dcstad Bediuzzaman&#8217;\u0131n, Kur\u2019an\u2019\u0131n Risale-i Nur\u2019lara olan i\u015faretlerini \u00e7\u0131kard\u0131ktan sonra baz\u0131 \u00f6nde gelen Nur talebelerinin de bu babta \u00e7al\u0131\u015fmalar\u0131 olmu\u015ftu. \u00d6zellikle \u00dcstad\u2019\u0131n da takdirine mazhar olan Ahmed<span class=\"excerpt-hellip\"> [\u2026]<\/span><\/p>\n","protected":false},"featured_media":0,"template":"","meta":{"_monsterinsights_skip_tracking":false,"_monsterinsights_sitenote_active":false,"_monsterinsights_sitenote_note":"","_monsterinsights_sitenote_category":0},"product_brand":[],"product_cat":[12718,12719],"product_tag":[],"class_list":{"0":"post-764673","1":"product","2":"type-product","3":"status-publish","5":"product_cat-din","6":"product_cat-islam","7":"pa_cilt-ciltsiz","8":"pa_tur-kitap","9":"pa_yayinevi-foliant-yayinlari","10":"pa_yazar-ismail-hakki-zeyrek","12":"first","13":"instock","14":"sale","15":"shipping-taxable","16":"purchasable","17":"product-type-simple"},"_links":{"self":[{"href":"https:\/\/roveyayinevi.com.tr\/index.php\/wp-json\/wp\/v2\/product\/764673","targetHints":{"allow":["GET"]}}],"collection":[{"href":"https:\/\/roveyayinevi.com.tr\/index.php\/wp-json\/wp\/v2\/product"}],"about":[{"href":"https:\/\/roveyayinevi.com.tr\/index.php\/wp-json\/wp\/v2\/types\/product"}],"wp:attachment":[{"href":"https:\/\/roveyayinevi.com.tr\/index.php\/wp-json\/wp\/v2\/media?parent=764673"}],"wp:term":[{"taxonomy":"product_brand","embeddable":true,"href":"https:\/\/roveyayinevi.com.tr\/index.php\/wp-json\/wp\/v2\/product_brand?post=764673"},{"taxonomy":"product_cat","embeddable":true,"href":"https:\/\/roveyayinevi.com.tr\/index.php\/wp-json\/wp\/v2\/product_cat?post=764673"},{"taxonomy":"product_tag","embeddable":true,"href":"https:\/\/roveyayinevi.com.tr\/index.php\/wp-json\/wp\/v2\/product_tag?post=764673"}],"curies":[{"name":"wp","href":"https:\/\/api.w.org\/{rel}","templated":true}]}}