{"id":764672,"date":"2025-08-28T11:18:25","date_gmt":"2025-08-28T08:18:25","guid":{"rendered":"https:\/\/roveyayinevi.com.tr\/index.php\/urun\/hayati-siirleri-nukteleri\/"},"modified":"2026-04-15T03:30:25","modified_gmt":"2026-04-15T00:30:25","slug":"hayati-siirleri-nukteleri","status":"publish","type":"product","link":"https:\/\/roveyayinevi.com.tr\/index.php\/urun\/hayati-siirleri-nukteleri\/","title":{"rendered":"Hayat\u0131 \u015eiirleri N\u00fckteleri"},"content":{"rendered":"<p>A\u015fkla \u015fevkle ba\u015flad\u0131m bu i\u015fe. Hayat\u0131m\u0131 anlatmaya, ya\u015fad\u0131\u011f\u0131m hadiseleri \u015fiirlerle dile getirmeye \u00e7al\u0131\u015ft\u0131m. Bu ilk \u00e7al\u0131\u015fmam oldu. \u0130nsan\u0131n bildiklerini kaleme almas\u0131 ne zor imi\u015f\u2026 Yaz\u0131 dili \u00e7ok farkl\u0131. Bu konuda bilgilerim tazelendi. Edebiyat ve \u015fiirin umman\u0131na dald\u0131m. Ummanda bir zerre oldu\u011fumun fark\u0131na vard\u0131m. Batmamak i\u00e7in \u00e7\u0131rp\u0131n\u0131yorum. \u0130nan\u0131yorum ki \u00e7\u0131rp\u0131n\u0131\u015flar\u0131m\u0131z bizi bir g\u00fcn karaya \u00e7\u0131karacakt\u0131r. O g\u00fcnleri g\u00f6rmek dile\u011fiyle.  \u0130leri\u2026 Daima ileri\u2026 A\u015fkla \u015fevkle\u2026 <\/p>\n","protected":false},"excerpt":{"rendered":"<p>A\u015fkla \u015fevkle ba\u015flad\u0131m bu i\u015fe. Hayat\u0131m\u0131 anlatmaya, ya\u015fad\u0131\u011f\u0131m hadiseleri \u015fiirlerle dile getirmeye \u00e7al\u0131\u015ft\u0131m. Bu ilk \u00e7al\u0131\u015fmam oldu. \u0130nsan\u0131n bildiklerini kaleme almas\u0131 ne zor imi\u015f\u2026 Yaz\u0131 dili<span class=\"excerpt-hellip\"> [\u2026]<\/span><\/p>\n","protected":false},"featured_media":0,"template":"","meta":{"_monsterinsights_skip_tracking":false,"_monsterinsights_sitenote_active":false,"_monsterinsights_sitenote_note":"","_monsterinsights_sitenote_category":0},"product_brand":[],"product_cat":[12291,12509],"product_tag":[],"class_list":{"0":"post-764672","1":"product","2":"type-product","3":"status-publish","5":"product_cat-edebiyat","6":"product_cat-siir","7":"pa_cilt-ciltsiz","8":"pa_tur-kitap","9":"pa_yayinevi-gulnar-yayinlari","10":"pa_yazar-ibrahim-bozkurt","12":"first","13":"instock","14":"sale","15":"shipping-taxable","16":"purchasable","17":"product-type-simple"},"_links":{"self":[{"href":"https:\/\/roveyayinevi.com.tr\/index.php\/wp-json\/wp\/v2\/product\/764672","targetHints":{"allow":["GET"]}}],"collection":[{"href":"https:\/\/roveyayinevi.com.tr\/index.php\/wp-json\/wp\/v2\/product"}],"about":[{"href":"https:\/\/roveyayinevi.com.tr\/index.php\/wp-json\/wp\/v2\/types\/product"}],"wp:attachment":[{"href":"https:\/\/roveyayinevi.com.tr\/index.php\/wp-json\/wp\/v2\/media?parent=764672"}],"wp:term":[{"taxonomy":"product_brand","embeddable":true,"href":"https:\/\/roveyayinevi.com.tr\/index.php\/wp-json\/wp\/v2\/product_brand?post=764672"},{"taxonomy":"product_cat","embeddable":true,"href":"https:\/\/roveyayinevi.com.tr\/index.php\/wp-json\/wp\/v2\/product_cat?post=764672"},{"taxonomy":"product_tag","embeddable":true,"href":"https:\/\/roveyayinevi.com.tr\/index.php\/wp-json\/wp\/v2\/product_tag?post=764672"}],"curies":[{"name":"wp","href":"https:\/\/api.w.org\/{rel}","templated":true}]}}