{"id":764671,"date":"2025-08-28T11:18:24","date_gmt":"2025-08-28T08:18:24","guid":{"rendered":"https:\/\/roveyayinevi.com.tr\/index.php\/urun\/turkiyede-kamu-butcesi-tahminlerinin-gercekligi\/"},"modified":"2026-04-15T03:30:25","modified_gmt":"2026-04-15T00:30:25","slug":"turkiyede-kamu-butcesi-tahminlerinin-gercekligi","status":"publish","type":"product","link":"https:\/\/roveyayinevi.com.tr\/index.php\/urun\/turkiyede-kamu-butcesi-tahminlerinin-gercekligi\/","title":{"rendered":"T\u00fcrkiye&#8217;de Kamu B\u00fct\u00e7esi Tahminlerinin Ger\u00e7ekli\u011fi"},"content":{"rendered":"<p>\u0130\u00e7indekiler :     1. B\u00d6L\u00dcM: B\u00dcT\u00c7E TAHM\u0130NLER\u0130 VE TAHM\u0130N HATALARI   2. B\u00d6L\u00dcM: B\u00dcT\u00c7E TAHM\u0130NLER\u0130NE \u0130L\u0130\u015eK\u0130N L\u0130TERAT\u00dcR   3. B\u00d6L\u00dcM: T\u00dcRK\u0130YE\u2019DE B\u00dcT\u00c7E TAHM\u0130N HATASI   4. B\u00d6L\u00dcM: EKONOMETR\u0130K ANAL\u0130Z <\/p>\n","protected":false},"excerpt":{"rendered":"<p>\u0130\u00e7indekiler : 1. B\u00d6L\u00dcM: B\u00dcT\u00c7E TAHM\u0130NLER\u0130 VE TAHM\u0130N HATALARI 2. B\u00d6L\u00dcM: B\u00dcT\u00c7E TAHM\u0130NLER\u0130NE \u0130L\u0130\u015eK\u0130N L\u0130TERAT\u00dcR 3. B\u00d6L\u00dcM: T\u00dcRK\u0130YE\u2019DE B\u00dcT\u00c7E TAHM\u0130N HATASI 4. B\u00d6L\u00dcM: EKONOMETR\u0130K ANAL\u0130Z<\/p>\n","protected":false},"featured_media":0,"template":"","meta":{"_monsterinsights_skip_tracking":false,"_monsterinsights_sitenote_active":false,"_monsterinsights_sitenote_note":"","_monsterinsights_sitenote_category":0},"product_brand":[],"product_cat":[13043],"product_tag":[],"class_list":{"0":"post-764671","1":"product","2":"type-product","3":"status-publish","5":"product_cat-ekonomi","6":"pa_cilt-ciltsiz","7":"pa_tur-kitap","8":"pa_yayinevi-gazi-kitabevi","9":"pa_yazar-berat-kara","11":"first","12":"instock","13":"sale","14":"shipping-taxable","15":"purchasable","16":"product-type-simple"},"_links":{"self":[{"href":"https:\/\/roveyayinevi.com.tr\/index.php\/wp-json\/wp\/v2\/product\/764671","targetHints":{"allow":["GET"]}}],"collection":[{"href":"https:\/\/roveyayinevi.com.tr\/index.php\/wp-json\/wp\/v2\/product"}],"about":[{"href":"https:\/\/roveyayinevi.com.tr\/index.php\/wp-json\/wp\/v2\/types\/product"}],"wp:attachment":[{"href":"https:\/\/roveyayinevi.com.tr\/index.php\/wp-json\/wp\/v2\/media?parent=764671"}],"wp:term":[{"taxonomy":"product_brand","embeddable":true,"href":"https:\/\/roveyayinevi.com.tr\/index.php\/wp-json\/wp\/v2\/product_brand?post=764671"},{"taxonomy":"product_cat","embeddable":true,"href":"https:\/\/roveyayinevi.com.tr\/index.php\/wp-json\/wp\/v2\/product_cat?post=764671"},{"taxonomy":"product_tag","embeddable":true,"href":"https:\/\/roveyayinevi.com.tr\/index.php\/wp-json\/wp\/v2\/product_tag?post=764671"}],"curies":[{"name":"wp","href":"https:\/\/api.w.org\/{rel}","templated":true}]}}