{"id":764658,"date":"2025-08-28T11:17:56","date_gmt":"2025-08-28T08:17:56","guid":{"rendered":"https:\/\/roveyayinevi.com.tr\/index.php\/urun\/one-punch-man-tek-yumruk-cilt-26\/"},"modified":"2026-04-15T03:30:24","modified_gmt":"2026-04-15T00:30:24","slug":"one-punch-man-tek-yumruk-cilt-26","status":"publish","type":"product","link":"https:\/\/roveyayinevi.com.tr\/index.php\/urun\/one-punch-man-tek-yumruk-cilt-26\/","title":{"rendered":"One-Punch Man-Tek Yumruk \u2013 Cilt 26"},"content":{"rendered":"<p>Kar\u015f\u0131na \u00e7\u0131kan herkesin i\u015fini tek bir yumrukla bitiriyorsan hayat son derece s\u0131k\u0131c\u0131 bir \u015fey haline gelebilir.   Canavarlar Birli\u011fi&#8217;nin \u00fcst d\u00fczey canavarlar\u0131na kar\u015f\u0131 verilen m\u00fccadele k\u0131z\u0131\u015f\u0131rken, S S\u0131n\u0131f\u0131 kahramanlar kendilerini umutsuz bir m\u00fccadelenin i\u00e7inde bulur. Yaln\u0131zca Kas\u0131rga, Gyoro Gyoro&#8217;nun ger\u00e7ek formunu g\u00f6rmeyi ba\u015far\u0131r ve onu k\u00f6\u015feye s\u0131k\u0131\u015ft\u0131r\u0131r. Bu s\u0131rada S\u00fcper Ala\u015f\u0131m Kara I\u015f\u0131k Garou ile y\u00fczle\u015firken, di\u011fer yanda Saitama Canavarlar Birli\u011fi&#8217;nin sakland\u0131\u011f\u0131 labirentte geziniyor&#8230; <\/p>\n","protected":false},"excerpt":{"rendered":"<p>Kar\u015f\u0131na \u00e7\u0131kan herkesin i\u015fini tek bir yumrukla bitiriyorsan hayat son derece s\u0131k\u0131c\u0131 bir \u015fey haline gelebilir. Canavarlar Birli\u011fi&#8217;nin \u00fcst d\u00fczey canavarlar\u0131na kar\u015f\u0131 verilen m\u00fccadele k\u0131z\u0131\u015f\u0131rken, S<span class=\"excerpt-hellip\"> [\u2026]<\/span><\/p>\n","protected":false},"featured_media":0,"template":"","meta":{"_monsterinsights_skip_tracking":false,"_monsterinsights_sitenote_active":false,"_monsterinsights_sitenote_note":"","_monsterinsights_sitenote_category":0},"product_brand":[],"product_cat":[12416,12291],"product_tag":[],"class_list":{"0":"post-764658","1":"product","2":"type-product","3":"status-publish","5":"product_cat-cizgi-roman","6":"product_cat-edebiyat","7":"pa_cilt-ciltsiz","8":"pa_tur-kitap","9":"pa_yayinevi-akil-celen-kitaplar","10":"pa_yazar-one","12":"first","13":"instock","14":"sale","15":"shipping-taxable","16":"purchasable","17":"product-type-simple"},"_links":{"self":[{"href":"https:\/\/roveyayinevi.com.tr\/index.php\/wp-json\/wp\/v2\/product\/764658","targetHints":{"allow":["GET"]}}],"collection":[{"href":"https:\/\/roveyayinevi.com.tr\/index.php\/wp-json\/wp\/v2\/product"}],"about":[{"href":"https:\/\/roveyayinevi.com.tr\/index.php\/wp-json\/wp\/v2\/types\/product"}],"wp:attachment":[{"href":"https:\/\/roveyayinevi.com.tr\/index.php\/wp-json\/wp\/v2\/media?parent=764658"}],"wp:term":[{"taxonomy":"product_brand","embeddable":true,"href":"https:\/\/roveyayinevi.com.tr\/index.php\/wp-json\/wp\/v2\/product_brand?post=764658"},{"taxonomy":"product_cat","embeddable":true,"href":"https:\/\/roveyayinevi.com.tr\/index.php\/wp-json\/wp\/v2\/product_cat?post=764658"},{"taxonomy":"product_tag","embeddable":true,"href":"https:\/\/roveyayinevi.com.tr\/index.php\/wp-json\/wp\/v2\/product_tag?post=764658"}],"curies":[{"name":"wp","href":"https:\/\/api.w.org\/{rel}","templated":true}]}}