{"id":764657,"date":"2025-08-28T11:17:55","date_gmt":"2025-08-28T08:17:55","guid":{"rendered":"https:\/\/roveyayinevi.com.tr\/index.php\/urun\/noromandiya-beynin-gizemlerine-cizgilerle-yolculuk\/"},"modified":"2026-04-15T03:30:24","modified_gmt":"2026-04-15T00:30:24","slug":"noromandiya-beynin-gizemlerine-cizgilerle-yolculuk","status":"publish","type":"product","link":"https:\/\/roveyayinevi.com.tr\/index.php\/urun\/noromandiya-beynin-gizemlerine-cizgilerle-yolculuk\/","title":{"rendered":"N\u00f6romandiya: Beynin Gizemlerine \u00c7izgilerle Yolculuk"},"content":{"rendered":"<p>\u201cSosyal bir t\u00fcr\u201d olmak ne demek? Gruplar olu\u015fturdu\u011fumuzda beynimizde ne de\u011fi\u015fiyor? Kendimize benzeyen insanlarla m\u0131 yoksa farkl\u0131 olanlarla m\u0131 bir arada olmal\u0131y\u0131z? Birlikten ger\u00e7ekten kuvvet do\u011fuyor mu? Yoksa nerede \u00e7okluk, orada..?   Yakla\u015f\u0131k elli y\u0131ll\u0131k kariyerleri boyunca beyin hastal\u0131klar\u0131 \u00fczerine \u00f6nemli \u00e7al\u0131\u015fmalara imza atan profes\u00f6r \u00e7ift Uta ve Chris Frith, N\u00f6romandiya&#8217;da, &#8220;Beyin neyi bildi\u011fini nereden bilir?&#8221; gibi temel bir sorudan ba\u015flayarak bizleri insan beyninin mucizeleri ve gizemleri aras\u0131nda keyifli, \u00e7izgi roman tad\u0131nda bir yolculu\u011fa \u00e7\u0131kar\u0131yor. \u0130kili, n\u00f6robilimin do\u011fu\u015fundan otizm ve \u015fizofreni \u00fczerine bizzat ger\u00e7ekle\u015ftirdikleri \u00e7\u0131\u011f\u0131r a\u00e7\u0131c\u0131 ara\u015ft\u0131rmalara, oradan da \u00e7e\u015fitlilik, \u00f6nyarg\u0131, g\u00fcven ve empati gibi sosyal bili\u015fin yeni s\u0131n\u0131rlar\u0131na uzanarak beynimizin i\u015fleyi\u015fi (ve di\u011fer beyinlerle nas\u0131l i\u015fbirli\u011fi yapt\u0131\u011f\u0131) hakk\u0131nda s\u00fcr\u00fckleyici ve fazlas\u0131yla e\u011flenceli bir rehber sunuyor. \u201cB\u00fcy\u00fcleyici ve ba\u011f\u0131ml\u0131l\u0131k yaratacak kadar kolay anla\u015f\u0131l\u0131r bir rehber.\u201d \u2014Steve Pinker, Zihin Nas\u0131l \u00c7al\u0131\u015f\u0131r kitab\u0131n\u0131n yazar\u0131 \u201c\u0130\u015fbirli\u011finin \u00f6nemini vurgulayan ayd\u0131nlat\u0131c\u0131, ilham verici bir bilimsel yolculuk. Ayn\u0131 zamanda merak, mizah ve al\u00e7akg\u00f6n\u00fcll\u00fcl\u00fc\u011f\u00fcn ho\u015f bir kar\u0131\u015f\u0131m\u0131.\u201d \u2014Kirkus  \u201cDaha \u00f6nce hi\u00e7 b\u00f6yle bir \u015fey g\u00f6rmemi\u015ftim. D\u00fcnyan\u0131n \u00f6nde gelen iki bili\u015fsel n\u00f6robilimcisinin kariyerlerinin \u2013ve ili\u015fkilerinin\u2013 ilgi \u00e7ekici bir hikayesi. Beynin nas\u0131l \u00e7al\u0131\u015ft\u0131\u011f\u0131na dair esprili, eri\u015filebilir bir giri\u015f. \u00c7izimleri de harika!\u201d \u2014Paul Bloom, Empati ve Hazz\u0131n Bilimi kitaplar\u0131n\u0131n yazar\u0131 <\/p>\n","protected":false},"excerpt":{"rendered":"<p>\u201cSosyal bir t\u00fcr\u201d olmak ne demek? Gruplar olu\u015fturdu\u011fumuzda beynimizde ne de\u011fi\u015fiyor? Kendimize benzeyen insanlarla m\u0131 yoksa farkl\u0131 olanlarla m\u0131 bir arada olmal\u0131y\u0131z? Birlikten ger\u00e7ekten kuvvet do\u011fuyor<span class=\"excerpt-hellip\"> [\u2026]<\/span><\/p>\n","protected":false},"featured_media":0,"template":"","meta":{"_monsterinsights_skip_tracking":false,"_monsterinsights_sitenote_active":false,"_monsterinsights_sitenote_note":"","_monsterinsights_sitenote_category":0},"product_brand":[],"product_cat":[20502,12357],"product_tag":[],"class_list":{"0":"post-764657","1":"product","2":"type-product","3":"status-publish","5":"product_cat-basvuru-kitaplari-psikoloji","6":"product_cat-psikoloji","7":"pa_cilt-ciltsiz","8":"pa_tur-kitap","9":"pa_yayinevi-domingo-yayinevi","10":"pa_yazar-kolektif","12":"first","13":"instock","14":"sale","15":"shipping-taxable","16":"purchasable","17":"product-type-simple"},"_links":{"self":[{"href":"https:\/\/roveyayinevi.com.tr\/index.php\/wp-json\/wp\/v2\/product\/764657","targetHints":{"allow":["GET"]}}],"collection":[{"href":"https:\/\/roveyayinevi.com.tr\/index.php\/wp-json\/wp\/v2\/product"}],"about":[{"href":"https:\/\/roveyayinevi.com.tr\/index.php\/wp-json\/wp\/v2\/types\/product"}],"wp:attachment":[{"href":"https:\/\/roveyayinevi.com.tr\/index.php\/wp-json\/wp\/v2\/media?parent=764657"}],"wp:term":[{"taxonomy":"product_brand","embeddable":true,"href":"https:\/\/roveyayinevi.com.tr\/index.php\/wp-json\/wp\/v2\/product_brand?post=764657"},{"taxonomy":"product_cat","embeddable":true,"href":"https:\/\/roveyayinevi.com.tr\/index.php\/wp-json\/wp\/v2\/product_cat?post=764657"},{"taxonomy":"product_tag","embeddable":true,"href":"https:\/\/roveyayinevi.com.tr\/index.php\/wp-json\/wp\/v2\/product_tag?post=764657"}],"curies":[{"name":"wp","href":"https:\/\/api.w.org\/{rel}","templated":true}]}}