{"id":764640,"date":"2025-08-28T11:17:21","date_gmt":"2025-08-28T08:17:21","guid":{"rendered":"https:\/\/roveyayinevi.com.tr\/index.php\/urun\/basit-usulde-ticari-kazanc-elde-eden-esnaf-ve-sanatkarlarin-el-kitabi\/"},"modified":"2026-04-15T03:30:24","modified_gmt":"2026-04-15T00:30:24","slug":"basit-usulde-ticari-kazanc-elde-eden-esnaf-ve-sanatkarlarin-el-kitabi","status":"publish","type":"product","link":"https:\/\/roveyayinevi.com.tr\/index.php\/urun\/basit-usulde-ticari-kazanc-elde-eden-esnaf-ve-sanatkarlarin-el-kitabi\/","title":{"rendered":"Basit Usulde Ticari Kazan\u00e7 Elde Eden Esnaf ve Sanatkarlar\u0131n El Kitab\u0131"},"content":{"rendered":"<p>Basit Usule Tabi Olmaya Dair Her \u015eey \u0130ktisadi ve ticari i\u015flerini g\u00fcn\u00fc g\u00fcn\u00fcne y\u00fcr\u00fcten bir esnaf ve sanatk\u00e2r\u0131n ba\u015far\u0131l\u0131 olmamas\u0131 m\u00fcmk\u00fcn de\u011fildir. Basit Usulde Ticari Kazan\u00e7 Basit Usulde Ticari Kazanc\u0131n Hesaplanmas\u0131 Basit Usul Ticari Kazan\u00e7ta Vergilendirme Basit Usule Tabi Olman\u0131n \u015eartlar\u0131 Basit Usule Tabi M\u00fckelleflerin Gelir Vergisi Kanunu ile Vergi Usul Kanunu Y\u00f6n\u00fcnden Di\u011fer Y\u00fck\u00fcml\u00fcl\u00fckleri ve Uygulamaya \u0130li\u015fkin \u00d6nemli Hususlar Basit Usule Tabi M\u00fckelleflerin Katma De\u011fer Vergisi Kanunu Kar\u015f\u0131s\u0131ndaki Durumu ve Uygulamaya \u0130li\u015fkin \u00d6nemli Hususlar Basit Usule Tabi M\u00fckelleflerin Vergi Usul Kanunu Y\u00f6n\u00fcnden Y\u00fck\u00fcml\u00fcl\u00fckleri ve Uygulamaya \u0130li\u015fkin \u00d6nemli Hususlar Basit Usul Ticari Kazan\u00e7 Esas\u0131na G\u00f6re Defter Beyanda M\u00fckellefin Ticari \u0130\u015flemlerinin \u0130zlenilmesi Basit Usulde Ticari Kazan\u00e7 Dilek\u00e7e \u00d6rnekleri <\/p>\n","protected":false},"excerpt":{"rendered":"<p>Basit Usule Tabi Olmaya Dair Her \u015eey \u0130ktisadi ve ticari i\u015flerini g\u00fcn\u00fc g\u00fcn\u00fcne y\u00fcr\u00fcten bir esnaf ve sanatk\u00e2r\u0131n ba\u015far\u0131l\u0131 olmamas\u0131 m\u00fcmk\u00fcn de\u011fildir. Basit Usulde Ticari Kazan\u00e7<span class=\"excerpt-hellip\"> [\u2026]<\/span><\/p>\n","protected":false},"featured_media":0,"template":"","meta":{"_monsterinsights_skip_tracking":false,"_monsterinsights_sitenote_active":false,"_monsterinsights_sitenote_note":"","_monsterinsights_sitenote_category":0},"product_brand":[],"product_cat":[13043,14381],"product_tag":[],"class_list":{"0":"post-764640","1":"product","2":"type-product","3":"status-publish","5":"product_cat-ekonomi","6":"product_cat-isletme-muhasebe-maliye","7":"pa_cilt-ciltsiz","8":"pa_tur-kitap","9":"pa_yayinevi-zet-akademi-yayinlari","10":"pa_yazar-nurettin-erkasap","12":"first","13":"instock","14":"sale","15":"shipping-taxable","16":"purchasable","17":"product-type-simple"},"_links":{"self":[{"href":"https:\/\/roveyayinevi.com.tr\/index.php\/wp-json\/wp\/v2\/product\/764640","targetHints":{"allow":["GET"]}}],"collection":[{"href":"https:\/\/roveyayinevi.com.tr\/index.php\/wp-json\/wp\/v2\/product"}],"about":[{"href":"https:\/\/roveyayinevi.com.tr\/index.php\/wp-json\/wp\/v2\/types\/product"}],"wp:attachment":[{"href":"https:\/\/roveyayinevi.com.tr\/index.php\/wp-json\/wp\/v2\/media?parent=764640"}],"wp:term":[{"taxonomy":"product_brand","embeddable":true,"href":"https:\/\/roveyayinevi.com.tr\/index.php\/wp-json\/wp\/v2\/product_brand?post=764640"},{"taxonomy":"product_cat","embeddable":true,"href":"https:\/\/roveyayinevi.com.tr\/index.php\/wp-json\/wp\/v2\/product_cat?post=764640"},{"taxonomy":"product_tag","embeddable":true,"href":"https:\/\/roveyayinevi.com.tr\/index.php\/wp-json\/wp\/v2\/product_tag?post=764640"}],"curies":[{"name":"wp","href":"https:\/\/api.w.org\/{rel}","templated":true}]}}