{"id":764633,"date":"2025-08-28T11:17:02","date_gmt":"2025-08-28T08:17:02","guid":{"rendered":"https:\/\/roveyayinevi.com.tr\/index.php\/urun\/narsist-bir-influencer\/"},"modified":"2026-04-15T03:30:24","modified_gmt":"2026-04-15T00:30:24","slug":"narsist-bir-influencer","status":"publish","type":"product","link":"https:\/\/roveyayinevi.com.tr\/index.php\/urun\/narsist-bir-influencer\/","title":{"rendered":"Narsist Bir Influencer"},"content":{"rendered":"<p>\u201cBu aya neden bir t\u00fcrl\u00fc \u0131s\u0131namad\u0131m, \u015fimdi daha \u00e7ok anl\u0131yordum. Y\u00fcre\u011fimden kuruduk\u00e7a d\u00f6k\u00fclen sardunyalar vard\u0131. Ruhum s\u0131r\u0131ls\u0131klam, bedenim so\u011fuyan bir h\u00fcz\u00fcnd\u00fc. \u00c7ok erken gitmi\u015fti, \u00e7ok! Benim kalbimden \u00fcstelik zamans\u0131zca, nas\u0131l b\u00f6yle \u00e7abuk kuruyup kekik gibi, reyhan gibi da\u011f\u0131labildi bu a\u015fk? Hayret, bir kal\u0131c\u0131 hasar gibi \u00f6fkesini sineme vura vura \u00e7ekip gitti! Al\u0131\u015f\u0131k de\u011fildim b\u00f6ylesine aksine kar\u0131\u015f\u0131kt\u0131m. Karmakar\u0131\u015f\u0131kt\u0131m. Bilemezdi.\u201d \u00dcnl\u00fc ve \u00e7evresinin tan\u0131mlamas\u0131yla narsist bir influencer\u0131n karde\u015finin \u0130stanbul, Erzurum ve Macaristan aras\u0131nda ya\u015fad\u0131\u011f\u0131 \u00e7alkant\u0131l\u0131 hayat\u0131 ve s\u00fcrprizlere gebe kar\u015f\u0131la\u015fmalar\u0131 ele alan eser; sosyal medya, \u00fcnl\u00fc olmak, para ve \u015f\u00f6hretin getirilerini sorguluyor\u2026<\/p>\n","protected":false},"excerpt":{"rendered":"<p>\u201cBu aya neden bir t\u00fcrl\u00fc \u0131s\u0131namad\u0131m, \u015fimdi daha \u00e7ok anl\u0131yordum. Y\u00fcre\u011fimden kuruduk\u00e7a d\u00f6k\u00fclen sardunyalar vard\u0131. Ruhum s\u0131r\u0131ls\u0131klam, bedenim so\u011fuyan bir h\u00fcz\u00fcnd\u00fc. \u00c7ok erken gitmi\u015fti, \u00e7ok! Benim<span class=\"excerpt-hellip\"> [\u2026]<\/span><\/p>\n","protected":false},"featured_media":0,"template":"","meta":{"_monsterinsights_skip_tracking":false,"_monsterinsights_sitenote_active":false,"_monsterinsights_sitenote_note":"","_monsterinsights_sitenote_category":0},"product_brand":[],"product_cat":[12291,12711],"product_tag":[],"class_list":{"0":"post-764633","1":"product","2":"type-product","3":"status-publish","5":"product_cat-edebiyat","6":"product_cat-roman-oyku","7":"pa_cilt-ciltsiz","8":"pa_tur-kitap","9":"pa_yayinevi-perseus","10":"pa_yazar-fatih-aydemir","12":"first","13":"instock","14":"sale","15":"shipping-taxable","16":"purchasable","17":"product-type-simple"},"_links":{"self":[{"href":"https:\/\/roveyayinevi.com.tr\/index.php\/wp-json\/wp\/v2\/product\/764633","targetHints":{"allow":["GET"]}}],"collection":[{"href":"https:\/\/roveyayinevi.com.tr\/index.php\/wp-json\/wp\/v2\/product"}],"about":[{"href":"https:\/\/roveyayinevi.com.tr\/index.php\/wp-json\/wp\/v2\/types\/product"}],"wp:attachment":[{"href":"https:\/\/roveyayinevi.com.tr\/index.php\/wp-json\/wp\/v2\/media?parent=764633"}],"wp:term":[{"taxonomy":"product_brand","embeddable":true,"href":"https:\/\/roveyayinevi.com.tr\/index.php\/wp-json\/wp\/v2\/product_brand?post=764633"},{"taxonomy":"product_cat","embeddable":true,"href":"https:\/\/roveyayinevi.com.tr\/index.php\/wp-json\/wp\/v2\/product_cat?post=764633"},{"taxonomy":"product_tag","embeddable":true,"href":"https:\/\/roveyayinevi.com.tr\/index.php\/wp-json\/wp\/v2\/product_tag?post=764633"}],"curies":[{"name":"wp","href":"https:\/\/api.w.org\/{rel}","templated":true}]}}