{"id":764615,"date":"2025-08-28T11:15:54","date_gmt":"2025-08-28T08:15:54","guid":{"rendered":"https:\/\/roveyayinevi.com.tr\/index.php\/urun\/estila\/"},"modified":"2026-04-15T03:30:23","modified_gmt":"2026-04-15T00:30:23","slug":"estila","status":"publish","type":"product","link":"https:\/\/roveyayinevi.com.tr\/index.php\/urun\/estila\/","title":{"rendered":"Estila"},"content":{"rendered":"<p>Soner ailesiyle ya\u015fayan \u00e7al\u0131\u015fkan bir \u00e7ocuktur. Bir g\u00fcn babas\u0131na yard\u0131m etmek i\u00e7in yel de\u011firmenine gider. Babas\u0131 de\u011firmenden erken ayr\u0131l\u0131nca etraf\u0131 toplayan Soner, k\u00fc\u00e7\u00fck arkada\u015flar\u0131yla de\u011firmenden ayr\u0131lmak \u00fczereyken ba\u015flar\u0131na ilgin\u00e7 olaylar gelmeye ba\u015flar.    Estila ad\u0131nda bir peri taraf\u0131ndan takip edilmektedirler. Soner, \u00e7al\u0131\u015fkan ve yard\u0131msever olmas\u0131ndan dolay\u0131 se\u00e7ilmi\u015f bir \u00e7ocuktur. Estila bir g\u00fcnl\u00fc\u011f\u00fcne onun en \u00e7ok istedi\u011fi dile\u011fini ger\u00e7ekle\u015ftirmek i\u00e7in g\u00f6revlendirilmi\u015ftir. Soner hep ya\u011fmur ormanlar\u0131n\u0131 merak etmektedir ve yel de\u011firmeniyle ya\u011fmur ormanlar\u0131n\u0131n yolunu tutarlar. \u0130lgin\u00e7 maceralar pe\u015f pe\u015fe birbirini takip eder.    Sihirli bir maceraya haz\u0131r m\u0131s\u0131n\u0131z? <\/p>\n","protected":false},"excerpt":{"rendered":"<p>Soner ailesiyle ya\u015fayan \u00e7al\u0131\u015fkan bir \u00e7ocuktur. Bir g\u00fcn babas\u0131na yard\u0131m etmek i\u00e7in yel de\u011firmenine gider. Babas\u0131 de\u011firmenden erken ayr\u0131l\u0131nca etraf\u0131 toplayan Soner, k\u00fc\u00e7\u00fck arkada\u015flar\u0131yla de\u011firmenden ayr\u0131lmak<span class=\"excerpt-hellip\"> [\u2026]<\/span><\/p>\n","protected":false},"featured_media":0,"template":"","meta":{"_monsterinsights_skip_tracking":false,"_monsterinsights_sitenote_active":false,"_monsterinsights_sitenote_note":"","_monsterinsights_sitenote_category":0},"product_brand":[],"product_cat":[12274,12284],"product_tag":[],"class_list":{"0":"post-764615","1":"product","2":"type-product","3":"status-publish","5":"product_cat-cocuk-ve-genclik-kitaplari","6":"product_cat-hikayeler","7":"pa_cilt-ciltsiz","8":"pa_tur-kitap","9":"pa_yayinevi-hazer-yayinlari","10":"pa_yazar-nese-bozman-kucukkaraca","12":"first","13":"instock","14":"sale","15":"shipping-taxable","16":"purchasable","17":"product-type-simple"},"_links":{"self":[{"href":"https:\/\/roveyayinevi.com.tr\/index.php\/wp-json\/wp\/v2\/product\/764615","targetHints":{"allow":["GET"]}}],"collection":[{"href":"https:\/\/roveyayinevi.com.tr\/index.php\/wp-json\/wp\/v2\/product"}],"about":[{"href":"https:\/\/roveyayinevi.com.tr\/index.php\/wp-json\/wp\/v2\/types\/product"}],"wp:attachment":[{"href":"https:\/\/roveyayinevi.com.tr\/index.php\/wp-json\/wp\/v2\/media?parent=764615"}],"wp:term":[{"taxonomy":"product_brand","embeddable":true,"href":"https:\/\/roveyayinevi.com.tr\/index.php\/wp-json\/wp\/v2\/product_brand?post=764615"},{"taxonomy":"product_cat","embeddable":true,"href":"https:\/\/roveyayinevi.com.tr\/index.php\/wp-json\/wp\/v2\/product_cat?post=764615"},{"taxonomy":"product_tag","embeddable":true,"href":"https:\/\/roveyayinevi.com.tr\/index.php\/wp-json\/wp\/v2\/product_tag?post=764615"}],"curies":[{"name":"wp","href":"https:\/\/api.w.org\/{rel}","templated":true}]}}