{"id":764611,"date":"2025-08-28T11:15:47","date_gmt":"2025-08-28T08:15:47","guid":{"rendered":"https:\/\/roveyayinevi.com.tr\/index.php\/urun\/en-eski-oda\/"},"modified":"2026-04-15T03:30:23","modified_gmt":"2026-04-15T00:30:23","slug":"en-eski-oda","status":"publish","type":"product","link":"https:\/\/roveyayinevi.com.tr\/index.php\/urun\/en-eski-oda\/","title":{"rendered":"En Eski Oda"},"content":{"rendered":"<p>\u201cG\u00f6k Ku\u015faks\u0131z\u201d, \u201cKaotika\u201d ve \u201cTeredd\u00fct \u00c7izgisi\u201d romanlar\u0131yla bilinen Necla Akdeniz bu ilk \u00f6yk\u00fc kitab\u0131nda dili olmay\u0131p \u00e7\u0131\u011fl\u0131\u011f\u0131n\u0131 duyuramayanlar\u0131n, ikili cinsiyet sistemine s\u0131\u011fmayanlar\u0131n ve kuirlerin hayatlar\u0131n\u0131 hik\u00e2ye ediyor. <\/p>\n","protected":false},"excerpt":{"rendered":"<p>\u201cG\u00f6k Ku\u015faks\u0131z\u201d, \u201cKaotika\u201d ve \u201cTeredd\u00fct \u00c7izgisi\u201d romanlar\u0131yla bilinen Necla Akdeniz bu ilk \u00f6yk\u00fc kitab\u0131nda dili olmay\u0131p \u00e7\u0131\u011fl\u0131\u011f\u0131n\u0131 duyuramayanlar\u0131n, ikili cinsiyet sistemine s\u0131\u011fmayanlar\u0131n ve kuirlerin hayatlar\u0131n\u0131 hik\u00e2ye<span class=\"excerpt-hellip\"> [\u2026]<\/span><\/p>\n","protected":false},"featured_media":0,"template":"","meta":{"_monsterinsights_skip_tracking":false,"_monsterinsights_sitenote_active":false,"_monsterinsights_sitenote_note":"","_monsterinsights_sitenote_category":0},"product_brand":[],"product_cat":[12291,12711],"product_tag":[],"class_list":{"0":"post-764611","1":"product","2":"type-product","3":"status-publish","5":"product_cat-edebiyat","6":"product_cat-roman-oyku","7":"pa_cilt-ciltsiz","8":"pa_tur-kitap","9":"pa_yayinevi-agora-kitapligi","10":"pa_yazar-necla-akdeniz","12":"first","13":"instock","14":"sale","15":"shipping-taxable","16":"purchasable","17":"product-type-simple"},"_links":{"self":[{"href":"https:\/\/roveyayinevi.com.tr\/index.php\/wp-json\/wp\/v2\/product\/764611","targetHints":{"allow":["GET"]}}],"collection":[{"href":"https:\/\/roveyayinevi.com.tr\/index.php\/wp-json\/wp\/v2\/product"}],"about":[{"href":"https:\/\/roveyayinevi.com.tr\/index.php\/wp-json\/wp\/v2\/types\/product"}],"wp:attachment":[{"href":"https:\/\/roveyayinevi.com.tr\/index.php\/wp-json\/wp\/v2\/media?parent=764611"}],"wp:term":[{"taxonomy":"product_brand","embeddable":true,"href":"https:\/\/roveyayinevi.com.tr\/index.php\/wp-json\/wp\/v2\/product_brand?post=764611"},{"taxonomy":"product_cat","embeddable":true,"href":"https:\/\/roveyayinevi.com.tr\/index.php\/wp-json\/wp\/v2\/product_cat?post=764611"},{"taxonomy":"product_tag","embeddable":true,"href":"https:\/\/roveyayinevi.com.tr\/index.php\/wp-json\/wp\/v2\/product_tag?post=764611"}],"curies":[{"name":"wp","href":"https:\/\/api.w.org\/{rel}","templated":true}]}}