{"id":764598,"date":"2025-08-28T11:15:23","date_gmt":"2025-08-28T08:15:23","guid":{"rendered":"https:\/\/roveyayinevi.com.tr\/index.php\/urun\/eglenceli-ciftlik\/"},"modified":"2026-04-15T03:30:23","modified_gmt":"2026-04-15T00:30:23","slug":"eglenceli-ciftlik","status":"publish","type":"product","link":"https:\/\/roveyayinevi.com.tr\/index.php\/urun\/eglenceli-ciftlik\/","title":{"rendered":"E\u011flenceli \u00c7iftlik"},"content":{"rendered":"<p>E\u011flenceli \u00e7iftliktekihayvanlarlatan\u0131\u015fmaya haz\u0131r m\u0131s\u0131n ? \u00c7iftlikte hangihayvanlar saklan\u0131yor,pencereleri \u00e7evirerekke\u015ffedelim\u2026 E\u011flenceli \u00e7iftliktekihayvanlarlatan\u0131\u015fmaya haz\u0131r m\u0131s\u0131n ?<\/p>\n","protected":false},"excerpt":{"rendered":"<p>E\u011flenceli \u00e7iftliktekihayvanlarlatan\u0131\u015fmaya haz\u0131r m\u0131s\u0131n ? \u00c7iftlikte hangihayvanlar saklan\u0131yor,pencereleri \u00e7evirerekke\u015ffedelim\u2026 E\u011flenceli \u00e7iftliktekihayvanlarlatan\u0131\u015fmaya haz\u0131r m\u0131s\u0131n ?<\/p>\n","protected":false},"featured_media":0,"template":"","meta":{"_monsterinsights_skip_tracking":false,"_monsterinsights_sitenote_active":false,"_monsterinsights_sitenote_note":"","_monsterinsights_sitenote_category":0},"product_brand":[],"product_cat":[12274,12518],"product_tag":[],"class_list":{"0":"post-764598","1":"product","2":"type-product","3":"status-publish","5":"product_cat-cocuk-ve-genclik-kitaplari","6":"product_cat-okul-oncesi-kitaplar","7":"pa_cilt-ciltsiz","8":"pa_tur-kitap","9":"pa_yayinevi-ucan-fil-yayinlari","10":"pa_yazar-rebecca-weerasekera","12":"first","13":"instock","14":"sale","15":"shipping-taxable","16":"purchasable","17":"product-type-simple"},"_links":{"self":[{"href":"https:\/\/roveyayinevi.com.tr\/index.php\/wp-json\/wp\/v2\/product\/764598","targetHints":{"allow":["GET"]}}],"collection":[{"href":"https:\/\/roveyayinevi.com.tr\/index.php\/wp-json\/wp\/v2\/product"}],"about":[{"href":"https:\/\/roveyayinevi.com.tr\/index.php\/wp-json\/wp\/v2\/types\/product"}],"wp:attachment":[{"href":"https:\/\/roveyayinevi.com.tr\/index.php\/wp-json\/wp\/v2\/media?parent=764598"}],"wp:term":[{"taxonomy":"product_brand","embeddable":true,"href":"https:\/\/roveyayinevi.com.tr\/index.php\/wp-json\/wp\/v2\/product_brand?post=764598"},{"taxonomy":"product_cat","embeddable":true,"href":"https:\/\/roveyayinevi.com.tr\/index.php\/wp-json\/wp\/v2\/product_cat?post=764598"},{"taxonomy":"product_tag","embeddable":true,"href":"https:\/\/roveyayinevi.com.tr\/index.php\/wp-json\/wp\/v2\/product_tag?post=764598"}],"curies":[{"name":"wp","href":"https:\/\/api.w.org\/{rel}","templated":true}]}}