{"id":764592,"date":"2025-08-28T11:15:13","date_gmt":"2025-08-28T08:15:13","guid":{"rendered":"https:\/\/roveyayinevi.com.tr\/index.php\/urun\/orta-doguda-sinirlar-cizilirken\/"},"modified":"2026-01-27T03:54:44","modified_gmt":"2026-01-27T00:54:44","slug":"orta-doguda-sinirlar-cizilirken","status":"publish","type":"product","link":"https:\/\/roveyayinevi.com.tr\/index.php\/urun\/orta-doguda-sinirlar-cizilirken\/","title":{"rendered":"Orta Do\u011fu\u2019da S\u0131n\u0131rlar \u00c7izilirken"},"content":{"rendered":"<p>Teolojiden, tarihe kadar bir\u00e7ok disiplin taraf\u0131ndan tarihin ve insano\u011flunun be\u015fi\u011fi olarak adland\u0131r\u0131lan Orta Do\u011fu co\u011frafyas\u0131; farkl\u0131 milletleri, uygarl\u0131k ve  medeniyetleri bar\u0131nd\u0131rmakla birlikte onlar\u0131n kendi k\u00fclt\u00fcrleri, inan\u00e7 ve rit\u00fcelleri ile yo\u011fun bir b\u00f6lge olarak g\u00f6ze \u00e7arpmakta, jeopolitik \u00f6zellikleriyle zengin enerji kaynaklar\u0131, co\u011frafi konumunun sa\u011flad\u0131\u011f\u0131 avantajlar\u0131yla k\u00fcresel g\u00fc\u00e7 iddias\u0131nda bulunan t\u00fcm \u00fclkelerin ilgisini \u00fczerinde toplamaktad\u0131r. Orta Do\u011fu b\u00f6lgesi 19. yy. ile ba\u015flayan k\u00fcresel hegemonya m\u00fccadelesinin en  \u00f6nemli merkezi olmu\u015f; bu durum da periferisinin s\u00fcrekli bir kriz, \u00e7at\u0131\u015fma tehdidi alt\u0131nda ya\u015fam s\u00fcrmesine neden olmu\u015ftur. Tarihin ba\u015flad\u0131\u011f\u0131 bu topaklar Habil-Kabil\u2019den beri karde\u015f kan\u0131n\u0131n d\u00f6k\u00fcld\u00fc\u011f\u00fc bir saha olmay\u0131 s\u00fcrd\u00fcrmektedir. Bu topraklarda kavga, tarih kadar eskidir. Orta Do\u011fu\u2019daki b\u00fct\u00fcn halklar tarih boyunca ba\u015fka b\u00f6lgelerle k\u0131yas kabul etmeyecek \u00f6l\u00e7\u00fcde bu co\u011frafyada kana bulanm\u0131\u015flard\u0131r. Tamam\u0131na yak\u0131n\u0131n\u0131n ise arkas\u0131nda tarih\u00ee k\u00f6kleri ve b\u00fcr\u00fcnd\u00fc\u011f\u00fc yeni bi\u00e7imler ve bu yeni bi\u00e7imi tayin edenler vard\u0131r. \u0130\u015fte, elinizdeki bu kitap binlerce kilometre \u00f6teden bu topraklar\u0131n kaderine h\u00fckmetme \u00e7abas\u0131n\u0131n ve onlar\u0131n b\u00f6lgedeki i\u015f birlik\u00e7ilerinin hik\u00e2yesidir. <\/p>\n","protected":false},"excerpt":{"rendered":"<p>Teolojiden, tarihe kadar bir\u00e7ok disiplin taraf\u0131ndan tarihin ve insano\u011flunun be\u015fi\u011fi olarak adland\u0131r\u0131lan Orta Do\u011fu co\u011frafyas\u0131; farkl\u0131 milletleri, uygarl\u0131k ve medeniyetleri bar\u0131nd\u0131rmakla birlikte onlar\u0131n kendi k\u00fclt\u00fcrleri, inan\u00e7<span class=\"excerpt-hellip\"> [\u2026]<\/span><\/p>\n","protected":false},"featured_media":0,"template":"","meta":{"_monsterinsights_skip_tracking":false,"_monsterinsights_sitenote_active":false,"_monsterinsights_sitenote_note":"","_monsterinsights_sitenote_category":0},"product_brand":[],"product_cat":[13590,12337],"product_tag":[],"class_list":{"0":"post-764592","1":"product","2":"type-product","3":"status-publish","5":"product_cat-arastirma-inceleme-politika-siyaset","6":"product_cat-politika-siyaset","7":"pa_cilt-ciltsiz","8":"pa_tur-kitap","9":"pa_yayinevi-kripto-basim-yayin","10":"pa_yazar-bora-iyiat","12":"first","13":"instock","14":"sale","15":"shipping-taxable","16":"purchasable","17":"product-type-simple"},"_links":{"self":[{"href":"https:\/\/roveyayinevi.com.tr\/index.php\/wp-json\/wp\/v2\/product\/764592","targetHints":{"allow":["GET"]}}],"collection":[{"href":"https:\/\/roveyayinevi.com.tr\/index.php\/wp-json\/wp\/v2\/product"}],"about":[{"href":"https:\/\/roveyayinevi.com.tr\/index.php\/wp-json\/wp\/v2\/types\/product"}],"wp:attachment":[{"href":"https:\/\/roveyayinevi.com.tr\/index.php\/wp-json\/wp\/v2\/media?parent=764592"}],"wp:term":[{"taxonomy":"product_brand","embeddable":true,"href":"https:\/\/roveyayinevi.com.tr\/index.php\/wp-json\/wp\/v2\/product_brand?post=764592"},{"taxonomy":"product_cat","embeddable":true,"href":"https:\/\/roveyayinevi.com.tr\/index.php\/wp-json\/wp\/v2\/product_cat?post=764592"},{"taxonomy":"product_tag","embeddable":true,"href":"https:\/\/roveyayinevi.com.tr\/index.php\/wp-json\/wp\/v2\/product_tag?post=764592"}],"curies":[{"name":"wp","href":"https:\/\/api.w.org\/{rel}","templated":true}]}}