{"id":764590,"date":"2025-08-28T11:15:08","date_gmt":"2025-08-28T08:15:08","guid":{"rendered":"https:\/\/roveyayinevi.com.tr\/index.php\/urun\/dostoyevski-3\/"},"modified":"2026-04-15T03:30:23","modified_gmt":"2026-04-15T00:30:23","slug":"dostoyevski-3","status":"publish","type":"product","link":"https:\/\/roveyayinevi.com.tr\/index.php\/urun\/dostoyevski-3\/","title":{"rendered":"Dostoyevski"},"content":{"rendered":"<p>Fyodor Mihaylovi\u00e7 DOSTOYEVSK\u0130 [1821-1881], sadece Rus edebiyat\u0131n\u0131n de\u011fil, d\u00fcnya edebiyat\u0131n\u0131n da en \u00f6nemli yazarlar\u0131ndan biri. Hemen herkesin \u201cEn be\u011fendi\u011finiz yazar kimdir?\u201d sorusuna yan\u0131t\u0131nda ilk s\u0131rada de\u011filse muhakkak ilk \u00fc\u00e7te olan, tarihin belki de en b\u00fcy\u00fck edebiyat\u00e7\u0131lar\u0131ndan. Eserlerinde insan ruhunun karanl\u0131k k\u00f6\u015felerini ke\u015ffederek, psikolojik derinli\u011fi ve toplumsal ele\u015ftiriyi edebi bir ustal\u0131kla birle\u015ftiren bir d\u00e2hi. Abidev\u00ee karakterleri, ahlak\u00ee ve varolu\u015fsal sorgulamalar\u0131yla edebiyat d\u00fcnyas\u0131nda yeni bir \u00e7\u0131\u011f\u0131r a\u00e7an bir usta. Matbuat ve fikir hayat\u0131na katk\u0131lar\u0131yla da Rus entelijansiyas\u0131n\u0131n d\u00fc\u015f\u00fcnsel \u00f6nc\u00fclerinden biri olan Dostoyevski, ya\u015fad\u0131\u011f\u0131 her t\u00fcrl\u00fc zorlu\u011fa ra\u011fmen, kendi i\u00e7sel \u00e7at\u0131\u015fmalar\u0131n\u0131 evrensel bir dille ortaya koymay\u0131 bildi. *** Rus yazar Yevgeni Solovyov\u2019un 1891\u2019de yay\u0131nlanan bu biyografisi; Dostoyevski\u2019nin hayat\u0131ndaki \u00e7alkant\u0131lar\u0131, s\u00fcrg\u00fcn ve zindan y\u0131llar\u0131n\u0131, ac\u0131lar\u0131n\u0131, ba\u015far\u0131lar\u0131n\u0131 ve elbette ba\u015far\u0131s\u0131zl\u0131klar\u0131n\u0131 ve nihayetinde bu zorluklardan do\u011fan b\u00fcy\u00fck \u015f\u00f6hretini anlat\u0131rken, onun d\u00fcnya edebiyat\u0131na kazand\u0131rd\u0131\u011f\u0131 y\u00fcceli\u011fi g\u00f6zler \u00f6n\u00fcne seriyor.<\/p>\n","protected":false},"excerpt":{"rendered":"<p>Fyodor Mihaylovi\u00e7 DOSTOYEVSK\u0130 [1821-1881], sadece Rus edebiyat\u0131n\u0131n de\u011fil, d\u00fcnya edebiyat\u0131n\u0131n da en \u00f6nemli yazarlar\u0131ndan biri. Hemen herkesin \u201cEn be\u011fendi\u011finiz yazar kimdir?\u201d sorusuna yan\u0131t\u0131nda ilk s\u0131rada de\u011filse<span class=\"excerpt-hellip\"> [\u2026]<\/span><\/p>\n","protected":false},"featured_media":0,"template":"","meta":{"_monsterinsights_skip_tracking":false,"_monsterinsights_sitenote_active":false,"_monsterinsights_sitenote_note":"","_monsterinsights_sitenote_category":0},"product_brand":[],"product_cat":[14009,12291],"product_tag":[],"class_list":{"0":"post-764590","1":"product","2":"type-product","3":"status-publish","5":"product_cat-biyografi-otobiyografi-edebiyat","6":"product_cat-edebiyat","7":"pa_cilt-ciltsiz","8":"pa_tur-kitap","9":"pa_yayinevi-paspartu-yayinlari","10":"pa_yazar-yevgeni-a-solovyov","12":"first","13":"instock","14":"sale","15":"shipping-taxable","16":"purchasable","17":"product-type-simple"},"_links":{"self":[{"href":"https:\/\/roveyayinevi.com.tr\/index.php\/wp-json\/wp\/v2\/product\/764590","targetHints":{"allow":["GET"]}}],"collection":[{"href":"https:\/\/roveyayinevi.com.tr\/index.php\/wp-json\/wp\/v2\/product"}],"about":[{"href":"https:\/\/roveyayinevi.com.tr\/index.php\/wp-json\/wp\/v2\/types\/product"}],"wp:attachment":[{"href":"https:\/\/roveyayinevi.com.tr\/index.php\/wp-json\/wp\/v2\/media?parent=764590"}],"wp:term":[{"taxonomy":"product_brand","embeddable":true,"href":"https:\/\/roveyayinevi.com.tr\/index.php\/wp-json\/wp\/v2\/product_brand?post=764590"},{"taxonomy":"product_cat","embeddable":true,"href":"https:\/\/roveyayinevi.com.tr\/index.php\/wp-json\/wp\/v2\/product_cat?post=764590"},{"taxonomy":"product_tag","embeddable":true,"href":"https:\/\/roveyayinevi.com.tr\/index.php\/wp-json\/wp\/v2\/product_tag?post=764590"}],"curies":[{"name":"wp","href":"https:\/\/api.w.org\/{rel}","templated":true}]}}