{"id":764579,"date":"2025-08-28T11:14:50","date_gmt":"2025-08-28T08:14:50","guid":{"rendered":"https:\/\/roveyayinevi.com.tr\/index.php\/urun\/tantrik-cinsel-sirlar\/"},"modified":"2026-04-15T03:30:22","modified_gmt":"2026-04-15T00:30:22","slug":"tantrik-cinsel-sirlar","status":"publish","type":"product","link":"https:\/\/roveyayinevi.com.tr\/index.php\/urun\/tantrik-cinsel-sirlar\/","title":{"rendered":"Tantrik Cinsel S\u0131rlar"},"content":{"rendered":"<p>C\u0130NSELL\u0130KLE \u0130LG\u0130L\u0130 B\u0130R B\u0130LG\u0130 HAZ\u0130NES\u0130\u2026 Tantra \u00f6\u011fretilerinin s\u0131rlar\u0131n\u0131 en ince detaylar\u0131na kadar ilk defa bu kitapta sunuyorum. Elli y\u0131la yak\u0131n s\u00fcredir Almanya, Amerika ve T\u00fcrkiye gibi farkl\u0131 k\u00fclt\u00fcrlerde g\u00f6rd\u00fc\u011f\u00fcm binlerce ki\u015finin cinsel sorunlar\u0131n\u0131 \u00e7\u00f6zerken kazand\u0131\u011f\u0131m klinik deneyimleri Tantra \u00f6\u011fretisi ile harmanlayarak olu\u015fturdu\u011fum bu bilgi hazinesi, bedensel ve ruhsal b\u00fct\u00fcnl\u00fc\u011f\u00fc sa\u011flayarak cinsel ya\u015famda derin bir tatmin elde etmek isteyenlere rehber olacakt\u0131r. Dr. Akif POROY www.akifporoy.com   G\u0130ZEMLERLE DOLU C\u0130NSEL SIRLAR\u2026 Binlerce y\u0131ld\u0131r kadim bilgeli\u011fiyle cinselli\u011fi bir sanat haline getiren Tantra \u00f6\u011fretisinin s\u0131rlar\u0131n\u0131 modern d\u00fcnyan\u0131n dinamikleriyle yo\u011furan Tantrik Cinsel S\u0131rlar kitab\u0131, sadece bedensel hazla yetinmeyip ruhsal bir uyan\u0131\u015f ve b\u00fct\u00fcnl\u00fck aray\u0131\u015f\u0131nda olanlar i\u00e7in e\u015fsiz bir k\u0131lavuz&#8230; Gizemlerle dolu cinsel s\u0131rlar bedeninizin ve ruhunuzun derinliklerinde sizi bekliyor\u2026 Dr. Cem KE\u00c7E www.cemkece.com.tr   A\u015eK \u00d6\u011eREN\u0130LEMEZ AMA C\u0130NSELL\u0130K \u00d6\u011eREN\u0130L\u0130R\u2026 Tantrik Cinsel S\u0131rlar ile cinselli\u011fin fiziksel s\u0131n\u0131rlar\u0131n\u0131 a\u015farak ruhsal bir d\u00f6n\u00fc\u015f\u00fcm ya\u015faman\u0131n yollar\u0131n\u0131 ke\u015ffedecek, partnerinizle aran\u0131zdaki ba\u011f\u0131 g\u00fc\u00e7lendirecek pratikler \u00f6\u011frenecek ve Tantra\u2019n\u0131n kadim s\u0131rlar\u0131yla tan\u0131\u015facaks\u0131n\u0131z. Bu de\u011ferli kaynak, ya\u015fam\u0131n en temel g\u00fcc\u00fc olan cinselli\u011fi tatmin edici bir zenginlikle ya\u015faman\u0131z\u0131 m\u00fcmk\u00fcn k\u0131lacak. Cinsel Sa\u011fl\u0131k Dernekleri Federasyonu (C\u0130SEF) www.cisef.org.tr   <\/p>\n","protected":false},"excerpt":{"rendered":"<p>C\u0130NSELL\u0130KLE \u0130LG\u0130L\u0130 B\u0130R B\u0130LG\u0130 HAZ\u0130NES\u0130\u2026 Tantra \u00f6\u011fretilerinin s\u0131rlar\u0131n\u0131 en ince detaylar\u0131na kadar ilk defa bu kitapta sunuyorum. Elli y\u0131la yak\u0131n s\u00fcredir Almanya, Amerika ve T\u00fcrkiye gibi<span class=\"excerpt-hellip\"> [\u2026]<\/span><\/p>\n","protected":false},"featured_media":0,"template":"","meta":{"_monsterinsights_skip_tracking":false,"_monsterinsights_sitenote_active":false,"_monsterinsights_sitenote_note":"","_monsterinsights_sitenote_category":0},"product_brand":[],"product_cat":[35288,13365],"product_tag":[],"class_list":{"0":"post-764579","1":"product","2":"type-product","3":"status-publish","5":"product_cat-cinsellik-saglik","6":"product_cat-saglik","7":"pa_cilt-ciltsiz","8":"pa_tur-kitap","9":"pa_yayinevi-pusula-yayinevi-ankara","10":"pa_yazar-akif-poroy","12":"first","13":"instock","14":"sale","15":"shipping-taxable","16":"purchasable","17":"product-type-simple"},"_links":{"self":[{"href":"https:\/\/roveyayinevi.com.tr\/index.php\/wp-json\/wp\/v2\/product\/764579","targetHints":{"allow":["GET"]}}],"collection":[{"href":"https:\/\/roveyayinevi.com.tr\/index.php\/wp-json\/wp\/v2\/product"}],"about":[{"href":"https:\/\/roveyayinevi.com.tr\/index.php\/wp-json\/wp\/v2\/types\/product"}],"wp:attachment":[{"href":"https:\/\/roveyayinevi.com.tr\/index.php\/wp-json\/wp\/v2\/media?parent=764579"}],"wp:term":[{"taxonomy":"product_brand","embeddable":true,"href":"https:\/\/roveyayinevi.com.tr\/index.php\/wp-json\/wp\/v2\/product_brand?post=764579"},{"taxonomy":"product_cat","embeddable":true,"href":"https:\/\/roveyayinevi.com.tr\/index.php\/wp-json\/wp\/v2\/product_cat?post=764579"},{"taxonomy":"product_tag","embeddable":true,"href":"https:\/\/roveyayinevi.com.tr\/index.php\/wp-json\/wp\/v2\/product_tag?post=764579"}],"curies":[{"name":"wp","href":"https:\/\/api.w.org\/{rel}","templated":true}]}}