{"id":764577,"date":"2025-08-28T11:14:47","date_gmt":"2025-08-28T08:14:47","guid":{"rendered":"https:\/\/roveyayinevi.com.tr\/index.php\/urun\/nighshift-ciltli\/"},"modified":"2026-04-15T03:30:22","modified_gmt":"2026-04-15T00:30:22","slug":"nighshift-ciltli","status":"publish","type":"product","link":"https:\/\/roveyayinevi.com.tr\/index.php\/urun\/nighshift-ciltli\/","title":{"rendered":"Nighshift (Ciltli)"},"content":{"rendered":"<p>\u201cM.K. Perker\u2019in sanatsal sunumlar\u0131ndan olu\u015fan bu zengin derleme, derinlikli ve esprili kavramsal ill\u00fcstrasyonlardan titizlikle i\u015flenmi\u015f ve zaman zaman y\u0131k\u0131c\u0131 Victoria tarz\u0131 \u00e7izgi \u00e7al\u0131\u015fmalar\u0131na kadar, onun bu sanat dal\u0131ndaki e\u015fsiz ustal\u0131\u011f\u0131n\u0131 sergiliyor. \u0130ster karanl\u0131k tuhaf bir ruhu ister d\u00fc\u015f\u00fcnceli bir tonu \u00e7a\u011fr\u0131\u015ft\u0131rs\u0131n, bu \u00e7izimlerin, Perker\u2019in t\u00fcm eserlerinde bulunan ve sizi sadece ona bakmakla bile daha zengin k\u0131lan bir insani taraf\u0131 var. Ger\u00e7ekten m\u00fcthi\u015f!\u201d -Karen Berger <\/p>\n","protected":false},"excerpt":{"rendered":"<p>\u201cM.K. Perker\u2019in sanatsal sunumlar\u0131ndan olu\u015fan bu zengin derleme, derinlikli ve esprili kavramsal ill\u00fcstrasyonlardan titizlikle i\u015flenmi\u015f ve zaman zaman y\u0131k\u0131c\u0131 Victoria tarz\u0131 \u00e7izgi \u00e7al\u0131\u015fmalar\u0131na kadar, onun bu<span class=\"excerpt-hellip\"> [\u2026]<\/span><\/p>\n","protected":false},"featured_media":0,"template":"","meta":{"_monsterinsights_skip_tracking":false,"_monsterinsights_sitenote_active":false,"_monsterinsights_sitenote_note":"","_monsterinsights_sitenote_category":0},"product_brand":[],"product_cat":[12408],"product_tag":[],"class_list":{"0":"post-764577","1":"product","2":"type-product","3":"status-publish","5":"product_cat-sanat","6":"pa_cilt-ciltli","7":"pa_tur-kitap","8":"pa_yayinevi-kara-karga-yayinlari","9":"pa_yazar-m-k-perker","11":"first","12":"instock","13":"sale","14":"shipping-taxable","15":"purchasable","16":"product-type-simple"},"_links":{"self":[{"href":"https:\/\/roveyayinevi.com.tr\/index.php\/wp-json\/wp\/v2\/product\/764577","targetHints":{"allow":["GET"]}}],"collection":[{"href":"https:\/\/roveyayinevi.com.tr\/index.php\/wp-json\/wp\/v2\/product"}],"about":[{"href":"https:\/\/roveyayinevi.com.tr\/index.php\/wp-json\/wp\/v2\/types\/product"}],"wp:attachment":[{"href":"https:\/\/roveyayinevi.com.tr\/index.php\/wp-json\/wp\/v2\/media?parent=764577"}],"wp:term":[{"taxonomy":"product_brand","embeddable":true,"href":"https:\/\/roveyayinevi.com.tr\/index.php\/wp-json\/wp\/v2\/product_brand?post=764577"},{"taxonomy":"product_cat","embeddable":true,"href":"https:\/\/roveyayinevi.com.tr\/index.php\/wp-json\/wp\/v2\/product_cat?post=764577"},{"taxonomy":"product_tag","embeddable":true,"href":"https:\/\/roveyayinevi.com.tr\/index.php\/wp-json\/wp\/v2\/product_tag?post=764577"}],"curies":[{"name":"wp","href":"https:\/\/api.w.org\/{rel}","templated":true}]}}