{"id":764568,"date":"2025-08-28T11:14:29","date_gmt":"2025-08-28T08:14:29","guid":{"rendered":"https:\/\/roveyayinevi.com.tr\/index.php\/urun\/fantom-etkisi-serisi-ikili-kutulu-set-ciltli-kutulu\/"},"modified":"2026-04-15T03:30:22","modified_gmt":"2026-04-15T00:30:22","slug":"fantom-etkisi-serisi-ikili-kutulu-set-ciltli-kutulu","status":"publish","type":"product","link":"https:\/\/roveyayinevi.com.tr\/index.php\/urun\/fantom-etkisi-serisi-ikili-kutulu-set-ciltli-kutulu\/","title":{"rendered":"Fantom Etkisi Serisi \u0130kili Kutulu Set (Ciltli &#8211; Kutulu)"},"content":{"rendered":"<p>Fantom Etkisi serisi iki kitaptan olu\u015fmaktad\u0131r. S\u0131ras\u0131yla Fantom Etkisi Do\u011fa D\u00f6n\u00fcyor ve Fantom Etkisi \u00d6l\u00fcm\u00fcn Kalbi serinin kitaplar\u0131d\u0131r.Alessia, yirmili ya\u015flarda g\u00f6r\u00fcnse de asl\u0131nda binlerce y\u0131l \u00f6nce do\u011fmu\u015f Ya\u015fam Kan\u0131\u2019d\u0131r. G\u00fcn\u00fcn birinde onu Do\u011fa Ana yapan b\u00fcy\u00fcs\u00fcn\u00fc ke\u015ffeder ve evinin zemininde a\u00e7\u0131lan bir delikten a\u015fa\u011f\u0131 kirli, sefil ve kurtar\u0131lmaya muhta\u00e7 olan Araf\u2019a d\u00fc\u015fer.M\u00fcphem, Ambrose\u2019un g\u00fcnl\u00fc\u011f\u00fcn\u00fc bulup Araf\u2019\u0131 kurtarmaya yemin etmi\u015f \u00f6l\u00fcmc\u00fcl dokunu\u015flu Azrail\u2019dir ve bu y\u00fczden eldivenlerini asla \u00e7\u0131karmamaktad\u0131r. Alessia\u2019n\u0131n teniyse eldivenleri yokken dokunabildi\u011fi tek tendir.Alessia ve M\u00fcphem\u2019in do\u011fa\u00fcst\u00fc yolculu\u011funa davetlisiniz!<\/p>\n","protected":false},"excerpt":{"rendered":"<p>Fantom Etkisi serisi iki kitaptan olu\u015fmaktad\u0131r. S\u0131ras\u0131yla Fantom Etkisi Do\u011fa D\u00f6n\u00fcyor ve Fantom Etkisi \u00d6l\u00fcm\u00fcn Kalbi serinin kitaplar\u0131d\u0131r.Alessia, yirmili ya\u015flarda g\u00f6r\u00fcnse de asl\u0131nda binlerce y\u0131l \u00f6nce<span class=\"excerpt-hellip\"> [\u2026]<\/span><\/p>\n","protected":false},"featured_media":0,"template":"","meta":{"_monsterinsights_skip_tracking":false,"_monsterinsights_sitenote_active":false,"_monsterinsights_sitenote_note":"","_monsterinsights_sitenote_category":0},"product_brand":[],"product_cat":[12291,14777],"product_tag":[],"class_list":{"0":"post-764568","1":"product","2":"type-product","3":"status-publish","5":"product_cat-edebiyat","6":"product_cat-fantastik","7":"pa_cilt-ciltli","8":"pa_tur-kitap","9":"pa_yayinevi-artemis-yayinlari","10":"pa_yazar-selin-solaris","12":"first","13":"instock","14":"sale","15":"shipping-taxable","16":"purchasable","17":"product-type-simple"},"_links":{"self":[{"href":"https:\/\/roveyayinevi.com.tr\/index.php\/wp-json\/wp\/v2\/product\/764568","targetHints":{"allow":["GET"]}}],"collection":[{"href":"https:\/\/roveyayinevi.com.tr\/index.php\/wp-json\/wp\/v2\/product"}],"about":[{"href":"https:\/\/roveyayinevi.com.tr\/index.php\/wp-json\/wp\/v2\/types\/product"}],"wp:attachment":[{"href":"https:\/\/roveyayinevi.com.tr\/index.php\/wp-json\/wp\/v2\/media?parent=764568"}],"wp:term":[{"taxonomy":"product_brand","embeddable":true,"href":"https:\/\/roveyayinevi.com.tr\/index.php\/wp-json\/wp\/v2\/product_brand?post=764568"},{"taxonomy":"product_cat","embeddable":true,"href":"https:\/\/roveyayinevi.com.tr\/index.php\/wp-json\/wp\/v2\/product_cat?post=764568"},{"taxonomy":"product_tag","embeddable":true,"href":"https:\/\/roveyayinevi.com.tr\/index.php\/wp-json\/wp\/v2\/product_tag?post=764568"}],"curies":[{"name":"wp","href":"https:\/\/api.w.org\/{rel}","templated":true}]}}