{"id":764561,"date":"2025-08-28T11:14:16","date_gmt":"2025-08-28T08:14:16","guid":{"rendered":"https:\/\/roveyayinevi.com.tr\/index.php\/urun\/hic-bitmeyen-sey\/"},"modified":"2026-04-15T03:30:22","modified_gmt":"2026-04-15T00:30:22","slug":"hic-bitmeyen-sey","status":"publish","type":"product","link":"https:\/\/roveyayinevi.com.tr\/index.php\/urun\/hic-bitmeyen-sey\/","title":{"rendered":"Hi\u00e7 Bitmeyen \u015eey"},"content":{"rendered":"<p>Bazen her \u015fey h\u0131zl\u0131ca biter&#8230;\u2022 Mesela kurabiyeler&#8230;\u2022 Bazen evde s\u00fct biter&#8230;\u2022 Kirli \u00e7ama\u015f\u0131rlar da\u011f gibi birikti\u011finde bazen bir tane bile temiz \u00e7orap bulamazs\u0131n.\u2022 Bazen paran biter. Zaman\u0131n biter. Hatta enerjin bile biter.Ama&#8230; Bitmeyen, asla ama asla t\u00fckenmeyen bir \u015fey var: sevgi&#8230;Hayat\u0131m\u0131zdaki en de\u011ferli \u015feyi, sevgiyi anlatan, y\u00fcre\u011finize dokunacak tatl\u0131 m\u0131 tatl\u0131 bir \u00f6yk\u00fc&#8230;<\/p>\n","protected":false},"excerpt":{"rendered":"<p>Bazen her \u015fey h\u0131zl\u0131ca biter&#8230;\u2022 Mesela kurabiyeler&#8230;\u2022 Bazen evde s\u00fct biter&#8230;\u2022 Kirli \u00e7ama\u015f\u0131rlar da\u011f gibi birikti\u011finde bazen bir tane bile temiz \u00e7orap bulamazs\u0131n.\u2022 Bazen paran biter.<span class=\"excerpt-hellip\"> [\u2026]<\/span><\/p>\n","protected":false},"featured_media":0,"template":"","meta":{"_monsterinsights_skip_tracking":false,"_monsterinsights_sitenote_active":false,"_monsterinsights_sitenote_note":"","_monsterinsights_sitenote_category":0},"product_brand":[],"product_cat":[12274,12518],"product_tag":[],"class_list":{"0":"post-764561","1":"product","2":"type-product","3":"status-publish","5":"product_cat-cocuk-ve-genclik-kitaplari","6":"product_cat-okul-oncesi-kitaplar","7":"pa_cilt-ciltsiz","8":"pa_tur-kitap","9":"pa_yayinevi-altin-kitaplar-cocuk-kitaplari","10":"pa_yazar-helen-docherty","12":"first","13":"instock","14":"sale","15":"shipping-taxable","16":"purchasable","17":"product-type-simple"},"_links":{"self":[{"href":"https:\/\/roveyayinevi.com.tr\/index.php\/wp-json\/wp\/v2\/product\/764561","targetHints":{"allow":["GET"]}}],"collection":[{"href":"https:\/\/roveyayinevi.com.tr\/index.php\/wp-json\/wp\/v2\/product"}],"about":[{"href":"https:\/\/roveyayinevi.com.tr\/index.php\/wp-json\/wp\/v2\/types\/product"}],"wp:attachment":[{"href":"https:\/\/roveyayinevi.com.tr\/index.php\/wp-json\/wp\/v2\/media?parent=764561"}],"wp:term":[{"taxonomy":"product_brand","embeddable":true,"href":"https:\/\/roveyayinevi.com.tr\/index.php\/wp-json\/wp\/v2\/product_brand?post=764561"},{"taxonomy":"product_cat","embeddable":true,"href":"https:\/\/roveyayinevi.com.tr\/index.php\/wp-json\/wp\/v2\/product_cat?post=764561"},{"taxonomy":"product_tag","embeddable":true,"href":"https:\/\/roveyayinevi.com.tr\/index.php\/wp-json\/wp\/v2\/product_tag?post=764561"}],"curies":[{"name":"wp","href":"https:\/\/api.w.org\/{rel}","templated":true}]}}