{"id":764560,"date":"2025-08-28T11:14:14","date_gmt":"2025-08-28T08:14:14","guid":{"rendered":"https:\/\/roveyayinevi.com.tr\/index.php\/urun\/mavi-tavsan\/"},"modified":"2026-04-15T03:30:22","modified_gmt":"2026-04-15T00:30:22","slug":"mavi-tavsan","status":"publish","type":"product","link":"https:\/\/roveyayinevi.com.tr\/index.php\/urun\/mavi-tavsan\/","title":{"rendered":"Mavi Tav\u015fan"},"content":{"rendered":"<p>\u201cNe zaman, Bosna\u2019n\u0131n \u00e7aresiz annelerinin \u00f6pmeye doyamad\u0131\u011f\u0131 cennet kokulu \u00e7ocuklar\u0131n\u0131n yerine, \u015fimdi Bosna\u2019n\u0131n her yerinde kutsal birer an\u0131t gibi dikili olan, binlerce so\u011fuk mermer mezar ta\u015flar\u0131n\u0131 \u00f6pt\u00fckleri akl\u0131ma gelse i\u00e7i kan a\u011flayan bir dilhun olurum. Sonra Bosna\u2019m diye lal olmu\u015f meftun bir semazen gibi ar\u015f\u2019\u0131n \u00fcst\u00fcnde yana yana d\u00f6nerim. D\u00f6nd\u00fck\u00e7e Bosna\u2019da katledilen ve cennetin kap\u0131s\u0131nda bekle\u015fen \u00f6ks\u00fcz, yetim \u00e7ocuklar\u0131n \u00e7aresiz \u00e7\u0131\u011fl\u0131klar\u0131 i\u00e7imde kor olup kalbimi da\u011flar. Ve kalbimdeki b\u00fct\u00fcn melekler Bosna\u2019n\u0131n mazlumlar\u0131n\u0131n ah\u0131 bu d\u00fcnyadan \u00e7\u0131kmadan cennetin kap\u0131lar\u0131 a\u00e7\u0131lmayacak diye sessizce a\u011fla\u015f\u0131rlar ar\u015ftan yery\u00fcz\u00fcne.  Affet beni Bosna\u2019m \u00e7ok \u00fczg\u00fcn\u00fcm! Yeti\u015femedi\u011fim i\u00e7in sana\u2026\u201d \u0130smail Alaca\u2019n\u0131n kaleminden Bosna\u2019dan \u0130stanbul\u2019a bir anne-k\u0131z \u00f6yk\u00fcs\u00fc. <\/p>\n","protected":false},"excerpt":{"rendered":"<p>\u201cNe zaman, Bosna\u2019n\u0131n \u00e7aresiz annelerinin \u00f6pmeye doyamad\u0131\u011f\u0131 cennet kokulu \u00e7ocuklar\u0131n\u0131n yerine, \u015fimdi Bosna\u2019n\u0131n her yerinde kutsal birer an\u0131t gibi dikili olan, binlerce so\u011fuk mermer mezar ta\u015flar\u0131n\u0131<span class=\"excerpt-hellip\"> [\u2026]<\/span><\/p>\n","protected":false},"featured_media":0,"template":"","meta":{"_monsterinsights_skip_tracking":false,"_monsterinsights_sitenote_active":false,"_monsterinsights_sitenote_note":"","_monsterinsights_sitenote_category":0},"product_brand":[],"product_cat":[12291,12711],"product_tag":[],"class_list":{"0":"post-764560","1":"product","2":"type-product","3":"status-publish","5":"product_cat-edebiyat","6":"product_cat-roman-oyku","7":"pa_cilt-ciltsiz","8":"pa_tur-kitap","9":"pa_yayinevi-pars-yayinlari","10":"pa_yazar-ismail-alaca","12":"first","13":"instock","14":"sale","15":"shipping-taxable","16":"purchasable","17":"product-type-simple"},"_links":{"self":[{"href":"https:\/\/roveyayinevi.com.tr\/index.php\/wp-json\/wp\/v2\/product\/764560","targetHints":{"allow":["GET"]}}],"collection":[{"href":"https:\/\/roveyayinevi.com.tr\/index.php\/wp-json\/wp\/v2\/product"}],"about":[{"href":"https:\/\/roveyayinevi.com.tr\/index.php\/wp-json\/wp\/v2\/types\/product"}],"wp:attachment":[{"href":"https:\/\/roveyayinevi.com.tr\/index.php\/wp-json\/wp\/v2\/media?parent=764560"}],"wp:term":[{"taxonomy":"product_brand","embeddable":true,"href":"https:\/\/roveyayinevi.com.tr\/index.php\/wp-json\/wp\/v2\/product_brand?post=764560"},{"taxonomy":"product_cat","embeddable":true,"href":"https:\/\/roveyayinevi.com.tr\/index.php\/wp-json\/wp\/v2\/product_cat?post=764560"},{"taxonomy":"product_tag","embeddable":true,"href":"https:\/\/roveyayinevi.com.tr\/index.php\/wp-json\/wp\/v2\/product_tag?post=764560"}],"curies":[{"name":"wp","href":"https:\/\/api.w.org\/{rel}","templated":true}]}}