{"id":764554,"date":"2025-08-28T11:14:06","date_gmt":"2025-08-28T08:14:06","guid":{"rendered":"https:\/\/roveyayinevi.com.tr\/index.php\/urun\/kendi-kendine-es-ve-aile-terapisi\/"},"modified":"2026-04-15T03:30:22","modified_gmt":"2026-04-15T00:30:22","slug":"kendi-kendine-es-ve-aile-terapisi","status":"publish","type":"product","link":"https:\/\/roveyayinevi.com.tr\/index.php\/urun\/kendi-kendine-es-ve-aile-terapisi\/","title":{"rendered":"Kendi Kendine E\u015f ve Aile Terapisi"},"content":{"rendered":"<p>E\u015e VE A\u0130LE MUTLULU\u011eUNUN \u015e\u0130FRES\u0130   Hi\u00e7bir beyefendi ve han\u0131mefendi, kendili\u011finden \u201cefendi\u201d olamaz. Aile i\u00e7inde, beyefendiyi beyefendi yapan da han\u0131mefendiyi han\u0131mefendi yapan da e\u015fidir. E\u015flerin ev i\u00e7indeki k\u0131yafetleri, giyim ku\u015famlar\u0131, birbirlerine hitaplar\u0131, kendi aralar\u0131ndaki ileti\u015fim \u015fekilleri ya onlar\u0131 birbirine kenetler ya da onlar\u0131 birbirlerinden kopar\u0131r. Evin i\u00e7indeki beyefendinin beyefendili\u011fi, e\u015finin han\u0131mefendili\u011fi kadard\u0131r. Ayn\u0131 \u015fekilde, evin i\u00e7indeki bir han\u0131mefendinin de han\u0131mefendili\u011fi, e\u015finin beyefendili\u011fi kadard\u0131r.   Yani \u201cefendilik\u201d s\u0131fat\u0131, en az\u0131ndan birinde s\u00fcrekli olarak bulunmazsa di\u011fer e\u015fte de efendilik s\u0131fat\u0131 olu\u015fmayabilir.<\/p>\n","protected":false},"excerpt":{"rendered":"<p>E\u015e VE A\u0130LE MUTLULU\u011eUNUN \u015e\u0130FRES\u0130 Hi\u00e7bir beyefendi ve han\u0131mefendi, kendili\u011finden \u201cefendi\u201d olamaz. Aile i\u00e7inde, beyefendiyi beyefendi yapan da han\u0131mefendiyi han\u0131mefendi yapan da e\u015fidir. E\u015flerin ev i\u00e7indeki<span class=\"excerpt-hellip\"> [\u2026]<\/span><\/p>\n","protected":false},"featured_media":0,"template":"","meta":{"_monsterinsights_skip_tracking":false,"_monsterinsights_sitenote_active":false,"_monsterinsights_sitenote_note":"","_monsterinsights_sitenote_category":0},"product_brand":[],"product_cat":[12357],"product_tag":[],"class_list":{"0":"post-764554","1":"product","2":"type-product","3":"status-publish","5":"product_cat-psikoloji","6":"pa_cilt-ciltsiz","7":"pa_tur-kitap","8":"pa_yayinevi-peta-kitap","9":"pa_yazar-yasar-kuru","11":"first","12":"instock","13":"sale","14":"shipping-taxable","15":"purchasable","16":"product-type-simple"},"_links":{"self":[{"href":"https:\/\/roveyayinevi.com.tr\/index.php\/wp-json\/wp\/v2\/product\/764554","targetHints":{"allow":["GET"]}}],"collection":[{"href":"https:\/\/roveyayinevi.com.tr\/index.php\/wp-json\/wp\/v2\/product"}],"about":[{"href":"https:\/\/roveyayinevi.com.tr\/index.php\/wp-json\/wp\/v2\/types\/product"}],"wp:attachment":[{"href":"https:\/\/roveyayinevi.com.tr\/index.php\/wp-json\/wp\/v2\/media?parent=764554"}],"wp:term":[{"taxonomy":"product_brand","embeddable":true,"href":"https:\/\/roveyayinevi.com.tr\/index.php\/wp-json\/wp\/v2\/product_brand?post=764554"},{"taxonomy":"product_cat","embeddable":true,"href":"https:\/\/roveyayinevi.com.tr\/index.php\/wp-json\/wp\/v2\/product_cat?post=764554"},{"taxonomy":"product_tag","embeddable":true,"href":"https:\/\/roveyayinevi.com.tr\/index.php\/wp-json\/wp\/v2\/product_tag?post=764554"}],"curies":[{"name":"wp","href":"https:\/\/api.w.org\/{rel}","templated":true}]}}